000
CXUS53 KARX 010900
CF6CCY
PRELIMINARY LOCAL CLIMATOLOGICAL DATA (WS FORM: F-6)
STATION: CHARLES_CITY IA
MONTH: OCTOBER
YEAR: 2022
LATITUDE: 43 4 N
LONGITUDE: 92 37 W
TEMPERATURE IN F: :PCPN: SNOW: WIND :SUNSHINE: SKY :PK WND
================================================================================
1 2 3 4 5 6A 6B 7 8 9 10 11 12 13 14 15 16 17 18
12Z AVG MX 2MIN
DY MAX MIN AVG DEP HDD CDD WTR SNW DPTH SPD SPD DIR MIN PSBL S-S WX SPD DR
================================================================================
1 72 50 61 6 4 0 0.00 0.0 0 6.0 15 80 M M 6 17 70
2 73 48 61 6 4 0 0.00 0.0 0 6.1 10 140 M M 3 16 110
3 73 50 62 7 3 0 0.00 0.0 0 8.0 10 130 M M 1 16 180
4 73 46 60 6 5 0 0.00 0.0 0 7.8 13 160 M M 0 17 180
5 64 50 57 3 8 0 0.02 0.0 0 5.4 8 240 M M 6 12 17 240
6 63 39 51 -3 14 0 0.00 0.0 0 10.3 24 340 M M 4 12 35 10
7 52 32 42 -11 23 0 0.00 0.0 0 6.7 10 310 M M 4 15 360
8 61 28 45 -8 20 0 0.00 0.0 0 8.4 16 260 M M 0 27 240
9 70 36 53 1 12 0 0.00 0.0 0 8.3 15 310 M M 1 23 290
10 75 37 56 4 9 0 0.00 0.0 0 7.9 16 170 M M 0 8 22 220
11 75 50 63 11 2 0 0.00 0.0 0 13.8 22 180 M M 3 35 190
12 64 41 53 2 12 0 0.05 0.0 0 12.7 29 290 M M 5 38 290
13 45 30 38 -13 27 0 0.00 0.0 0 11.7 20 300 M M 6 31 300
14 45 27 36 -14 29 0 0.00 0.0 0 9.2 17 320 M M 7 25 320
15 61 27 44 -6 21 0 0.00 0.0 0 10.5 20 250 M M 1 29 230
16 48 34 41 -9 24 0 0.00 0.0 0 13.3 21 310 M M 7 31 310
17 39 25 32 -17 33 0 0.00 0.0 0 14.7 22 350 M M 2 30 350
18 43 21 32 -17 33 0 0.00 0.0 0 12.9 21 350 M M 0 8 29 320
19 46 18 32 -17 33 0 0.00 0.0 0 7.6 14 270 M M 1 22 300
20 64 30 47 -1 18 0 0.00 0.0 0 6.3 12 330 M M 1 18 300
21 73 37 55 7 10 0 0.00 0.0 0 8.2 13 260 M M 0 8 13 260
22 81 46 64 16 1 0 0.00 0.0 0 12.6 18 170 M M 0 8 28 180
23 75 57 66 19 0 1 0.00 0.0 0 19.4 27 160 M M 2 38 160
24 68 43 56 9 9 0 0.52 0.0 0 12.9 21 160 M M 7 30 150
25 45 32 39 -7 26 0 0.00 0.0 0 8.8 16 330 M M 2 24 330
26 52 28 40 -6 25 0 0.00 0.0 0 6.2 14 340 M M 1 14 320
27 55 39 47 1 18 0 0.00 0.0 0 10.1 16 150 M M 8 21 140
28 59 34 47 2 18 0 0.00 0.0 0 7.0 10 180 M M 0 1 14 190
29 64 36 50 5 15 0 0.00 0.0 0 7.3 12 190 M M 0 15 160
30 61 41 51 7 14 0 0.00 0.0 0 3.6 7 140 M M 6 M M
31 64 36 50 6 15 0 0.00 0.0 0 5.3 9 290 M M 0 1 12 320
================================================================================
SM 1903 1148 485 1 0.59 0.0 289.0 M 84
================================================================================
AV 61.4 37.0 9.3 FASTST M M 3 MAX(MPH)
MISC ----> 29 290 # 38 290
================================================================================
NOTES:
# LAST OF SEVERAL OCCURRENCES
COLUMN 17 PEAK WIND IN M.P.H.
PRELIMINARY LOCAL CLIMATOLOGICAL DATA (WS FORM: F-6) , PAGE 2
STATION: CHARLES_CITY IA
MONTH: OCTOBER
YEAR: 2022
LATITUDE: 43 4 N
LONGITUDE: 92 37 W
[TEMPERATURE DATA] [PRECIPITATION DATA] SYMBOLS USED IN COLUMN 16
AVERAGE MONTHLY: 49.2 TOTAL FOR MONTH: 0.59 1 = FOG OR MIST
DPTR FM NORMAL: -0.5 DPTR FM NORMAL: -1.76 2 = FOG REDUCING VISIBILITY
HIGHEST: 81 ON 22 GRTST 24HR 0.52 ON 24-24 TO 1/4 MILE OR LESS
LOWEST: 18 ON 19 3 = THUNDER
SNOW, ICE PELLETS, HAIL 4 = ICE PELLETS
TOTAL MONTH: 0.0 INCH 5 = HAIL
GRTST 24HR 0.0 6 = FREEZING RAIN OR DRIZZLE
GRTST DEPTH: 0 7 = DUSTSTORM OR SANDSTORM:
VSBY 1/2 MILE OR LESS
8 = SMOKE OR HAZE
[NO. OF DAYS WITH] [WEATHER - DAYS WITH] 9 = BLOWING SNOW
X = TORNADO
MAX 32 OR BELOW: 0 0.01 INCH OR MORE: 3
MAX 90 OR ABOVE: 0 0.10 INCH OR MORE: 1
MIN 32 OR BELOW: 11 0.50 INCH OR MORE: 1
MIN 0 OR BELOW: 0 1.00 INCH OR MORE: 0
[HDD (BASE 65) ]
TOTAL THIS MO. 485 CLEAR (SCALE 0-3) 20
DPTR FM NORMAL 5 PTCLDY (SCALE 4-7) 11
TOTAL FM JUL 1 611 CLOUDY (SCALE 8-10) 0
DPTR FM NORMAL -50
[CDD (BASE 65) ]
TOTAL THIS MO. 1
DPTR FM NORMAL -5 [PRESSURE DATA]
TOTAL FM JAN 1 713 HIGHEST SLP M ON M
DPTR FM NORMAL 47 LOWEST SLP M ON M
[REMARKS]
#FINAL-10-22#