000
CXAK56 PAFC 011258
CF6CDB
PRELIMINARY LOCAL CLIMATOLOGICAL DATA (WS FORM: F-6)
STATION: COLD BAY
MONTH: OCTOBER
YEAR: 2021
LATITUDE: 55 13 N
LONGITUDE: 162 44 W
TEMPERATURE IN F: :PCPN: SNOW: WIND :SUNSHINE: SKY :PK WND
================================================================================
1 2 3 4 5 6A 6B 7 8 9 10 11 12 13 14 15 16 17 18
12Z AVG MX 2MIN
DY MAX MIN AVG DEP HDD CDD WTR SNW DPTH SPD SPD DIR MIN PSBL S-S WX SPD DR
================================================================================
1 45 36 41 -4 24 0 0.16 M M 25.7 40 310 M M 8 18 49 320
2 48 36 42 -3 23 0 0.18 M M 22.6 38 290 M M 8 1 46 290
3 49 36 43 -1 22 0 T M M 9.4 21 310 M M 9 1 26 320
4 50 36 43 -1 22 0 0.06 M M 16.9 35 150 M M 7 1 42 150
5 53 40 47 3 18 0 0.01 M M 20.1 36 180 M M 7 1 46 160
6 52 44 48 4 17 0 T M M 22.7 37 250 M M 9 1 44 250
7 53 37 45 2 20 0 0.25 M M 24.0 49 250 M M 7 18 61 150
8 48 42 45 2 20 0 0.02 M M 37.7 51 250 M M 9 18 65 250
9 48 40 44 1 21 0 0.02 M M 23.2 44 280 M M 5 8 53 280
10 51 39 45 2 20 0 0.16 M M 21.8 37 250 M M 8 1 46 250
11 46 39 43 1 22 0 0.12 M M 29.7 46 250 M M 8 158 54 280
12 50 41 46 4 19 0 0.09 M M 24.2 38 260 M M 10 1 49 250
13 43 34 39 -3 26 0 0.15 M M 21.4 38 280 M M 7 15 52 290
14 43 36 40 -2 25 0 0.23 M M 16.1 32 250 M M 8 1 41 240
15 44 33 39 -3 26 0 0.01 M M 20.1 39 310 M M 7 158 49 310
16 48 33 41 0 24 0 1.09 M M 23.6 48 150 M M 8 1 62 150
17 47 40 44 3 21 0 0.30 M M 19.0 33 330 M M 9 15 43 330
18 45 38 42 1 23 0 T M M 13.8 31 320 M M 8 18 38 320
19 44 35 40 -1 25 0 0.28 M M 20.7 40 280 M M 8 158 46 280
20 42 34 38 -2 27 0 0.09 M M 19.7 38 280 M M 8 158 45 300
21 45 36 41 1 24 0 1.13 M M 24.2 49 140 M M 9 1 63 140
22 44 38 41 1 24 0 0.87 M M 31.4 55 270 M M 10 1 66 270
23 41 36 39 -1 26 0 0.11 M M 30.9 41 310 M M 10 1 51 310
24 42 31 37 -2 28 0 T M M 11.4 28 310 M M 6 37 310
25 38 33 36 -3 29 0 0.09 M M 18.9 32 340 M M 10 1 40 340
26 42 32 37 -2 28 0 0.05 M M 19.8 33 310 M M 7 1 42 340
27 39 30 35 -4 30 0 0.34 M M 18.0 32 260 M M 8 12 38 250
28 39 28 34 -4 31 0 0.12 M M 8.8 28 240 M M 2 1 33 240
29 37 32 35 -3 30 0 0.01 M M 27.6 41 360 M M 9 1 53 10
30 37 32 35 -3 30 0 T M M 34.4 47 330 M M 10 58 330
31 42 32 37 -1 28 0 0.02 M M 15.8 33 330 M M 9 1 43 320
================================================================================
SM 1395 1109 753 0 5.96 M 673.6 M 248
================================================================================
AV 45.0 35.8 21.7 FASTST M M 8 MAX(MPH)
MISC ----> 55 270 66 270
================================================================================
NOTES:
# LAST OF SEVERAL OCCURRENCES
COLUMN 17 PEAK WIND IN M.P.H.
PRELIMINARY LOCAL CLIMATOLOGICAL DATA (WS FORM: F-6) , PAGE 2
STATION: COLD BAY
MONTH: OCTOBER
YEAR: 2021
LATITUDE: 55 13 N
LONGITUDE: 162 44 W
[TEMPERATURE DATA] [PRECIPITATION DATA] SYMBOLS USED IN COLUMN 16
AVERAGE MONTHLY: 40.4 TOTAL FOR MONTH: 5.96 1 = FOG OR MIST
DPTR FM NORMAL: -0.9 DPTR FM NORMAL: 1.03 2 = FOG REDUCING VISIBILITY
HIGHEST: 53 ON 7, 5 GRTST 24HR 1.31 ON 21-22 TO 1/4 MILE OR LESS
LOWEST: 28 ON 28 3 = THUNDER
SNOW, ICE PELLETS, HAIL 4 = ICE PELLETS
TOTAL MONTH: M 5 = HAIL
GRTST 24HR M ON M 6 = FREEZING RAIN OR DRIZZLE
GRTST DEPTH: M ON M 7 = DUSTSTORM OR SANDSTORM:
VSBY 1/2 MILE OR LESS
8 = SMOKE OR HAZE
[NO. OF DAYS WITH] [WEATHER - DAYS WITH] 9 = BLOWING SNOW
X = TORNADO
MAX 32 OR BELOW: 0 0.01 INCH OR MORE: 26
MAX 90 OR ABOVE: 0 0.10 INCH OR MORE: 15
MIN 32 OR BELOW: 7 0.50 INCH OR MORE: 3
MIN 0 OR BELOW: 0 1.00 INCH OR MORE: 2
[HDD (BASE 65) ]
TOTAL THIS MO. 753 CLEAR (SCALE 0-3) 1
DPTR FM NORMAL 18 PTCLDY (SCALE 4-7) 15
TOTAL FM JUL 1 1950 CLOUDY (SCALE 8-10) 15
DPTR FM NORMAL -83
[CDD (BASE 65) ]
TOTAL THIS MO. 0
DPTR FM NORMAL 0 [PRESSURE DATA]
TOTAL FM JAN 1 0 HIGHEST SLP 30.34 ON 3
DPTR FM NORMAL 0 LOWEST SLP 28.30 ON 22
[REMARKS]
#FINAL-10-21#