000
CXUS56 KSLC 280806
CF6CDC
PRELIMINARY LOCAL CLIMATOLOGICAL DATA (WS FORM: F-6)
STATION: CEDAR CITY UT
MONTH: FEBRUARY
YEAR: 2021
LATITUDE: 37 42 N
LONGITUDE: 113 6 W
TEMPERATURE IN F: :PCPN: SNOW: WIND :SUNSHINE: SKY :PK WND
================================================================================
1 2 3 4 5 6A 6B 7 8 9 10 11 12 13 14 15 16 17 18
12Z AVG MX 2MIN
DY MAX MIN AVG DEP HDD CDD WTR SNW DPTH SPD SPD DIR MIN PSBL S-S WX SPD DR
================================================================================
1 48 28 38 8 27 0 0.00 M M 6.1 20 200 M M 6 24 200
2 57 35 46 15 19 0 0.00 M M 11.1 24 210 M M 2 29 230
3 56 28 42 11 23 0 0.00 M M 14.5 26 240 M M 2 32 240
4 39 19 29 -2 36 0 0.00 M M 8.5 20 40 M M 1 25 350
5 53 16 35 4 30 0 0.00 M M 7.5 22 60 M M 1 27 50
6 54 21 38 7 27 0 0.00 M M 5.6 15 220 M M 0 18 220
7 57 28 43 11 22 0 0.00 M M 8.2 15 300 M M 0 18 280
8 58 31 45 13 20 0 0.00 M M 9.6 20 220 M M 3 24 220
9 51 36 44 12 21 0 0.02 M M 8.2 20 220 M M 9 8 32 230
10 53 32 43 11 22 0 0.00 M M 3.5 9 150 M M 5 1 14 60
11 56 25 41 9 24 0 0.00 M M 7.7 21 220 M M 1 27 220
12 53 34 44 11 21 0 T M M 7.1 25 200 M M 6 29 200
13 44 30 37 4 28 0 0.14 M M 11.2 26 360 M M 8 13 35 200
14 34 23 29 -4 36 0 0.00 M M 11.3 18 40 M M 7 24 20
15 46 22 34 1 31 0 0.01 M M 10.5 24 210 M M 6 1 30 210
16 41 27 34 0 31 0 0.06 M M 5.7 23 60 M M 8 1 29 60
17 33 17 25 -9 40 0 T M M 9.5 26 10 M M 6 128 35 20
18 38 13 26 -8 39 0 0.00 M M 6.1 17 10 M M 1 23 20
19 55 26 41 7 24 0 0.00 M M 8.2 21 240 M M 4 25 230
20 48 22 35 1 30 0 T M M 9.0 24 350 M M 4 18 30 330
21 43 16 30 -5 35 0 0.00 M M 7.7 17 40 M M 1 22 40
22 52 20 36 1 29 0 0.00 M M 3.5 15 350 M M 0 19 350
23 56 20 38 3 27 0 0.00 M M 6.1 20 360 M M 0 26 10
24 54 16 35 -1 30 0 T M M 10.6 29 10 M M 3 18 37 10
25 38 12 25 -11 40 0 0.00 M M 8.1 18 10 M M 1 21 350
26 53 12 33 -3 32 0 0.00 M M 10.5 26 340 M M 1 34 320
27 38 17 28 -8 37 0 T M M 7.8 29 300 M M 5 36 290
================================================================================
SM 1308 626 781 0 0.23 M 223.4 M 91
================================================================================
AV 48.4 23.2 8.3 FASTST M M 3 MAX(MPH)
MISC ----> # 29 10 37 10
================================================================================
NOTES:
# LAST OF SEVERAL OCCURRENCES
COLUMN 17 PEAK WIND IN M.P.H.
PRELIMINARY LOCAL CLIMATOLOGICAL DATA (WS FORM: F-6) , PAGE 2
STATION: CEDAR CITY UT
MONTH: FEBRUARY
YEAR: 2021
LATITUDE: 37 42 N
LONGITUDE: 113 6 W
[TEMPERATURE DATA] [PRECIPITATION DATA] SYMBOLS USED IN COLUMN 16
AVERAGE MONTHLY: 35.8 TOTAL FOR MONTH: 0.23 1 = FOG OR MIST
DPTR FM NORMAL: 2.6 DPTR FM NORMAL: -0.73 2 = FOG REDUCING VISIBILITY
HIGHEST: 58 ON 8 GRTST 24HR 0.14 ON 13-13 TO 1/4 MILE OR LESS
LOWEST: 12 ON 26,25 3 = THUNDER
SNOW, ICE PELLETS, HAIL 4 = ICE PELLETS
TOTAL MONTH: M 5 = HAIL
GRTST 24HR M ON M 6 = FREEZING RAIN OR DRIZZLE
GRTST DEPTH: M ON M 7 = DUSTSTORM OR SANDSTORM:
VSBY 1/2 MILE OR LESS
8 = SMOKE OR HAZE
[NO. OF DAYS WITH] [WEATHER - DAYS WITH] 9 = BLOWING SNOW
X = TORNADO
MAX 32 OR BELOW: 0 0.01 INCH OR MORE: 4
MAX 90 OR ABOVE: 0 0.10 INCH OR MORE: 1
MIN 32 OR BELOW: 24 0.50 INCH OR MORE: 0
MIN 0 OR BELOW: 0 1.00 INCH OR MORE: 0
[HDD (BASE 65) ]
TOTAL THIS MO. 781 CLEAR (SCALE 0-3) 15
DPTR FM NORMAL -76 PTCLDY (SCALE 4-7) 10
TOTAL FM JUL 1 4118 CLOUDY (SCALE 8-10) 2
DPTR FM NORMAL -414
[CDD (BASE 65) ]
TOTAL THIS MO. 0
DPTR FM NORMAL 0 [PRESSURE DATA]
TOTAL FM JAN 1 0 HIGHEST SLP M ON M
DPTR FM NORMAL 0 LOWEST SLP 29.47 ON 13
[REMARKS]