000
CXUS53 KEAX 010836
CF6CDJ
PRELIMINARY LOCAL CLIMATOLOGICAL DATA (WS FORM: F-6)
STATION: CHILLICOTHE
MONTH: JANUARY
YEAR: 2024
LATITUDE: 39 49 N
LONGITUDE: 93 35 W
TEMPERATURE IN F: :PCPN: SNOW: WIND :SUNSHINE: SKY :PK WND
================================================================================
1 2 3 4 5 6A 6B 7 8 9 10 11 12 13 14 15 16 17 18
12Z AVG MX 2MIN
DY MAX MIN AVG DEP HDD CDD WTR SNW DPTH SPD SPD DIR MIN PSBL S-S WX SPD DR
================================================================================
1 37 24 31 3 34 0 0.00 M M 3.5 9 310 M M 0 14 330
2 45 22 34 6 31 0 0.00 M M 4.0 13 230 M M 0 21 240
3 43 22 33 5 32 0 0.00 M M 2.6 8 300 M M 0 12 300
4 36 26 31 3 34 0 0.00 M M 2.4 8 140 M M 0 12 50
5 37 28 33 5 32 0 0.03 M M 4.8 13 120 M M 0 18 110
6 35 31 33 5 32 0 0.04 M M 3.2 10 270 M M 0 19 310
7 34 30 32 4 33 0 0.00 M M 5.0 13 300 M M 0 25 310
8 39 32 36 9 29 0 0.61 M M 8.1 14 100 M M 0 24 90
9 33 23 28 1 37 0 0.70 M M 9.4 20 310 M M 0 36 320
10 34 12 23 -4 42 0 0.00 M M 5.0 14 300 M M 0 20 290
11 35 23 29 2 36 0 0.02 M M 6.6 18 40 M M 0 27 30
12 27 7 17 -10 48 0 0.13 M M 12.0 18 300 M M 0 35 300
13 7 -11 -2 -29 67 0 0.04 M M 10.4 18 310 M M 0 19 31 310
14 -3 -14 -8 -35 73 0 0.00 M M 5.7 17 300 M M 0 29 320
15 2 -14 -6 -33 71 0 0.04 M M 5.1 14 310 M M 0 22 300
16 10 -7 2 -25 63 0 0.00 M M 5.9 13 230 M M 0 21 270
17 27 -6 11 -16 54 0 0.00 M M 4.7 10 190 M M 0 17 210
18 31 10 21 -6 44 0 0.08 M M 5.0 15 330 M M 0 26 330
19 10 -2 4 -23 61 0 0.00 M M 7.9 16 330 M M 0 31 320
20 12 -10 1 -26 64 0 0.00 M M 1.7 7 230 M M 0 10 320
21 32 -2 15 -12 50 0 0.00 M M 8.1 17 180 M M 0 26 170
22 34 30 32 5 33 0 0.07 M M 8.1 17 190 M M 0 27 190
23 37 33 35 8 30 0 0.37 M M 2.1 7 40 M M 0 12 11 50
24 38 33 36 9 29 0 0.02 M M 1.5 7 30 M M 0 12 9 30
25 37 33 35 8 30 0 0.63 M M 0.9 7 230 M M 0 12 350
26 39 35 37 9 28 0 0.00 M M 2.2 7 300 M M 0 12 280
27 40 33 37 9 28 0 0.00 M M 5.0 12 310 M M 0 19 310
28 48 27 38 10 27 0 0.00 M M 3.9 12 330 M M 0 19 340
29 59 23 41 13 24 0 0.00 M M 3.6 13 310 M M 0 22 300
30 45 25 35 7 30 0 0.00 M M 5.3 13 350 M M 0 21 340
31 55 22 39 11 26 0 0.00 M M 4.3 13 200 M M 0 17 200
================================================================================
SM 995 518 1252 0 2.78 M 158.0 M 0
================================================================================
AV 32.1 16.7 5.1 FASTST M M 0 MAX(MPH)
MISC ----> 20 310 36 320
================================================================================
NOTES:
# LAST OF SEVERAL OCCURRENCES
COLUMN 17 PEAK WIND IN M.P.H.
PRELIMINARY LOCAL CLIMATOLOGICAL DATA (WS FORM: F-6) , PAGE 2
STATION: CHILLICOTHE
MONTH: JANUARY
YEAR: 2024
LATITUDE: 39 49 N
LONGITUDE: 93 35 W
[TEMPERATURE DATA] [PRECIPITATION DATA] SYMBOLS USED IN COLUMN 16
AVERAGE MONTHLY: 24.4 TOTAL FOR MONTH: 2.78 1 = FOG OR MIST
DPTR FM NORMAL: -3.0 DPTR FM NORMAL: 1.53 2 = FOG REDUCING VISIBILITY
HIGHEST: 59 ON 29 GRTST 24HR 0.70 ON 9- 9 TO 1/4 MILE OR LESS
LOWEST: -14 ON 14,15 3 = THUNDER
SNOW, ICE PELLETS, HAIL 4 = ICE PELLETS
TOTAL MONTH: M 5 = HAIL
GRTST 24HR M ON M 6 = FREEZING RAIN OR DRIZZLE
GRTST DEPTH: M ON M 7 = DUSTSTORM OR SANDSTORM:
VSBY 1/2 MILE OR LESS
8 = SMOKE OR HAZE
[NO. OF DAYS WITH] [WEATHER - DAYS WITH] 9 = BLOWING SNOW
X = TORNADO
MAX 32 OR BELOW: 10 0.01 INCH OR MORE: 13
MAX 90 OR ABOVE: 0 0.10 INCH OR MORE: 5
MIN 32 OR BELOW: 26 0.50 INCH OR MORE: 3
MIN 0 OR BELOW: 8 1.00 INCH OR MORE: 0
[HDD (BASE 65) ]
TOTAL THIS MO. 1252 CLEAR (SCALE 0-3) 31
DPTR FM NORMAL 88 PTCLDY (SCALE 4-7) 0
TOTAL FM JUL 1 2929 CLOUDY (SCALE 8-10) 0
DPTR FM NORMAL -317
[CDD (BASE 65) ]
TOTAL THIS MO. 0
DPTR FM NORMAL 0 [PRESSURE DATA]
TOTAL FM JAN 1 0 HIGHEST SLP 30.85 ON 20
DPTR FM NORMAL 0 LOWEST SLP 29.34 ON 9
[REMARKS]
#FINAL-01-24#