000
CXUS55 KGJT 010910
CF6CEZ
PRELIMINARY LOCAL CLIMATOLOGICAL DATA (WS FORM: F-6)
STATION: CORTEZ CO
MONTH: OCTOBER
YEAR: 2021
LATITUDE: 37 17 N
LONGITUDE: 108 38 W
TEMPERATURE IN F: :PCPN: SNOW: WIND :SUNSHINE: SKY :PK WND
================================================================================
1 2 3 4 5 6A 6B 7 8 9 10 11 12 13 14 15 16 17 18
12Z AVG MX 2MIN
DY MAX MIN AVG DEP HDD CDD WTR SNW DPTH SPD SPD DIR MIN PSBL S-S WX SPD DR
================================================================================
1 61 44 53 -2 12 0 T M M 3.5 14 290 M M 8 1 19 290
2 68 40 54 -1 11 0 0.00 M M 5.3 15 210 M M 1 19 210
3 73 39 56 2 9 0 0.00 M M 3.8 13 210 M M 0 16 210
4 76 38 57 3 8 0 0.00 M M 4.4 14 210 M M 0 20 220
5 76 39 58 4 7 0 0.10 M M 8.4 28 200 M M 4 1 37 290
6 68 43 56 3 9 0 0.23 M M 5.5 15 190 M M 3 1 23 210
7 71 39 55 2 10 0 0.00 M M 3.8 17 210 M M 1 22 230
8 71 47 59 7 6 0 T M M 5.8 18 210 M M 4 25 180
9 65 39 52 0 13 0 0.05 M M 7.6 22 300 M M 5 1 29 300
10 64 35 50 -1 15 0 0.00 M M 8.5 23 300 M M 0 33 310
11 69 27 48 -3 17 0 0.00 M M 9.0 24 200 M M 0 33 170
12 56 33 45 -5 20 0 0.37 M M 11.9 33 190 M M 9 138 51 190
13 49 30 40 -10 25 0 0.00 M M 2.3 7 60 M M 8 9 260
14 52 28 40 -10 25 0 0.01 M M 4.1 24 330 M M 6 35 330
15 55 24 40 -9 25 0 0.00 M M 3.9 13 330 M M 0 20 340
16 64 24 44 -5 21 0 0.00 M M 4.9 13 210 M M 0 15 210
17 71 28 50 2 15 0 0.00 M M 5.3 17 220 M M 0 22 210
18 69 32 51 3 14 0 T M M 12.9 33 190 M M 1 43 180
19 55 31 43 -5 22 0 0.01 M M 6.6 17 190 M M 4 26 210
20 63 24 44 -3 21 0 0.00 M M 4.6 10 280 M M 0 15 290
21 67 24 46 -1 19 0 0.00 M M 5.1 13 210 M M 0 8 17 210
22 69 24 47 1 18 0 0.00 M M 5.4 16 210 M M 0 21 220
23 66 28 47 1 18 0 0.00 M M 7.5 21 210 M M 3 31 270
24 67 33 50 4 15 0 0.00 M M 5.0 17 240 M M 2 23 230
25 74 36 55 10 10 0 0.00 M M 8.5 21 210 M M 0 30 210
26 63 36 50 5 15 0 0.40 M M 14.0 31 210 M M 7 1 47 180
27 52 29 41 -4 24 0 T M M 8.8 20 320 M M 0 31 310
28 64 32 48 4 17 0 0.00 M M 7.9 23 340 M M 0 34 340
29 65 27 46 2 19 0 0.00 M M 6.2 15 210 M M 0 20 200
30 67 27 47 3 18 0 0.00 M M 4.6 12 70 M M 0 14 300
31 67 31 49 6 16 0 0.00 M M 5.6 18 210 M M 0 23 200
================================================================================
SM 2017 1011 494 0 1.17 M 200.7 M 66
================================================================================
AV 65.1 32.6 6.5 FASTST M M 2 MAX(MPH)
MISC ----> # 33 190 51 190
================================================================================
NOTES:
# LAST OF SEVERAL OCCURRENCES
COLUMN 17 PEAK WIND IN M.P.H.
PRELIMINARY LOCAL CLIMATOLOGICAL DATA (WS FORM: F-6) , PAGE 2
STATION: CORTEZ CO
MONTH: OCTOBER
YEAR: 2021
LATITUDE: 37 17 N
LONGITUDE: 108 38 W
[TEMPERATURE DATA] [PRECIPITATION DATA] SYMBOLS USED IN COLUMN 16
AVERAGE MONTHLY: 48.8 TOTAL FOR MONTH: 1.17 1 = FOG OR MIST
DPTR FM NORMAL: -0.2 DPTR FM NORMAL: 0.11 2 = FOG REDUCING VISIBILITY
HIGHEST: 76 ON 5, 4 GRTST 24HR 0.41 ON 30- 1 TO 1/4 MILE OR LESS
LOWEST: 24 ON 22,21 3 = THUNDER
SNOW, ICE PELLETS, HAIL 4 = ICE PELLETS
TOTAL MONTH: M 5 = HAIL
GRTST 24HR M ON M 6 = FREEZING RAIN OR DRIZZLE
GRTST DEPTH: M ON M 7 = DUSTSTORM OR SANDSTORM:
VSBY 1/2 MILE OR LESS
8 = SMOKE OR HAZE
[NO. OF DAYS WITH] [WEATHER - DAYS WITH] 9 = BLOWING SNOW
X = TORNADO
MAX 32 OR BELOW: 0 0.01 INCH OR MORE: 7
MAX 90 OR ABOVE: 0 0.10 INCH OR MORE: 4
MIN 32 OR BELOW: 17 0.50 INCH OR MORE: 0
MIN 0 OR BELOW: 0 1.00 INCH OR MORE: 0
[HDD (BASE 65) ]
TOTAL THIS MO. 494 CLEAR (SCALE 0-3) 21
DPTR FM NORMAL -2 PTCLDY (SCALE 4-7) 9
TOTAL FM JUL 1 586 CLOUDY (SCALE 8-10) 1
DPTR FM NORMAL -53
[CDD (BASE 65) ]
TOTAL THIS MO. 0
DPTR FM NORMAL 0 [PRESSURE DATA]
TOTAL FM JAN 1 704 HIGHEST SLP M ON M
DPTR FM NORMAL 215 LOWEST SLP 29.36 ON 12
[REMARKS]
#FINAL-10-21#