000
CXUS55 KPAH 011122
CF6CGI
PRELIMINARY LOCAL CLIMATOLOGICAL DATA (WS FORM: F-6)
STATION: CAPE GIRARDEAU MO
MONTH: FEBRUARY
YEAR: 2021
LATITUDE: 37 13 N
LONGITUDE: 89 35 W
TEMPERATURE IN F: :PCPN: SNOW: WIND :SUNSHINE: SKY :PK WND
================================================================================
1 2 3 4 5 6A 6B 7 8 9 10 11 12 13 14 15 16 17 18
12Z AVG MX 2MIN
DY MAX MIN AVG DEP HDD CDD WTR SNW DPTH SPD SPD DIR MIN PSBL S-S WX SPD DR
================================================================================
1 39 33 36 2 29 0 0.00 M M 17.6 25 330 M M 10 35 350
2 42 26 34 -1 31 0 0.00 M M 7.5 16 360 M M 5 1 20 350
3 45 22 34 -1 31 0 0.00 M M 3.5 10 140 M M 0 1 16 150
4 48 31 40 5 25 0 0.34 M M 13.4 26 300 M M 7 1 36 300
5 48 25 37 2 28 0 0.00 M M 7.7 17 310 M M 1 27 300
6 40 28 34 -2 31 0 0.07 M M 8.9 18 360 M M 5 1 23 350
7 28 13 21 -15 44 0 0.00 M M 10.5 22 360 M M 6 28 360
8 33 23 28 -8 37 0 0.03 M M 6.5 14 350 M M 10 168 17 350
9 30 21 26 -10 39 0 T M M 13.1 20 10 M M 10 168 25 10
10 28 22 25 -11 40 0 0.23 M M 11.3 17 10 M M 10 168 23 20
11 26 21 24 -13 41 0 0.00 M M 14.6 21 10 M M 10 18 27 360
12 24 15 20 -17 45 0 0.00 M M 15.1 22 20 M M 10 8 28 20
13 15 11 13 -24 52 0 T M M 16.0 21 360 M M 10 8 27 350
14 13 4 9 -29 56 0 T M M 18.6 29 10 M M 10 36 20
15 9 3 6 -32 59 0 0.14 M M 17.3 24 20 M M 10 128 32 20
16 14 -5 5 -33 60 0 T M M 5.3 15 330 M M 3 8 21 340
17 22 4 13 -25 52 0 T M M 7.0 14 30 M M 8 18 16 30
18 27 1 14 -25 51 0 T M M 10.6 21 350 M M 5 18 24 340
19 29 -3 13 -26 52 0 0.01 M M 3.1 9 160 M M 0 18 10 150
20 31 0 16 -23 49 0 0.00 M M 3.3 13 180 M M 0 18 15 180
21 47 16 32 -8 33 0 0.14 M M 12.0 21 170 M M 4 1 30 200
22 50 32 41 1 24 0 0.00 M M 9.7 20 200 M M 2 27 200
23 60 32 46 6 19 0 0.00 M M 6.8 16 180 M M 0 22 200
24 68 42 55 14 10 0 0.00 M M 8.9 20 10 M M 1 27 10
25 54 33 44 3 21 0 0.00 M M 9.0 16 10 M M 0 23 30
26 44 35 40 -1 25 0 0.14 M M 6.0 14 100 M M 8 18 20 100
27 56 36 46 4 19 0 0.37 M M 5.5 14 150 M M 6 12 18 140
28 68 47 58 16 7 0 1.70 M M 12.0 25 220 M M 10 13 34 210
================================================================================
SM 1038 568 1010 0 3.17 M 280.8 M 161
================================================================================
AV 37.1 20.3 10.0 FASTST M M 6 MAX(MPH)
MISC ----> 29 10 # 36 300
================================================================================
NOTES:
# LAST OF SEVERAL OCCURRENCES
COLUMN 17 PEAK WIND IN M.P.H.
PRELIMINARY LOCAL CLIMATOLOGICAL DATA (WS FORM: F-6) , PAGE 2
STATION: CAPE GIRARDEAU MO
MONTH: FEBRUARY
YEAR: 2021
LATITUDE: 37 13 N
LONGITUDE: 89 35 W
[TEMPERATURE DATA] [PRECIPITATION DATA] SYMBOLS USED IN COLUMN 16
AVERAGE MONTHLY: 28.7 TOTAL FOR MONTH: 3.17 1 = FOG OR MIST
DPTR FM NORMAL: -9.2 DPTR FM NORMAL: -0.24 2 = FOG REDUCING VISIBILITY
HIGHEST: 68 ON 28,24 GRTST 24HR 2.03 ON 27-28 TO 1/4 MILE OR LESS
LOWEST: -5 ON 16 3 = THUNDER
SNOW, ICE PELLETS, HAIL 4 = ICE PELLETS
TOTAL MONTH: M 5 = HAIL
GRTST 24HR M ON M 6 = FREEZING RAIN OR DRIZZLE
GRTST DEPTH: M ON M 7 = DUSTSTORM OR SANDSTORM:
VSBY 1/2 MILE OR LESS
8 = SMOKE OR HAZE
[NO. OF DAYS WITH] [WEATHER - DAYS WITH] 9 = BLOWING SNOW
X = TORNADO
MAX 32 OR BELOW: 13 0.01 INCH OR MORE: 10
MAX 90 OR ABOVE: 0 0.10 INCH OR MORE: 7
MIN 32 OR BELOW: 22 0.50 INCH OR MORE: 1
MIN 0 OR BELOW: 3 1.00 INCH OR MORE: 1
[HDD (BASE 65) ]
TOTAL THIS MO. 1010 CLEAR (SCALE 0-3) 8
DPTR FM NORMAL 251 PTCLDY (SCALE 4-7) 9
TOTAL FM JUL 1 3465 CLOUDY (SCALE 8-10) 11
DPTR FM NORMAL -32
[CDD (BASE 65) ]
TOTAL THIS MO. 0
DPTR FM NORMAL 0 [PRESSURE DATA]
TOTAL FM JAN 1 0 HIGHEST SLP 30.50 ON 19
DPTR FM NORMAL 0 LOWEST SLP 29.52 ON 4
[REMARKS]
#FINAL-02-21#
4TH COLDEST FEBRUARY.