000
CDUS43 KDVN 030930
CLICID


CLIMATE REPORT
NATIONAL WEATHER SERVICE QUAD CITIES IA IL
426 AM CDT SUN MAY 3 2015


...................................

...THE CEDAR RAPIDS IA CLIMATE SUMMARY FOR MAY 2 2015...

CLIMATE NORMAL PERIOD 1981 TO 2010
CLIMATE RECORD PERIOD 1891 TO 2015


WEATHER ITEM   OBSERVED TIME   RECORD YEAR NORMAL DEPARTURE LAST
                VALUE   (LST)  VALUE       VALUE  FROM      YEAR
                                                  NORMAL
..................................................................
TEMPERATURE (F)
 YESTERDAY
  MAXIMUM         75    200 PM  91    1901  67      8       63
  MINIMUM         MM        MM  26    1961  44     MM       43
  AVERAGE         MM                        55     MM       53

PRECIPITATION (IN)
  YESTERDAY        0.00         MM      MM   0.13  -0.13     0.00
  MONTH TO DATE    0.00                      0.26  -0.26     0.02
  SINCE MAR 1      4.24                      5.41  -1.17     7.28
  SINCE JAN 1      5.57                      7.55  -1.98     9.03

DEGREE DAYS
 HEATING
  YESTERDAY       MM                        10     MM       12
  MONTH TO DATE   MM                        20     MM       32
  SINCE MAR 1   1291                      1382    -91     1619
  SINCE JUL 1   6818                      6665    153     7658

 COOLING
  YESTERDAY       MM                         0     MM        0
  MONTH TO DATE   MM                         0     MM        0
  SINCE MAR 1      0                         7     15        7
  SINCE JAN 1      0                         7     15        7
..................................................................


WIND (MPH)
  HIGHEST WIND SPEED    24   HIGHEST WIND DIRECTION    SW (210)
  HIGHEST GUST SPEED    32   HIGHEST GUST DIRECTION    SW (210)
  AVERAGE WIND SPEED    13.7


SKY COVER
  POSSIBLE SUNSHINE  MM
  AVERAGE SKY COVER 0.2


WEATHER CONDITIONS
 THE FOLLOWING WEATHER WAS RECORDED YESTERDAY.
  NO SIGNIFICANT WEATHER WAS OBSERVED.


RELATIVE HUMIDITY (PERCENT)
 HIGHEST    80          1100 PM
 LOWEST     27          1100 AM
 AVERAGE    54

..........................................................


THE CEDAR RAPIDS IA CLIMATE NORMALS FOR TODAY
                         NORMAL    RECORD    YEAR
 MAXIMUM TEMPERATURE (F)   67        90      1949
 MINIMUM TEMPERATURE (F)   44        25      2005


SUNRISE AND SUNSET
MAY  3 2015...........SUNRISE   601 AM CDT   SUNSET   807 PM CDT
MAY  4 2015...........SUNRISE   559 AM CDT   SUNSET   808 PM CDT


-  INDICATES NEGATIVE NUMBERS.
R  INDICATES RECORD WAS SET OR TIED.
MM INDICATES DATA IS MISSING.
T  INDICATES TRACE AMOUNT.




$$
