549
CDUS43 KDVN 272135
CLICID


CLIMATE REPORT
NATIONAL WEATHER SERVICE QUAD CITIES IA IL
435 PM CDT MON JUN 27 2016


...................................

...THE CEDAR RAPIDS IA CLIMATE SUMMARY FOR JUNE 27 2016...
VALID TODAY AS OF 0400 PM LOCAL TIME.

CLIMATE NORMAL PERIOD 1981 TO 2010
CLIMATE RECORD PERIOD 1891 TO 2016


WEATHER ITEM   OBSERVED TIME   RECORD YEAR NORMAL DEPARTURE LAST
                VALUE   (LST)  VALUE       VALUE  FROM      YEAR
                                                  NORMAL
..................................................................
TEMPERATURE (F)
 TODAY
  MAXIMUM         84    246 PM 103    1934  83      1       80
  MINIMUM         64    445 AM  42    1926  62      2       57
  AVERAGE         74                        72      2       69

PRECIPITATION (IN)
  TODAY            0.00         MM      MM   0.18  -0.18     0.00
  MONTH TO DATE    7.72                      4.40   3.32     8.26
  SINCE JUN 1      7.72                      4.40   3.32     8.26
  SINCE JAN 1     16.38                     15.84   0.54    17.46

DEGREE DAYS
 HEATING
  TODAY            0                         0      0        0
  MONTH TO DATE    4                        29    -25        9
  SINCE JUN 1      4                        29    -25        9
  SINCE JUL 1   5653                      6866  -1213     6966

 COOLING
  TODAY            9                         8      1        4
  MONTH TO DATE  234                       143     91      135
  SINCE JUN 1    234                       143     91      135
  SINCE JAN 1    294                       192    102      185
..................................................................


WIND (MPH)
  HIGHEST WIND SPEED    17   HIGHEST WIND DIRECTION    NW (320)
  HIGHEST GUST SPEED    20   HIGHEST GUST DIRECTION    NW (320)
  AVERAGE WIND SPEED     9.2


SKY COVER
  POSSIBLE SUNSHINE  MM
  AVERAGE SKY COVER 0.0


WEATHER CONDITIONS
 THE FOLLOWING WEATHER WAS RECORDED TODAY.
  NO SIGNIFICANT WEATHER WAS OBSERVED.


RELATIVE HUMIDITY (PERCENT)
 HIGHEST    93           500 AM
 LOWEST     55           200 PM
 AVERAGE    74

..........................................................


THE CEDAR RAPIDS IA CLIMATE NORMALS FOR TOMORROW
                         NORMAL    RECORD    YEAR
 MAXIMUM TEMPERATURE (F)   83       103      1931
 MINIMUM TEMPERATURE (F)   62        40      1925


SUNRISE AND SUNSET
JUNE 27 2016..........SUNRISE   534 AM CDT   SUNSET   846 PM CDT
JUNE 28 2016..........SUNRISE   534 AM CDT   SUNSET   846 PM CDT


-  INDICATES NEGATIVE NUMBERS.
R  INDICATES RECORD WAS SET OR TIED.
MM INDICATES DATA IS MISSING.
T  INDICATES TRACE AMOUNT.




$$
