000
CDUS43 KDVN 280919
CLICID


CLIMATE REPORT
NATIONAL WEATHER SERVICE QUAD CITIES IA IL
418 AM CDT THU JUL 28 2016


...................................

...THE CEDAR RAPIDS IA CLIMATE SUMMARY FOR JULY 27 2016...

CLIMATE NORMAL PERIOD 1981 TO 2010
CLIMATE RECORD PERIOD 1891 TO 2016


WEATHER ITEM   OBSERVED TIME   RECORD YEAR NORMAL DEPARTURE LAST
                VALUE   (LST)  VALUE       VALUE  FROM      YEAR
                                                  NORMAL
..................................................................
TEMPERATURE (F)
 YESTERDAY
  MAXIMUM         85    132 PM 104    1930  83      2       83
  MINIMUM         61    515 AM  48    1937  62     -1       67
  AVERAGE         73                        73      0       75

PRECIPITATION (IN)
  YESTERDAY        0.00         MM      MM   0.13  -0.13      T
  MONTH TO DATE    3.75                      3.94  -0.19     3.23
  SINCE JUN 1     12.08                      8.86   3.22    12.08
  SINCE JAN 1     20.74                     20.30   0.44    21.28

DEGREE DAYS
 HEATING
  YESTERDAY        0                         0      0        0
  MONTH TO DATE    3                         0      3        4
  SINCE JUN 1      8                        29    -21       13
  SINCE JUL 1      3                         0      3        4

 COOLING
  YESTERDAY        8                         8      0       10
  MONTH TO DATE  222                       216      6      189
  SINCE JUN 1    459                       382     77      334
  SINCE JAN 1    519                       431     88      384
..................................................................


WIND (MPH)
  HIGHEST WIND SPEED     9   HIGHEST WIND DIRECTION     S (180)
  HIGHEST GUST SPEED    13   HIGHEST GUST DIRECTION    SE (150)
  AVERAGE WIND SPEED     3.5


SKY COVER
  POSSIBLE SUNSHINE  MM
  AVERAGE SKY COVER 0.1


WEATHER CONDITIONS
 THE FOLLOWING WEATHER WAS RECORDED YESTERDAY.
  FOG


RELATIVE HUMIDITY (PERCENT)
 HIGHEST   100          1200 AM
 LOWEST     65          1100 AM
 AVERAGE    83

..........................................................


THE CEDAR RAPIDS IA CLIMATE NORMALS FOR TODAY
                         NORMAL    RECORD    YEAR
 MAXIMUM TEMPERATURE (F)   83       103      1931
 MINIMUM TEMPERATURE (F)   62        47      1925


SUNRISE AND SUNSET
JULY 28 2016..........SUNRISE   557 AM CDT   SUNSET   829 PM CDT
JULY 29 2016..........SUNRISE   558 AM CDT   SUNSET   828 PM CDT


-  INDICATES NEGATIVE NUMBERS.
R  INDICATES RECORD WAS SET OR TIED.
MM INDICATES DATA IS MISSING.
T  INDICATES TRACE AMOUNT.




$$
