000
CDUS43 KDVN 241038
CLICID


CLIMATE REPORT
NATIONAL WEATHER SERVICE QUAD CITIES IA IL
436 AM CST MON NOV 24 2014


...................................

...THE CEDAR RAPIDS IA CLIMATE SUMMARY FOR NOVEMBER 23 2014...

CLIMATE NORMAL PERIOD 1981 TO 2010
CLIMATE RECORD PERIOD 1891 TO 2014


WEATHER ITEM   OBSERVED TIME   RECORD YEAR NORMAL DEPARTURE LAST
                VALUE   (LST)  VALUE       VALUE  FROM      YEAR
                                                  NORMAL
..................................................................
TEMPERATURE (F)
 YESTERDAY
  MAXIMUM         51    308 AM  65    1966  42      9       20
  MINIMUM         37   1159 PM   1    1898  24     13        5
  AVERAGE         44                        33     11       13

PRECIPITATION (IN)
  YESTERDAY        0.99         MM      MM   0.07   0.92     0.00
  MONTH TO DATE    1.27                      1.64  -0.37     2.50
  SINCE SEP 1      7.39                      7.42  -0.03     7.65
  SINCE JAN 1     37.87                     32.72   5.15    37.05

DEGREE DAYS
 HEATING
  YESTERDAY       21                        32    -11       52
  MONTH TO DATE  770                       596    174      624
  SINCE SEP 1   1364                      1187    177     1132
  SINCE JUL 1   1383                      1206    177     1151

 COOLING
  YESTERDAY        0                         0      0        0
  MONTH TO DATE    0                         0      0        0
  SINCE SEP 1     53                        80    -27      164
  SINCE JAN 1    670                       748    -78      884
..................................................................


WIND (MPH)
  HIGHEST WIND SPEED    31   HIGHEST WIND DIRECTION    NW (320)
  HIGHEST GUST SPEED    37   HIGHEST GUST DIRECTION    NW (320)
  AVERAGE WIND SPEED    10.6


SKY COVER
  POSSIBLE SUNSHINE  MM
  AVERAGE SKY COVER 1.0


WEATHER CONDITIONS
 THE FOLLOWING WEATHER WAS RECORDED YESTERDAY.
  RAIN
  LIGHT RAIN
  FOG
  FOG W/VISIBILITY <= 1/4 MILE


RELATIVE HUMIDITY (PERCENT)
 HIGHEST   100          1200 AM
 LOWEST     93           100 AM
 AVERAGE    97

..........................................................


THE CEDAR RAPIDS IA CLIMATE NORMALS FOR TODAY
                         NORMAL    RECORD    YEAR
 MAXIMUM TEMPERATURE (F)   42        63      1931
 MINIMUM TEMPERATURE (F)   24        -2      1950


SUNRISE AND SUNSET
NOVEMBER 24 2014......SUNRISE   707 AM CST   SUNSET   440 PM CST
NOVEMBER 25 2014......SUNRISE   708 AM CST   SUNSET   439 PM CST


-  INDICATES NEGATIVE NUMBERS.
R  INDICATES RECORD WAS SET OR TIED.
MM INDICATES DATA IS MISSING.
T  INDICATES TRACE AMOUNT.




$$
