000
CDUS43 KDVN 210916
CLICID


CLIMATE REPORT
NATIONAL WEATHER SERVICE QUAD CITIES IA IL
416 AM CDT THU AUG 21 2014


...................................

...THE CEDAR RAPIDS IA CLIMATE SUMMARY FOR AUGUST 20 2014...

CLIMATE NORMAL PERIOD 1981 TO 2010
CLIMATE RECORD PERIOD 1891 TO 2014


WEATHER ITEM   OBSERVED TIME   RECORD YEAR NORMAL DEPARTURE LAST
                VALUE   (LST)  VALUE       VALUE  FROM      YEAR
                                                  NORMAL
..................................................................
TEMPERATURE (F)
 YESTERDAY
  MAXIMUM         75    108 PM 100    1947  81     -6       87
  MINIMUM         59    518 AM  38    1950  60     -1       63
  AVERAGE         67                        71     -4       75

PRECIPITATION (IN)
  YESTERDAY        0.02         MM      MM   0.15  -0.13     0.00
  MONTH TO DATE    0.48                      2.93  -2.45     0.06
  SINCE JUN 1     17.34                     12.31   5.03     9.16
  SINCE JAN 1     28.58                     23.75   4.83    29.35

DEGREE DAYS
 HEATING
  YESTERDAY        0                         1     -1        0
  MONTH TO DATE    0                         1     -1        6
  SINCE JUN 1     24                        34    -10       47
  SINCE JUL 1     19                         5     14       19

 COOLING
  YESTERDAY        2                         6     -4       10
  MONTH TO DATE  107                       139    -32       81
  SINCE JUN 1    424                       557   -133      487
  SINCE JAN 1    504                       606   -102      561
..................................................................


WIND (MPH)
  HIGHEST WIND SPEED    13   HIGHEST WIND DIRECTION     S (190)
  HIGHEST GUST SPEED    18   HIGHEST GUST DIRECTION     S (200)
  AVERAGE WIND SPEED     4.7


SKY COVER
  POSSIBLE SUNSHINE  MM
  AVERAGE SKY COVER 0.3


WEATHER CONDITIONS
 THE FOLLOWING WEATHER WAS RECORDED YESTERDAY.
  LIGHT RAIN
  FOG


RELATIVE HUMIDITY (PERCENT)
 HIGHEST   100          1200 AM
 LOWEST     84          1200 PM
 AVERAGE    92

..........................................................


THE CEDAR RAPIDS IA CLIMATE NORMALS FOR TODAY
                         NORMAL    RECORD    YEAR
 MAXIMUM TEMPERATURE (F)   81        99      1916
 MINIMUM TEMPERATURE (F)   60        45      1950


SUNRISE AND SUNSET
AUGUST 21 2014........SUNRISE   621 AM CDT   SUNSET   758 PM CDT
AUGUST 22 2014........SUNRISE   622 AM CDT   SUNSET   756 PM CDT


-  INDICATES NEGATIVE NUMBERS.
R  INDICATES RECORD WAS SET OR TIED.
MM INDICATES DATA IS MISSING.
T  INDICATES TRACE AMOUNT.




$$
