000
CDUS43 KDVN 010915
CLICID


CLIMATE REPORT
NATIONAL WEATHER SERVICE QUAD CITIES IA IL
415 AM CDT FRI AUG 1 2014


...................................

...THE CEDAR RAPIDS IA CLIMATE SUMMARY FOR JULY 31 2014...

CLIMATE NORMAL PERIOD 1981 TO 2010
CLIMATE RECORD PERIOD 1891 TO 2014


WEATHER ITEM   OBSERVED TIME   RECORD YEAR NORMAL DEPARTURE LAST
                VALUE   (LST)  VALUE       VALUE  FROM      YEAR
                                                  NORMAL
..................................................................
TEMPERATURE (F)
 YESTERDAY
  MAXIMUM         81    321 PM 104    1988  83     -2       81
  MINIMUM         56    518 AM  48    1971  62     -6       63
  AVERAGE         69                        72     -3       72

PRECIPITATION (IN)
  YESTERDAY        0.00         MM      MM   0.13  -0.13     0.00
  MONTH TO DATE    3.57                      4.46  -0.89     2.78
  SINCE JUN 1     16.86                      9.38   7.48     9.10
  SINCE JAN 1     28.10                     20.82   7.28    29.29

DEGREE DAYS
 HEATING
  YESTERDAY        0                         0      0        0
  MONTH TO DATE   19                         0     19       13
  SINCE JUN 1     24                        33     -9       41
  SINCE JUL 1     19                         4     15       13

 COOLING
  YESTERDAY        4                         8     -4        7
  MONTH TO DATE  134                       252   -118      234
  SINCE JUN 1    317                       418   -101      406
  SINCE JAN 1    397                       467    -70      480
..................................................................


WIND (MPH)
  HIGHEST WIND SPEED    13   HIGHEST WIND DIRECTION    NW (300)
  HIGHEST GUST SPEED    16   HIGHEST GUST DIRECTION    NW (310)
  AVERAGE WIND SPEED     4.7


SKY COVER
  POSSIBLE SUNSHINE  MM
  AVERAGE SKY COVER 0.1


WEATHER CONDITIONS
 THE FOLLOWING WEATHER WAS RECORDED YESTERDAY.
  FOG
  HAZE


RELATIVE HUMIDITY (PERCENT)
 HIGHEST   100           400 AM
 LOWEST     51           200 PM
 AVERAGE    76

..........................................................


THE CEDAR RAPIDS IA CLIMATE NORMALS FOR TODAY
                         NORMAL    RECORD    YEAR
 MAXIMUM TEMPERATURE (F)   83       101      1987
 MINIMUM TEMPERATURE (F)   62        48      1895


SUNRISE AND SUNSET
AUGUST  1 2014........SUNRISE   601 AM CDT   SUNSET   825 PM CDT
AUGUST  2 2014........SUNRISE   602 AM CDT   SUNSET   824 PM CDT


-  INDICATES NEGATIVE NUMBERS.
R  INDICATES RECORD WAS SET OR TIED.
MM INDICATES DATA IS MISSING.
T  INDICATES TRACE AMOUNT.




$$
