000
CDUS43 KDVN 102229
CLICID


CLIMATE REPORT
NATIONAL WEATHER SERVICE QUAD CITIES IA IL
427 PM CST SAT DEC 10 2016


...................................

...THE CEDAR RAPIDS IA CLIMATE SUMMARY FOR DECEMBER 10 2016...
VALID TODAY AS OF 0400 PM LOCAL TIME.

CLIMATE NORMAL PERIOD 1981 TO 2010
CLIMATE RECORD PERIOD 1891 TO 2016


WEATHER ITEM   OBSERVED TIME   RECORD YEAR NORMAL DEPARTURE LAST
                VALUE   (LST)  VALUE       VALUE  FROM      YEAR
                                                  NORMAL
..................................................................
TEMPERATURE (F)
 TODAY
  MAXIMUM         23   1256 PM  59    1979  33    -10       54
  MINIMUM         15    341 AM -23    1919  16     -1       41
  AVERAGE         19                        25     -6       48

PRECIPITATION (IN)
  TODAY            0.02         MM      MM   0.06  -0.04     0.00
  MONTH TO DATE    0.49                      0.57  -0.08     0.03
  SINCE DEC 1      0.49                      0.57  -0.08     0.03
  SINCE JAN 1     41.08                     33.76   7.32    38.68

DEGREE DAYS
 HEATING
  TODAY           46                        40      6       17
  MONTH TO DATE  381                       383     -2      267
  SINCE DEC 1    381                       383     -2      267
  SINCE JUL 1   1298                      1829   -531     1298

 COOLING
  TODAY            0                         0      0        0
  MONTH TO DATE    0                         0      0        0
  SINCE DEC 1      0                         0      0        0
  SINCE JAN 1    970                       748    222      712
..................................................................


WIND (MPH)
  HIGHEST WIND SPEED    10   HIGHEST WIND DIRECTION     S (160)
  HIGHEST GUST SPEED    14   HIGHEST GUST DIRECTION     S (160)
  AVERAGE WIND SPEED     3.5


SKY COVER
  POSSIBLE SUNSHINE  MM
  AVERAGE SKY COVER 1.0


WEATHER CONDITIONS
 THE FOLLOWING WEATHER WAS RECORDED TODAY.
  LIGHT SNOW
  FOG
  HAZE


RELATIVE HUMIDITY (PERCENT)
 HIGHEST   100           400 PM
 LOWEST     71          1100 AM
 AVERAGE    86

..........................................................


THE CEDAR RAPIDS IA CLIMATE NORMALS FOR TOMORROW
                         NORMAL    RECORD    YEAR
 MAXIMUM TEMPERATURE (F)   33        63      1949
 MINIMUM TEMPERATURE (F)   16       -13      1976


SUNRISE AND SUNSET
DECEMBER 10 2016......SUNRISE   724 AM CST   SUNSET   436 PM CST
DECEMBER 11 2016......SUNRISE   725 AM CST   SUNSET   436 PM CST


-  INDICATES NEGATIVE NUMBERS.
R  INDICATES RECORD WAS SET OR TIED.
MM INDICATES DATA IS MISSING.
T  INDICATES TRACE AMOUNT.




$$
