000
CDUS43 KDVN 131245
CLICID


CLIMATE REPORT
NATIONAL WEATHER SERVICE QUAD CITIES IA IL
645 AM CST SAT FEB 13 2016


...................................

...THE CEDAR RAPIDS IA CLIMATE SUMMARY FOR FEBRUARY 12 2016...

CLIMATE NORMAL PERIOD 1981 TO 2010
CLIMATE RECORD PERIOD 1891 TO 2016


WEATHER ITEM   OBSERVED TIME   RECORD YEAR NORMAL DEPARTURE LAST
                VALUE   (LST)  VALUE       VALUE  FROM      YEAR
                                                  NORMAL
..................................................................
TEMPERATURE (F)
 YESTERDAY
  MAXIMUM         21   1200 PM  64    1990  32    -11       13
  MINIMUM          5   1159 PM -19    1899  15    -10        2
  AVERAGE         13                        23    -10        8

PRECIPITATION (IN)
  YESTERDAY        T            MM      MM   0.04  -0.04      T
  MONTH TO DATE    0.17                      0.46  -0.29     0.22
  SINCE DEC 1      4.61                      2.80   1.81     1.72
  SINCE JAN 1      0.54                      1.38  -0.84     1.07

DEGREE DAYS
 HEATING
  YESTERDAY       52                        42     10       57
  MONTH TO DATE  506                       518    -12      579
  SINCE DEC 1   2764                      3220   -456     2968
  SINCE JUL 1   3795                      4666   -871     4629

 COOLING
  YESTERDAY        0                         0      0        0
  MONTH TO DATE    0                         0      0        0
  SINCE DEC 1      0                         0      0        0
  SINCE JAN 1      0                         0      0        0
..................................................................


WIND (MPH)
  HIGHEST WIND SPEED    29   HIGHEST WIND DIRECTION    NW (320)
  HIGHEST GUST SPEED    35   HIGHEST GUST DIRECTION    NW (310)
  AVERAGE WIND SPEED    16.3


SKY COVER
  POSSIBLE SUNSHINE  MM
  AVERAGE SKY COVER 0.4


WEATHER CONDITIONS
 THE FOLLOWING WEATHER WAS RECORDED YESTERDAY.
  LIGHT SNOW
  FOG
  HAZE


RELATIVE HUMIDITY (PERCENT)
 HIGHEST    92           200 AM
 LOWEST     49           400 PM
 AVERAGE    71

..........................................................


THE CEDAR RAPIDS IA CLIMATE NORMALS FOR TODAY
                         NORMAL    RECORD    YEAR
 MAXIMUM TEMPERATURE (F)   32        62      1921
 MINIMUM TEMPERATURE (F)   15       -26      1905


SUNRISE AND SUNSET
FEBRUARY 13 2016......SUNRISE   706 AM CST   SUNSET   537 PM CST
FEBRUARY 14 2016......SUNRISE   704 AM CST   SUNSET   538 PM CST


-  INDICATES NEGATIVE NUMBERS.
R  INDICATES RECORD WAS SET OR TIED.
MM INDICATES DATA IS MISSING.
T  INDICATES TRACE AMOUNT.




$$
