000
CXUS53 KDVN 011048
CLMCID


CLIMATE REPORT
NATIONAL WEATHER SERVICE QUAD CITIES IA IL
542 AM CDT WED APR 1 2015

...................................

...THE CEDAR RAPIDS IA CLIMATE SUMMARY FOR THE MONTH OF MARCH 2015...

CLIMATE NORMAL PERIOD 1981 TO 2010
CLIMATE RECORD PERIOD 1891 TO 2015

WEATHER         OBSERVED          NORMAL  DEPART
                 VALUE   DATE(S)  VALUE   FROM
                                          NORMAL
................................................
TEMPERATURE (F)
RECORD
 HIGH              88   03/29/1986
 LOW              -15   03/03/2014
HIGHEST            82   03/16        54      28
LOWEST             -9   03/05        21     -30
AVG. MAXIMUM     48.3              46.5     1.8
AVG. MINIMUM     25.0              26.7    -1.7
MEAN             36.6              36.6     0.0
DAYS MAX >= 90      0
DAYS MAX <= 32      4
DAYS MIN <= 32     23
DAYS MIN <= 0       3

PRECIPITATION (INCHES)
TOTALS           0.52              2.10   -1.58
DAILY AVG.       0.02              0.07   -0.05
DAYS >= .01         5
DAYS >= .10         3
DAYS >= .50         0
DAYS >= 1.00        0
GREATEST
 24 HR. TOTAL    0.25   03/03 TO 03/03

DEGREE_DAYS
HEATING TOTAL     871               881     -10
 SINCE 7/1       6398              6164     234
COOLING TOTAL       0                 0       0
 SINCE 1/1          0                 0       0
.................................................

WIND (MPH)
AVERAGE WIND SPEED              10.6
HIGHEST WIND SPEED/DIRECTION    40/290    DATE  03/29
HIGHEST GUST SPEED/DIRECTION    49/290    DATE  03/29

SKY COVER
POSSIBLE SUNSHINE (PERCENT)   MM
AVERAGE SKY COVER           0.30
NUMBER OF DAYS FAIR           21
NUMBER OF DAYS PC              4
NUMBER OF DAYS CLOUDY          6

AVERAGE RH (PERCENT)     68

WEATHER CONDITIONS. NUMBER OF DAYS WITH
THUNDERSTORM              0     HAIL                       0
SLEET                     1     FOG                       12
FOG W/VIS <= 1/4 MILE     2     HAZE                       6

-  INDICATES NEGATIVE NUMBERS.
R  INDICATES RECORD WAS SET OR TIED.
MM INDICATES DATA IS MISSING.
T  INDICATES TRACE AMOUNT.

$$
