000
CXUS53 KDVN 020443
CLMCID


CLIMATE REPORT
NATIONAL WEATHER SERVICE QUAD CITIES IA IL
1034 PM CST SUN FEB 1 2015

...................................

...THE CEDAR RAPIDS IA CLIMATE SUMMARY FOR THE MONTH OF JANUARY 2015...

CLIMATE NORMAL PERIOD 1981 TO 2010
CLIMATE RECORD PERIOD 1891 TO 2015

WEATHER         OBSERVED          NORMAL  DEPART
                 VALUE   DATE(S)  VALUE   FROM
                                          NORMAL
................................................
TEMPERATURE (F)
RECORD
 HIGH              65   01/31/1989
 LOW              -29   01/15/2009
HIGHEST            49   01/24        29      20
LOWEST            -15   01/07        11     -26
AVG. MAXIMUM     30.7              28.2     2.5
AVG. MINIMUM     12.3              10.9     1.4
MEAN             21.5              19.5     2.0
DAYS MAX >= 90      0
DAYS MAX <= 32     13
DAYS MIN <= 32     30
DAYS MIN <= 0       9

PRECIPITATION (INCHES)
TOTALS           0.85              0.92   -0.07
DAILY AVG.       0.03              0.03    0.00
DAYS >= .01         8
DAYS >= .10         3
DAYS >= .50         0
DAYS >= 1.00        0
GREATEST
 24 HR. TOTAL    0.37   01/31 TO 01/31

DEGREE_DAYS
HEATING TOTAL    1342              1409     -67
 SINCE 7/1       4050              4148     -98
COOLING TOTAL       0                 0       0
 SINCE 1/1          0                 0       0
.................................................

WIND (MPH)
AVERAGE WIND SPEED              10.6
HIGHEST WIND SPEED/DIRECTION    40/320    DATE  01/09
HIGHEST GUST SPEED/DIRECTION    49/320    DATE  01/09

SKY COVER
POSSIBLE SUNSHINE (PERCENT)   MM
AVERAGE SKY COVER           0.40
NUMBER OF DAYS FAIR           12
NUMBER OF DAYS PC             12
NUMBER OF DAYS CLOUDY          7

AVERAGE RH (PERCENT)     81

WEATHER CONDITIONS. NUMBER OF DAYS WITH
THUNDERSTORM              0     HAIL                       0
SLEET                     0     FOG                       19
FOG W/VIS <= 1/4 MILE     3     HAZE                      10

-  INDICATES NEGATIVE NUMBERS.
R  INDICATES RECORD WAS SET OR TIED.
MM INDICATES DATA IS MISSING.
T  INDICATES TRACE AMOUNT.

$$

NOTE: SUPPLEMENTAL CLIMATE DATA WAS USED FROM A NEARBY
CLIMATOGICALLY REPRESENTATIVE STATION.
