941
CXUS51 KCLE 020414
CLSCLE
CLIMATE REPORT
NATIONAL WEATHER SERVICE CLEVELAND, OH
1214 AM EDT WED SEP 02 2020
...................................
...THE CLEVELAND OH CLIMATE SUMMARY FOR THE SEASON, FROM
6/1/2020 TO 8/31/2020...
CLIMATE NORMAL PERIOD 1981 TO 2010
CLIMATE RECORD PERIOD 1871 TO 2020
WEATHER OBSERVED NORMAL DEPART
VALUE DATE(S) VALUE FROM
NORMAL
................................................
TEMPERATURE (F)
RECORD
HIGH 104 06/25/1988
LOW 31 06/11/1972
HIGHEST 95 07/10
07/18
LOWEST 43 06/01
AVG. MAXIMUM 82.8 80.7 2.1
AVG. MINIMUM 62.8 62.5 0.3
MEAN 72.8 71.6 1.2
DAYS MAX >= 90 16 8.0
DAYS MAX <= 32 0 0.0
DAYS MIN <= 32 0 0.0
DAYS MIN <= 0 0 0.0
PRECIPITATION (INCHES)
RECORD
MAXIMUM 19.88 1972
MINIMUM 3.63 1933
TOTALS 13.13 10.40 2.73
DAYS >= .01 29 31.2
DAYS >= .10 19 19.2
DAYS >= .50 6 6.6
DAYS >= 1.00 3 2.4
SNOWFALL (INCHES)
RECORDS
TOTAL T 2008
TOTALS 0.0 0.0
DAYS >= TRACE 0
DAYS >= 1.0 0 0.0
DEGREE DAYS
HEATING TOTAL 22 53 -31
COOLING TOTAL 771 656 115
................................................
WIND (MPH)
HIGHEST GUST SPEED/DIRECTION 53/240 DATE 06/10
SKY COVER
POSSIBLE SUNSHINE (PERCENT) MM
AVERAGE SKY COVER 0.48
NUMBER OF DAYS FAIR 32
NUMBER OF DAYS PC 47
NUMBER OF DAYS CLOUDY 13
WEATHER CONDITIONS. NUMBER OF DAYS WITH
THUNDERSTORM 26 MIXED PRECIP 0
HEAVY RAIN 11 RAIN 14
LIGHT RAIN 27 FREEZING RAIN 0
LT FREEZING RAIN 0 HAIL 0
HEAVY SNOW 0 SNOW 0
LIGHT SNOW 0 SLEET 0
FOG 26 FOG W/VIS <= 1/4 MILE 1
HAZE 6
- INDICATES NEGATIVE NUMBERS.
R INDICATES RECORD WAS SET OR TIED.
MM INDICATES DATA IS MISSING.
T INDICATES TRACE AMOUNT.
$$