000
CXUS54 KHGX 072354
CF6CLL
PRELIMINARY LOCAL CLIMATOLOGICAL DATA (WS FORM: F-6)
STATION: COLLEGE STATION
MONTH: JULY
YEAR: 2021
LATITUDE: 30 34 N
LONGITUDE: 96 22 W
TEMPERATURE IN F: :PCPN: SNOW: WIND :SUNSHINE: SKY :PK WND
================================================================================
1 2 3 4 5 6A 6B 7 8 9 10 11 12 13 14 15 16 17 18
12Z AVG MX 2MIN
DY MAX MIN AVG DEP HDD CDD WTR SNW DPTH SPD SPD DIR MIN PSBL S-S WX SPD DR
================================================================================
1 92 76 84 0 0 19 T 0.0 0 2.9 9 190 M M 2 1 12 250
2 94 77 86 2 0 21 T 0.0 0 4.2 23 360 M M 1 3 30 350
3 85 74 80 -4 0 15 0.51 0.0 0 3.8 15 30 M M 6 13 20 30
4 87 74 81 -3 0 16 0.25 0.0 0 4.1 16 180 M M 6 13 20 180
5 92 76 84 0 0 19 0.18 0.0 0 5.3 23 130 M M 7 13 27 140
6 89 75 82 -2 0 17 0.19 0.0 0 6.0 18 150 M M 5 138 21 150
7 88 73 81 -3 0 16 T 0.0 0 5.4 15 160 M M 2 19 150
8 89 75 82 -3 0 17 0.72 0.0 0 7.5 21 110 M M 5 1 27 100
9 84 71 78 -7 0 13 0.23 0.0 0 9.7 29 150 M M 7 1 38 140
10 93 75 84 -1 0 19 0.00 0.0 0 9.1 18 170 M M 5 1 25 170
11 91 74 83 -2 0 18 T 0.0 0 5.5 17 140 M M 4 22 150
12 84 69 77 -8 0 12 1.02 0.0 0 6.8 28 340 M M 5 13 37 340
13 93 72 83 -2 0 18 T 0.0 0 3.2 40 150 M M 2 3 53 140
14 92 72 82 -3 0 17 0.03 0.0 0 5.5 25 140 M M 1 3 36 150
15 91 77 84 -1 0 19 0.20 0.0 0 7.9 26 200 M M 2 13 33 210
16 94 77 86 1 0 21 0.00 0.0 0 9.1 20 160 M M 4 23 160
17 93 76 85 0 0 20 0.00 0.0 0 7.0 15 140 M M 1 21 170
18 93 76 85 0 0 20 T 0.0 0 5.0 12 140 M M 2 17 140
19 93 77 85 0 0 20 0.00 0.0 0 5.6 17 120 M M 2 3 23 120
20 90 74 82 -4 0 17 T 0.0 0 6.5 18 40 M M 4 21 40
21 91 75 83 -3 0 18 T 0.0 0 5.3 17 20 M M 3 3 22 150
22 93 74 84 -2 0 19 0.68 0.0 0 5.7 31 260 M M 2 123 38 230
23 95 75 85 -1 0 20 0.00 0.0 0 8.4 16 160 M M 3 22 160
24 95 77 86 0 0 21 0.00 0.0 0 7.1 15 200 M M 3 20 190
25 95 75 85 -1 0 20 0.00 0.0 0 5.3 13 150 M M 2 1 16 230
26 95 74 85 -1 0 20 0.00 0.0 0 4.4 10 230 M M 2 15 210
27 95 75 85 -1 0 20 T 0.0 0 4.1 18 130 M M 1 25 130
28 95 76 86 0 0 21 0.00 0.0 0 4.4 12 160 M M 1 15 70
29 96 78 87 1 0 22 T 0.0 0 3.3 17 140 M M 2 3 24 140
30 96 78 87 1 0 22 0.00 0.0 0 3.4 14 160 M M 1 19 150
31 96 77 87 1 0 22 0.00 0.0 0 5.7 12 170 M M 1 15 160
================================================================================
SM 2849 2324 0 579 4.01 0.0 177.2 M 94
================================================================================
AV 91.9 75.0 5.7 FASTST M M 3 MAX(MPH)
MISC ----> 40 150 53 140
================================================================================
NOTES:
# LAST OF SEVERAL OCCURRENCES
COLUMN 17 PEAK WIND IN M.P.H.
PRELIMINARY LOCAL CLIMATOLOGICAL DATA (WS FORM: F-6) , PAGE 2
STATION: COLLEGE STATION
MONTH: JULY
YEAR: 2021
LATITUDE: 30 34 N
LONGITUDE: 96 22 W
[TEMPERATURE DATA] [PRECIPITATION DATA] SYMBOLS USED IN COLUMN 16
AVERAGE MONTHLY: 83.4 TOTAL FOR MONTH: 4.01 1 = FOG OR MIST
DPTR FM NORMAL: -1.7 DPTR FM NORMAL: 2.03 2 = FOG REDUCING VISIBILITY
HIGHEST: 96 ON 31,30 GRTST 24HR 1.02 ON 12-12 TO 1/4 MILE OR LESS
LOWEST: 69 ON 12 3 = THUNDER
SNOW, ICE PELLETS, HAIL 4 = ICE PELLETS
TOTAL MONTH: 0.0 INCH 5 = HAIL
GRTST 24HR 0.0 6 = FREEZING RAIN OR DRIZZLE
GRTST DEPTH: 0 7 = DUSTSTORM OR SANDSTORM:
VSBY 1/2 MILE OR LESS
8 = SMOKE OR HAZE
[NO. OF DAYS WITH] [WEATHER - DAYS WITH] 9 = BLOWING SNOW
X = TORNADO
MAX 32 OR BELOW: 0 0.01 INCH OR MORE: 10
MAX 90 OR ABOVE: 24 0.10 INCH OR MORE: 9
MIN 32 OR BELOW: 0 0.50 INCH OR MORE: 4
MIN 0 OR BELOW: 0 1.00 INCH OR MORE: 1
[HDD (BASE 65) ]
TOTAL THIS MO. 0 CLEAR (SCALE 0-3) 20
DPTR FM NORMAL 0 PTCLDY (SCALE 4-7) 11
TOTAL FM JUL 1 0 CLOUDY (SCALE 8-10) 0
DPTR FM NORMAL 0
[CDD (BASE 65) ]
TOTAL THIS MO. 579
DPTR FM NORMAL -46 [PRESSURE DATA]
TOTAL FM JAN 1 1696 HIGHEST SLP 30.19 ON 14
DPTR FM NORMAL -66 LOWEST SLP 29.84 ON 6
[REMARKS]
#FINAL-07-21#