000
CXUS52 KGSP 010917
CF6CLT
PRELIMINARY LOCAL CLIMATOLOGICAL DATA (WS FORM: F-6)
STATION: CHARLOTTE NC
MONTH: JANUARY
YEAR: 2023
LATITUDE: 35 12 N
LONGITUDE: 80 57 W
TEMPERATURE IN F: :PCPN: SNOW: WIND :SUNSHINE: SKY :PK WND
================================================================================
1 2 3 4 5 6A 6B 7 8 9 10 11 12 13 14 15 16 17 18
12Z AVG MX 2MIN
DY MAX MIN AVG DEP HDD CDD WTR SNW DPTH SPD SPD DIR MIN PSBL S-S WX SPD DR
================================================================================
1 58 49 54 12 11 0 0.00 0.0 0 3.7 12 180 M M 8 12 14 190
2 69 52 61 19 4 0 0.00 0.0 0 3.8 12 180 M M 8 12 13 220
3 72 51 62 20 3 0 0.56 0.0 0 8.8 21 210 M M 8 1 27 200
4 64 57 61 19 4 0 1.37 0.0 0 10.0 21 120 M M 9 13 25 120
5 66 42 54 12 11 0 0.00 0.0 0 7.4 22 230 M M 2 32 230
6 58 33 46 4 19 0 0.00 0.0 0 2.9 10 340 M M 2 13 340
7 57 36 47 5 18 0 0.00 0.0 0 3.4 9 230 M M 7 8 16 100
8 51 40 46 4 19 0 0.26 0.0 0 5.6 15 360 M M 10 18 20 80
9 57 34 46 4 19 0 T 0.0 0 5.2 20 340 M M 5 128 23 340
10 58 31 45 3 20 0 0.00 0.0 0 3.8 13 220 M M 5 18 16 220
11 62 35 49 7 16 0 0.00 0.0 0 4.6 14 180 M M 8 16 180
12 69 51 60 18 5 0 0.68 0.0 0 10.6 33 220 M M 10 13 44 220
13 55 40 48 6 17 0 0.00 0.0 0 12.2 22 350 M M 7 30 350
14 48 31 40 -2 25 0 0.00 0.0 0 11.7 22 350 M M 4 29 340
15 57 24 41 -1 24 0 0.00 0.0 0 3.6 10 340 M M 3 14 320
16 57 26 42 0 23 0 0.00 0.0 0 3.8 8 230 M M 6 12 130
17 53 47 50 8 15 0 0.20 0.0 0 8.7 16 210 M M 10 1 22 210
18 61 50 56 14 9 0 0.00 0.0 0 4.2 9 210 M M 9 1 12 220
19 69 55 62 20 3 0 T 0.0 0 13.4 23 190 M M 8 1 31 200
20 64 44 54 12 11 0 0.00 0.0 0 6.4 14 300 M M 3 18 290
21 51 35 43 1 22 0 0.00 0.0 0 5.9 14 50 M M 8 26 60
22 44 38 41 -1 24 0 1.11 0.0 0 5.5 15 90 M M 10 1 22 90
23 53 29 41 -1 24 0 0.00 0.0 0 9.7 23 310 M M 5 1 35 340
24 55 27 41 -1 24 0 0.00 0.0 0 3.7 13 190 M M 2 18 210
25 52 39 46 4 19 0 1.12 0.0 0 6.8 21 300 M M 9 12 30 290
26 53 35 44 2 21 0 0.00 0.0 0 7.4 14 270 M M 3 23 240
27 50 26 38 -4 27 0 0.00 0.0 0 4.2 13 290 M M 1 20 290
28 59 27 43 0 22 0 0.00 0.0 0 5.3 12 180 M M 4 M M
29 58 35 47 4 18 0 0.19 0.0 0 4.6 13 170 M M 8 1 15 170
30 69 45 57 14 8 0 0.18 0.0 0 3.3 9 200 M M 8 1 15 130
31 59 50 55 12 10 0 T 0.0 0 4.6 9 180 M M 10 12 10 170
================================================================================
SM 1808 1214 495 0 5.67 0.0 194.8 M 200
================================================================================
AV 58.3 39.2 6.3 FASTST M M 6 MAX(MPH)
MISC ----> 33 220 44 220
================================================================================
NOTES:
# LAST OF SEVERAL OCCURRENCES
COLUMN 17 PEAK WIND IN M.P.H.
PRELIMINARY LOCAL CLIMATOLOGICAL DATA (WS FORM: F-6) , PAGE 2
STATION: CHARLOTTE NC
MONTH: JANUARY
YEAR: 2023
LATITUDE: 35 12 N
LONGITUDE: 80 57 W
[TEMPERATURE DATA] [PRECIPITATION DATA] SYMBOLS USED IN COLUMN 16
AVERAGE MONTHLY: 48.7 TOTAL FOR MONTH: 5.67 1 = FOG OR MIST
DPTR FM NORMAL: 6.6 DPTR FM NORMAL: 2.18 2 = FOG REDUCING VISIBILITY
HIGHEST: 72 ON 3 GRTST 24HR 2.37 ON 3- 4 TO 1/4 MILE OR LESS
LOWEST: 24 ON 15 3 = THUNDER
SNOW, ICE PELLETS, HAIL 4 = ICE PELLETS
TOTAL MONTH: 0.0 INCH 5 = HAIL
GRTST 24HR 0.0 6 = FREEZING RAIN OR DRIZZLE
GRTST DEPTH: 0 7 = DUSTSTORM OR SANDSTORM:
VSBY 1/2 MILE OR LESS
8 = SMOKE OR HAZE
[NO. OF DAYS WITH] [WEATHER - DAYS WITH] 9 = BLOWING SNOW
X = TORNADO
MAX 32 OR BELOW: 0 0.01 INCH OR MORE: 9
MAX 90 OR ABOVE: 0 0.10 INCH OR MORE: 9
MIN 32 OR BELOW: 8 0.50 INCH OR MORE: 5
MIN 0 OR BELOW: 0 1.00 INCH OR MORE: 3
[HDD (BASE 65) ]
TOTAL THIS MO. 495 CLEAR (SCALE 0-3) 5
DPTR FM NORMAL -217 PTCLDY (SCALE 4-7) 18
TOTAL FM JUL 1 1703 CLOUDY (SCALE 8-10) 8
DPTR FM NORMAL -216
[CDD (BASE 65) ]
TOTAL THIS MO. 0
DPTR FM NORMAL 0 [PRESSURE DATA]
TOTAL FM JAN 1 0 HIGHEST SLP M ON M
DPTR FM NORMAL 0 LOWEST SLP M ON M
[REMARKS]
#FINAL-01-23#