000
CXUS52 KGSP 011608
CLMCLT
CLIMATE REPORT
NATIONAL WEATHER SERVICE GREENVILLE-SPARTANBURG SC
1108 AM EST MON JAN 01 2024
...................................
...THE CHARLOTTE NC CLIMATE SUMMARY FOR THE MONTH OF DECEMBER 2023...
CLIMATE NORMAL PERIOD 1991 TO 2020
CLIMATE RECORD PERIOD 1878 TO 2023
WEATHER OBSERVED NORMAL DEPART LAST YEAR`S
VALUE DATE(S) VALUE FROM VALUE DATE(S)
NORMAL
................................................................
TEMPERATURE (F)
RECORD
HIGH 80 12/10/2007
LOW -5 12/30/1880
HIGHEST 72 12/03 MM MM 70 12/08
LOWEST 23 12/20 MM MM 9 12/24
AVG. MAXIMUM 58.2 54.9 3.3 51.6
AVG. MINIMUM 37.3 34.5 2.8 34.0
MEAN 47.7 44.7 3.0 42.8
DAYS MAX >= 90 0 0.0 0.0 0
DAYS MAX <= 32 0 0.0 0.0 1
DAYS MIN <= 32 10 14.4 -4.4 13
DAYS MIN <= 0 0 0.0 0.0 0
PRECIPITATION (INCHES)
RECORD
MAXIMUM 11.24 1931
MINIMUM 0.43 1965
TOTALS 6.32 3.57 2.75 4.56
DAILY AVG. 0.20 0.12 0.08 0.15
DAYS >= .01 10 9.6 0.4 12
DAYS >= .10 6 6.1 -0.1 8
DAYS >= .50 4 2.5 1.5 2
DAYS >= 1.00 3 1.0 2.0 2
GREATEST
24 HR. TOTAL 2.19 12/10 TO 12/11 1.71 12/22 TO 12/22
STORM TOTAL 2.12 1.71
(MM/DD(HH)) MM
SNOWFALL (INCHES)
RECORDS
TOTAL 15.0 1880
24 HR TOTAL 11.0 12/29/1880 TO 12/29/1880
SNOW DEPTH 6 12/03/1971
TOTALS 0.0 0.4 -0.4 0.0
LIQUID EQUIV 0.00 0.00 0.00 0.00
SINCE 7/1 0.0 0.5 -0.5 MM
LIQUID 7/1 0.00 0.00 0.00 MM
SNOWDEPTH AVG. 0 0
DAYS >= TRACE 0 0.3 -0.3 0
DAYS >= 1.0 0 0.1 -0.1 0
GREATEST
SNOW DEPTH 0 0 MM
24 HR TOTAL MM MM
STORM TOTAL 0.0 0.0
(MM/DD(HH)) MM
DEGREE DAYS
HEATING TOTAL 527 631 -104 678
SINCE 7/1 986 1210 -224 MM
COOLING TOTAL 0 1 -1 0
SINCE 1/1 1831 1768 63 MM
FREEZE DATES
RECORD
EARLIEST MM
LATEST MM
EARLIEST 11/02
LATEST 03/21
................................................................
WIND (MPH)
AVERAGE WIND SPEED 5.6
HIGHEST WIND SPEED/DIRECTION 28/320 DATE 12/10
28/320 12/18
HIGHEST GUST SPEED/DIRECTION 44/320 DATE 12/18
SKY COVER
POSSIBLE SUNSHINE (PERCENT) MM
AVERAGE SKY COVER 0.52
NUMBER OF DAYS FAIR 11
NUMBER OF DAYS PC 11
NUMBER OF DAYS CLOUDY 9
AVERAGE RH (PERCENT) 63
WEATHER CONDITIONS. NUMBER OF DAYS WITH
THUNDERSTORM 1 MIXED PRECIP 0
HEAVY RAIN 4 RAIN 5
LIGHT RAIN 10 FREEZING RAIN 0
LT FREEZING RAIN 0 HAIL 0
HEAVY SNOW 0 SNOW 0
LIGHT SNOW 0 SLEET 0
FOG 10 FOG W/VIS <= 1/4 MILE 1
HAZE 3
- INDICATES NEGATIVE NUMBERS.
R INDICATES RECORD WAS SET OR TIED.
MM INDICATES DATA IS MISSING.
T INDICATES TRACE AMOUNT.
$$