000
CXUS53 KILX 012300
CF6CMI
PRELIMINARY LOCAL CLIMATOLOGICAL DATA (WS FORM: F-6)

                                          STATION:   CHAMPAIGN IL AIRPORT
                                          MONTH:     NOVEMBER
                                          YEAR:      2016
                                          LATITUDE:   40  1 N
                                          LONGITUDE:  88 17 W

  TEMPERATURE IN F:       :PCPN:    SNOW:  WIND      :SUNSHINE: SKY     :PK WND
================================================================================
1   2   3   4   5  6A  6B    7    8   9   10  11  12  13   14  15   16   17  18
                                     12Z  AVG MX 2MIN
DY MAX MIN AVG DEP HDD CDD  WTR  SNW DPTH SPD SPD DIR MIN PSBL S-S WX    SPD DR
================================================================================

 1  81  60  71  23   0   6 0.00    M    M 13.3 24 200   M    M   0        31 190
 2  78  61  70  22   0   5 0.31    M    M 11.5 30 290   M    M   5 13     36 290
 3  66  49  58  11   7   0    T    M    M  9.0 16 360   M    M   6 1      20  10
 4  63  43  53   6  12   0 0.00    M    M  6.3 14  40   M    M   0 8      17  40
 5  63  40  52   5  13   0 0.00    M    M  4.0 10 220   M    M   0        13 240
 6  68  42  55   9  10   0 0.00    M    M  5.9 14 120   M    M   0 1      17 120
 7  69  40  55   9  10   0 0.00    M    M  6.5 12 190   M    M   1        14 210
 8  58  40  49   4  16   0 0.40    M    M  8.2 21 360   M    M   6 1      31 350
 9  57  38  48   3  17   0 0.00    M    M  8.0 15 350   M    M   1        21 260
10  60  34  47   3  18   0 0.00    M    M 12.0 23 230   M    M   0        28 220
11  58  34  46   2  19   0    T    M    M 13.0 24  20   M    M   1        29  20
12  52  29  41  -3  24   0 0.00    M    M  4.0  9  20   M    M   0        11  20
13  57  27  42  -1  23   0 0.00    M    M  9.0 16 230   M    M   0 8      18 190
14  64  36  50   8  15   0 0.00    M    M  9.2 18 210   M    M   1 8      22 190
15  59  36  48   6  17   0 0.00    M    M  6.8 13 290   M    M   1 12     25  50
16  65  37  51   9  14   0 0.00    M    M  4.7 13 140   M    M   0 18     15 140
17  75  42  59  18   6   0 0.00    M    M 14.6 25 180   M    M   0 1      30 170
18  70  40  55  15  10   0 0.45    M    M 20.7 36 210   M    M   5 13     45 230
19  40  27  34  -6  31   0 0.00    M    M 20.5 36 280   M    M   7        43 280
20  37  22  30 -10  35   0 0.00    M    M  7.2 14 320   M    M   0        19 300
21  43  22  33  -6  32   0 0.00    M    M  4.2  8  70   M    M   0        10 120
22  49  30  40   2  25   0 0.26    M    M 12.8 21 110   M    M   3        34 140
23  48  39  44   6  21   0 0.49    M    M 13.6 20 280   M    M  10 18     25 280
24  43  38  41   3  24   0 0.00    M    M  9.3 21 290   M    M  10 18     25 290
25  41  38  40   3  25   0 0.00    M    M  7.1 14 270   M    M  10 18     16 270
26  49  32  41   5  24   0 0.00    M    M  9.2 15 180   M    M   3 18     19 190
27  44  32  38   2  27   0 0.05    M    M 15.2 26 160   M    M   7 128    32 160
28  51  43  47  12  18   0 0.89    M    M 22.4 33 170   M    M   9 1      43 170
29  58  43  51  16  14   0 0.00    M    M 14.7 24 220   M    M   1        30 210
30  46  32  39   5  26   0    T    M    M 12.5 22 250   M    M   5        27 280
================================================================================
SM 1712 1126       533  11  2.85    M    315.4          M       92
================================================================================
AV 57.1 37.5                              10.5 FASTST   M    M   3    MAX(MPH)
                                 MISC ---->  # 36 210               # 45  230
================================================================================
NOTES:
# LAST OF SEVERAL OCCURRENCES

COLUMN 17 PEAK WIND IN M.P.H.

PRELIMINARY LOCAL CLIMATOLOGICAL DATA (WS FORM: F-6) , PAGE 2

                                          STATION:  CHAMPAIGN IL AIRPORT
                                          MONTH:    NOVEMBER
                                          YEAR:     2016
                                          LATITUDE:   40  1 N
                                          LONGITUDE:  88 17 W

[TEMPERATURE DATA]      [PRECIPITATION DATA]       SYMBOLS USED IN COLUMN 16

AVERAGE MONTHLY: 47.3   TOTAL FOR MONTH:   2.85    1 = FOG OR MIST
DPTR FM NORMAL:   5.7   DPTR FM NORMAL:   -0.65    2 = FOG REDUCING VISIBILITY
HIGHEST:    81 ON  1    GRTST 24HR  0.93 ON 27-28      TO 1/4 MILE OR LESS
LOWEST:     22 ON 21,20                            3 = THUNDER
                        SNOW, ICE PELLETS, HAIL    4 = ICE PELLETS
                        TOTAL MONTH:    M          5 = HAIL
                        GRTST 24HR    M  ON   M    6 = FREEZING RAIN OR DRIZZLE
                        GRTST DEPTH:  M  ON   M    7 = DUSTSTORM OR SANDSTORM:
                                                       VSBY 1/2 MILE OR LESS
                                                   8 = SMOKE OR HAZE
[NO. OF DAYS WITH]      [WEATHER - DAYS WITH]      9 = BLOWING SNOW
                                                   X = TORNADO
MAX 32 OR BELOW:   0    0.01 INCH OR MORE:   7
MAX 90 OR ABOVE:   0    0.10 INCH OR MORE:   6
MIN 32 OR BELOW:   9    0.50 INCH OR MORE:   1
MIN  0 OR BELOW:   0    1.00 INCH OR MORE:   0

[HDD (BASE 65) ]
TOTAL THIS MO.   533    CLEAR  (SCALE 0-3)  18
DPTR FM NORMAL  -170    PTCLDY (SCALE 4-7)   8
TOTAL FM JUL 1   733    CLOUDY (SCALE 8-10)  4
DPTR FM NORMAL  -431

[CDD (BASE 65) ]
TOTAL THIS MO.    11
DPTR FM NORMAL    10    [PRESSURE DATA]
TOTAL FM JAN 1  1284    HIGHEST SLP 30.51 ON 12
DPTR FM NORMAL   339    LOWEST  SLP 29.21 ON 28

[REMARKS]
#FINAL-11-16#
