000
CXUS53 KILX 012300
CF6CMI
PRELIMINARY LOCAL CLIMATOLOGICAL DATA (WS FORM: F-6)

                                          STATION:   CHAMPAIGN IL AIRPORT
                                          MONTH:     MAY
                                          YEAR:      2014
                                          LATITUDE:   40  1 N
                                          LONGITUDE:  88 17 W

  TEMPERATURE IN F:       :PCPN:    SNOW:  WIND      :SUNSHINE: SKY     :PK WND
================================================================================
1   2   3   4   5  6A  6B    7    8   9   10  11  12  13   14  15   16   17  18
                                     12Z  AVG MX 2MIN
DY MAX MIN AVG DEP HDD CDD  WTR  SNW DPTH SPD SPD DIR MIN PSBL S-S WX    SPD DR
================================================================================

 1  52  41  47 -11  18   0    T    M    M 14.6 26 230   M    M   9        33 240
 2  56  45  51  -7  14   0 0.01    M    M 11.8 18 220   M    M   9        23 230
 3  71  46  59   1   6   0    T    M    M 14.0 23 300   M    M   1        29 290
 4  70  46  58  -1   7   0 0.00    M    M 12.5 24  60   M    M   1        31  50
 5  76  47  62   3   3   0 0.00    M    M 14.0 23 110   M    M   0        28  50
 6  82  49  66   6   0   1 0.00    M    M 16.8 24 120   M    M   0        29 100
 7  89  63  76  16   0  11 0.00    M    M 17.0 26 190   M    M   0        31 180
 8  92  65  79  19   0  14 0.01    M    M 20.6 35 200   M    M   1        41 190
 9  81  54  68   7   0   3 0.17    M    M 15.0 33 180   M    M   6 13     39 190
10  78  53  66   5   0   1    T    M    M  7.1 15 140   M    M   0 3      19 300
11  85  58  72  11   0   7 0.35    M    M 13.3 28 140   M    M   2 13     32 140
12  87  67  77  15   0  12 0.02    M    M 18.5 31 180   M    M   5 3      36 180
13  70  52  61  -1   4   0 0.15    M    M 11.1 20 270   M    M   8 13     23 280
14  54  45  50 -12  15   0 0.55    M    M 14.1 24  20   M    M   7 1      32  20
15  59  45  52 -11  13   0 0.38    M    M 13.4 26 330   M    M  10 1      33 340
16  53  39  46 -17  19   0 0.06    M    0 10.3 21 320   M    M   8 1      26 310
17  59  37  48 -16  17   0 0.00    M    M  6.2 21 290   M    M   4 1      24 290
18  67  38  53 -11  12   0 0.00    M    M  6.0 13 150   M    M   0        18 150
19  75  43  59  -5   6   0    T    M    M 13.9 26 150   M    M   2        32 170
20  87  58  73   9   0   8 0.00    M    M 15.3 24 180   M    M   4        30 220
21  91  66  79  14   0  14 3.76    M    M 13.0 52 280   M    M   3 12358  64 290
22  77  56  67   2   0   2 0.00    M    M  8.5 18 320   M    M   0        25 350
23  78  54  66   0   0   1 0.00    M    M  6.2 18  40   M    M   0        24  40
24  78  51  65  -1   0   0 0.00    M    M  5.8 12  80   M    M   0        17  80
25  82  61  72   6   0   7 0.00    M    M  7.9 20 170   M    M   0        23 170
26  89  60  75   9   0  10 0.00    M    M 11.0 24 220   M    M   1        30 210
27  88  67  78  11   0  13 0.48    M    M  9.8 33 230   M    M   2 13     40 220
28  88  65  77  10   0  12    T    M    M  7.2 22 180   M    M   4        25 200
29  85  64  75   7   0  10 0.70    M    M  7.9 21 200   M    M   2 138    23 200
30  87  64  76   8   0  11 0.00    M    M 10.4 16  70   M    M   1 1      23 100
31  90  63  77   9   0  12 0.00    M    M 10.3 18 140   M    M   1        22 120
================================================================================
SM 2376 1662       134 149  6.64    M    363.5          M       91
================================================================================
AV 76.6 53.6                              11.7 FASTST   M    M   3    MAX(MPH)
                                 MISC ---->  # 52 280               # 64  290
================================================================================
NOTES:
# LAST OF SEVERAL OCCURRENCES

COLUMN 17 PEAK WIND IN M.P.H.

PRELIMINARY LOCAL CLIMATOLOGICAL DATA (WS FORM: F-6) , PAGE 2

                                          STATION:  CHAMPAIGN IL AIRPORT
                                          MONTH:    MAY
                                          YEAR:     2014
                                          LATITUDE:   40  1 N
                                          LONGITUDE:  88 17 W

[TEMPERATURE DATA]      [PRECIPITATION DATA]       SYMBOLS USED IN COLUMN 16

AVERAGE MONTHLY: 65.1   TOTAL FOR MONTH:   6.64    1 = FOG OR MIST
DPTR FM NORMAL:   2.0   DPTR FM NORMAL:    2.09    2 = FOG REDUCING VISIBILITY
HIGHEST:    92 ON  8    GRTST 24HR  3.76 ON 21-21      TO 1/4 MILE OR LESS
LOWEST:     37 ON 17                               3 = THUNDER
                        SNOW, ICE PELLETS, HAIL    4 = ICE PELLETS
                        TOTAL MONTH:    M          5 = HAIL
                        GRTST 24HR    M  ON   M    6 = FREEZING RAIN OR DRIZZLE
                        GRTST DEPTH:   0           7 = DUSTSTORM OR SANDSTORM:
                                                       VSBY 1/2 MILE OR LESS
                                                   8 = SMOKE OR HAZE
[NO. OF DAYS WITH]      [WEATHER - DAYS WITH]      9 = BLOWING SNOW
                                                   X = TORNADO
MAX 32 OR BELOW:   0    0.01 INCH OR MORE:  12
MAX 90 OR ABOVE:   3    0.10 INCH OR MORE:   8
MIN 32 OR BELOW:   0    0.50 INCH OR MORE:   3
MIN  0 OR BELOW:   0    1.00 INCH OR MORE:   1

[HDD (BASE 65) ]
TOTAL THIS MO.   134    CLEAR  (SCALE 0-3)  19
DPTR FM NORMAL    -8    PTCLDY (SCALE 4-7)   9
TOTAL FM JUL 1  6486    CLOUDY (SCALE 8-10)  3
DPTR FM NORMAL   680

[CDD (BASE 65) ]
TOTAL THIS MO.   149
DPTR FM NORMAL    68    [PRESSURE DATA]
TOTAL FM JAN 1   152    HIGHEST SLP 30.31 ON 18
DPTR FM NORMAL    60    LOWEST  SLP 29.74 ON  9

[REMARKS]
#FINAL-05-14#
