000
CXUS53 KILX 012300
CF6CMI
PRELIMINARY LOCAL CLIMATOLOGICAL DATA (WS FORM: F-6)

                                          STATION:   CHAMPAIGN IL AIRPORT
                                          MONTH:     MARCH
                                          YEAR:      2016
                                          LATITUDE:   40  1 N
                                          LONGITUDE:  88 17 W

  TEMPERATURE IN F:       :PCPN:    SNOW:  WIND      :SUNSHINE: SKY     :PK WND
================================================================================
1   2   3   4   5  6A  6B    7    8   9   10  11  12  13   14  15   16   17  18
                                     12Z  AVG MX 2MIN
DY MAX MIN AVG DEP HDD CDD  WTR  SNW DPTH SPD SPD DIR MIN PSBL S-S WX    SPD DR
================================================================================

 1  50  26  38   3  27   0 0.01    M    M 16.1 33 320   M    M   7 1      41 310
 2  38  15  27  -8  38   0    T    M    M  8.9 17 290   M    M   5        20 290
 3  41  32  37   1  28   0 0.16    M    M 10.2 20  10   M    M  10 1      24 360
 4  41  27  34  -2  31   0    T    M    M  7.3 18 350   M    M   4 1      25 360
 5  46  34  40   4  25   0 0.00    M    M 11.2 20 330   M    M  10 18     25 310
 6  56  27  42   5  23   0 0.00    M    M 12.9 23 170   M    M   2 128    28 160
 7  66  44  55  18  10   0 0.14    M    M 15.4 28 190   M    M   5 1      33 180
 8  72  54  63  25   2   0 0.00    M    M 17.6 33 200   M    M   4        39 180
 9  67  57  62  24   3   0 0.02    M    M 13.1 35 170   M    M   9 1      43 170
10  57  42  50  12  15   0 0.17    M    M  9.6 17 360   M    M   8 1      21 350
11  58  37  48   9  17   0 0.00    M    M  7.7 15  50   M    M   0        19  60
12  59  44  52  13  13   0 0.10    M    M  8.7 14  70   M    M   7 18     16  70
13  64  53  59  19   6   0 0.52    M    M  7.5 15 250   M    M   9 12     18 240
14  59  43  51  11  14   0 0.01    M    M  4.9 13 310   M    M   9 12     15 270
15  75  43  59  19   6   0 0.00    M    M 15.5 36 240   M    M   4 12     44 260
16  63  36  50   9  15   0 0.00    M    M 22.3 35 250   M    M   3        46 260
17  62  34  48   7  17   0 0.00    M    M 10.3 26 270   M    M   2        33 280
18  53  31  42   0  23   0 0.00    M    M  7.9 16 320   M    M   5        19 320
19  50  37  44   2  21   0 0.01    M    M  8.4 15 320   M    M  10        18 320
20  47  31  39  -3  26   0 0.00    M    M 11.4 23 310   M    M   7        28 320
21  53  27  40  -3  25   0 0.00    M    M 10.7 20 280   M    M   0        32 270
22  67  39  53  10  12   0 0.00    M    M 19.8 33 190   M    M   0        41 190
23  67  53  60  17   5   0    T    M    M 19.8 31 200   M    M   5        38 200
24  63  32  48   4  17   0 0.22    M    M 19.1 35 250   M    M   9 13     43 250
25  47  31  39  -5  26   0 0.00    M    M  8.6 21 340   M    M   6        23 330
26  63  30  47   3  18   0 0.00    M    M  9.4 18 150   M    M   0        23 140
27  69  37  53   8  12   0 0.53    M    M 13.5 32 310   M    M   4 1      41 310
28  56  39  48   3  17   0 0.00    M    M 10.3 20 280   M    M   6        24 280
29  59  33  46   0  19   0 0.00    M    M  9.4 18 100   M    M   0 1      26 100
30  60  37  49   3  16   0 0.65    M    M 14.5 31 170   M    M   7 13     37 170
31  70  44  57  11   8   0 0.51    M    M 18.7 36 200   M    M   6 13     45 170
================================================================================
SM 1798 1149       535   0  3.05    M    380.7          M      163
================================================================================
AV 58.0 37.1                              12.3 FASTST   M    M   5    MAX(MPH)
                                 MISC ---->  # 36 240               # 46  260
================================================================================
NOTES:
# LAST OF SEVERAL OCCURRENCES

COLUMN 17 PEAK WIND IN M.P.H.

PRELIMINARY LOCAL CLIMATOLOGICAL DATA (WS FORM: F-6) , PAGE 2

                                          STATION:  CHAMPAIGN IL AIRPORT
                                          MONTH:    MARCH
                                          YEAR:     2016
                                          LATITUDE:   40  1 N
                                          LONGITUDE:  88 17 W

[TEMPERATURE DATA]      [PRECIPITATION DATA]       SYMBOLS USED IN COLUMN 16

AVERAGE MONTHLY: 47.5   TOTAL FOR MONTH:   3.05    1 = FOG OR MIST
DPTR FM NORMAL:   6.9   DPTR FM NORMAL:    0.30    2 = FOG REDUCING VISIBILITY
HIGHEST:    75 ON 15    GRTST 24HR  1.14 ON 30-31      TO 1/4 MILE OR LESS
LOWEST:     15 ON  2                               3 = THUNDER
                        SNOW, ICE PELLETS, HAIL    4 = ICE PELLETS
                        TOTAL MONTH:    M          5 = HAIL
                        GRTST 24HR    M  ON   M    6 = FREEZING RAIN OR DRIZZLE
                        GRTST DEPTH:  M  ON   M    7 = DUSTSTORM OR SANDSTORM:
                                                       VSBY 1/2 MILE OR LESS
                                                   8 = SMOKE OR HAZE
[NO. OF DAYS WITH]      [WEATHER - DAYS WITH]      9 = BLOWING SNOW
                                                   X = TORNADO
MAX 32 OR BELOW:   0    0.01 INCH OR MORE:  13
MAX 90 OR ABOVE:   0    0.10 INCH OR MORE:   9
MIN 32 OR BELOW:  11    0.50 INCH OR MORE:   4
MIN  0 OR BELOW:   0    1.00 INCH OR MORE:   0

[HDD (BASE 65) ]
TOTAL THIS MO.   535    CLEAR  (SCALE 0-3)   8
DPTR FM NORMAL  -221    PTCLDY (SCALE 4-7)  16
TOTAL FM JUL 1  4222    CLOUDY (SCALE 8-10)  7
DPTR FM NORMAL -1036

[CDD (BASE 65) ]
TOTAL THIS MO.     0
DPTR FM NORMAL    -1    [PRESSURE DATA]
TOTAL FM JAN 1     0    HIGHEST SLP 30.37 ON 11
DPTR FM NORMAL    -1    LOWEST  SLP 29.33 ON 31

[REMARKS]
#FINAL-03-16#
