000
CXUS53 KILX 012300
CF6CMI
PRELIMINARY LOCAL CLIMATOLOGICAL DATA (WS FORM: F-6)

                                          STATION:   CHAMPAIGN IL AIRPORT
                                          MONTH:     APRIL
                                          YEAR:      2014
                                          LATITUDE:   40  1 N
                                          LONGITUDE:  88 17 W

  TEMPERATURE IN F:       :PCPN:    SNOW:  WIND      :SUNSHINE: SKY     :PK WND
================================================================================
1   2   3   4   5  6A  6B    7    8   9   10  11  12  13   14  15   16   17  18
                                     12Z  AVG MX 2MIN
DY MAX MIN AVG DEP HDD CDD  WTR  SNW DPTH SPD SPD DIR MIN PSBL S-S WX    SPD DR
================================================================================

 1  57  35  46  -1  19   0 0.03    M    M 14.7 30 270   M    M   2        38 270
 2  54  42  48   1  17   0 0.47    M    M 11.5 24 100   M    M   9 13     29  90
 3  54  44  49   2  16   0 0.64    M    M 13.3 33 320   M    M  10 13     42 320
 4  56  37  47  -1  18   0    T    M    M 21.4 38 270   M    M   9 1      47 270
 5  53  29  41  -7  24   0 0.00    M    M  5.2 18 310   M    M   2        22 310
 6  58  30  44  -4  21   0 0.00    M    M  8.1 15 100   M    M   0        27 100
 7  51  42  47  -2  18   0 0.20    M    M 10.9 22 360   M    M   8 1      27 350
 8  62  37  50   1  15   0 0.04    M    M 10.6 20 340   M    M   2 18     26 330
 9  63  31  47  -2  18   0 0.00    M    M 10.3 20 220   M    M   0        25 230
10  76  46  61  11   4   0    T    M    M 15.3 32 200   M    M   4 18     41 200
11  71  40  56   6   9   0    T    M    M  7.7 13 330   M    M   1 8      17 320
12  80  43  62  12   3   0 0.00    M    M 17.7 36 200   M    M   2        44 190
13  74  61  68  17   0   3 0.19    M    M 20.6 33 180   M    M   6 138    43 170
14  63  32  48  -3  17   0 0.17    M    M 17.8 36 170   M    M   9 1      44 170
15  43  29  36 -16  29   0 0.00    M    M 11.5 22 330   M    M   5        26 330
16  54  28  41 -11  24   0 0.00    M    M 14.0 25 150   M    M   0        32 150
17  66  33  50  -2  15   0 0.00    M    M 11.2 23 210   M    M   1        28 220
18  69  40  55   2  10   0 0.00    M    M  8.4 20  50   M    M   1        25  50
19  74  36  55   2  10   0 0.00    M    M 10.6 17  50   M    M   0        22  50
20  80  41  61   8   4   0 0.00    M    M  9.3 16 190   M    M   0        25 190
21  74  53  64  10   1   0    T    M    M 10.8 22 260   M    M   3 1      27 270
22  66  42  54   0  11   0 0.00    M    M 14.1 24 350   M    M   1 1      30 340
23  63  36  50  -5  15   0 0.01    M    M  9.2 21  50   M    M   2        26  50
24  74  47  61   6   4   0 0.10    M    M 15.5 28 150   M    M   4 1      36 140
25  74  51  63   8   2   0 0.21    M    M 14.1 28 310   M    M   3 1      32 320
26  83  46  65   9   0   0 0.00    M    M 11.0 24  60   M    M   0        28  60
27  78  51  65   9   0   0 0.51    M    M 17.7 29 160   M    M   4 13     35  90
28  73  54  64   8   1   0 1.13    M    M 16.7 33 160   M    M   8 13     40 160
29  68  49  59   2   6   0 0.05    M    M 14.5 31 180   M    M   5 13     38 180
30  51  45  48  -9  17   0 0.01    M    M 11.8 20 250   M    M   9 1      24 260
================================================================================
SM 1962 1230       348   3  3.76    M    385.5          M      110
================================================================================
AV 65.4 41.0                              12.9 FASTST   M    M   4    MAX(MPH)
                                 MISC ---->  # 38 270               # 47  270
================================================================================
NOTES:
# LAST OF SEVERAL OCCURRENCES

COLUMN 17 PEAK WIND IN M.P.H.

PRELIMINARY LOCAL CLIMATOLOGICAL DATA (WS FORM: F-6) , PAGE 2

                                          STATION:  CHAMPAIGN IL AIRPORT
                                          MONTH:    APRIL
                                          YEAR:     2014
                                          LATITUDE:   40  1 N
                                          LONGITUDE:  88 17 W

[TEMPERATURE DATA]      [PRECIPITATION DATA]       SYMBOLS USED IN COLUMN 16

AVERAGE MONTHLY: 53.2   TOTAL FOR MONTH:   3.76    1 = FOG OR MIST
DPTR FM NORMAL:   1.4   DPTR FM NORMAL:   -0.03    2 = FOG REDUCING VISIBILITY
HIGHEST:    83 ON 26    GRTST 24HR  1.17 ON 27-28      TO 1/4 MILE OR LESS
LOWEST:     28 ON 16                               3 = THUNDER
                        SNOW, ICE PELLETS, HAIL    4 = ICE PELLETS
                        TOTAL MONTH:    M          5 = HAIL
                        GRTST 24HR    M  ON   M    6 = FREEZING RAIN OR DRIZZLE
                        GRTST DEPTH:  M  ON   M    7 = DUSTSTORM OR SANDSTORM:
                                                       VSBY 1/2 MILE OR LESS
                                                   8 = SMOKE OR HAZE
[NO. OF DAYS WITH]      [WEATHER - DAYS WITH]      9 = BLOWING SNOW
                                                   X = TORNADO
MAX 32 OR BELOW:   0    0.01 INCH OR MORE:  14
MAX 90 OR ABOVE:   0    0.10 INCH OR MORE:   9
MIN 32 OR BELOW:   6    0.50 INCH OR MORE:   3
MIN  0 OR BELOW:   0    1.00 INCH OR MORE:   1

[HDD (BASE 65) ]
TOTAL THIS MO.   348    CLEAR  (SCALE 0-3)  16
DPTR FM NORMAL   -58    PTCLDY (SCALE 4-7)   7
TOTAL FM JUL 1  6352    CLOUDY (SCALE 8-10)  7
DPTR FM NORMAL   688

[CDD (BASE 65) ]
TOTAL THIS MO.     3
DPTR FM NORMAL    -7    [PRESSURE DATA]
TOTAL FM JAN 1     3    HIGHEST SLP 30.34 ON 16
DPTR FM NORMAL    -8    LOWEST  SLP 29.42 ON 14

[REMARKS]
#FINAL-04-14#
