000
CXUS53 KILX 022058
CF6CMI
PRELIMINARY LOCAL CLIMATOLOGICAL DATA (WS FORM: F-6)

                                          STATION:   CHAMPAIGN IL AIRPORT
                                          MONTH:     NOVEMBER
                                          YEAR:      2013
                                          LATITUDE:   40  1 N
                                          LONGITUDE:  88 17 W

  TEMPERATURE IN F:       :PCPN:    SNOW:  WIND      :SUNSHINE: SKY     :PK WND
================================================================================
1   2   3   4   5  6A  6B    7    8   9   10  11  12  13   14  15   16   17  18
                                     12Z  AVG MX 2MIN
DY MAX MIN AVG DEP HDD CDD  WTR  SNW DPTH SPD SPD DIR MIN PSBL S-S WX    SPD DR
================================================================================

 1  54  40  47  -1  18   0 0.02    M    M 11.6 22 280   M    M   7 18     25 280
 2  51  31  41  -7  24   0    T    M    M  7.7 21 300   M    M   5 1       M  M
 3  55  29  42  -5  23   0 0.00    M    M  6.7 15 140   M    M   0 1      21 140
 4  60  40  50   3  15   0 0.00    M    M 13.3 23 180   M    M   3        28 180
 5  59  50  55   8  10   0 0.06    M    M 11.8 23 170   M    M   9 1      28 170
 6  58  35  47   1  18   0 0.26    M    M 16.4 28 190   M    M   8 1      36 280
 7  51  27  39  -7  26   0 0.00    M    M  9.5 23 280   M    M   1        29 280
 8  53  25  39  -6  26   0 0.00    M    M  9.4 22 180   M    M   1        28 170
 9  64  38  51   6  14   0 0.00    M    M 15.1 26 250   M    M   0        32 250
10  50  30  40  -4  25   0 0.00    M    M  8.1 16 320   M    M   0 18     22 320
11  53  28  41  -3  24   0 0.10    M    M 14.6 26 360   M    M  10 18     33  10
12  33  19  26 -18  39   0 0.00    M    M 11.7 23 350   M    M   2        29 360
13  39  16  28 -15  37   0 0.00    M    M 11.0 20 200   M    M   0        24 210
14  54  27  41  -1  24   0 0.00    M    M 15.0 25 190   M    M   0        32 200
15  53  38  46   4  19   0 0.00    M    M 11.6 18 190   M    M   4        22 210
16  63  44  54  12  11   0 0.03    M    M 19.9 32 160   M    M   9 1      41 150
17  71  41  56  15   9   0 0.06    M    M 21.7 46 270   M    M   5 13     59 260
18  50  27  39  -1  26   0 0.00    M    M 14.0 30 290   M    M   0        37 280
19  45  21  33  -7  32   0 0.00    M    M  6.8 14  70   M    M   0        17  60
20  45  24  35  -5  30   0 0.06    M    M 10.0 21 140   M    M   3        25 120
21  49  43  46   7  19   0 0.48    M    0  7.5 16 170   M    M  10 12     21 170
22  48  28  38   0  27   0 0.06    M    0 11.6 21 360   M    M   9 12     26 340
23  29  15  22 -16  43   0 0.00    M    M 14.6 26 330   M    M   3        35 320
24  27   9  18 -20  47   0 0.00    M    M  6.0 14 350   M    M   0 8      17 340
25  34  22  28  -9  37   0    T    M    M 11.7 21 200   M    M   7        25 200
26  39  21  30  -6  35   0 0.00    M    M 11.8 26 320   M    M   9        35 350
27  29  13  21 -15  44   0 0.00    M    M 12.9 23 320   M    M   0        29 320
28  40  16  28  -7  37   0 0.00    M    M 11.2 23 190   M    M   1        29 200
29  40  15  28  -7  37   0 0.00    M    M  7.3 13 130   M    M   0        17 110
30  52  25  39   5  26   0 0.00    M    M 11.4 20 190   M    M   0        23 220
================================================================================
SM 1448  837       802   0  1.13    M    351.9          M      106
================================================================================
AV 48.3 27.9                              11.7 FASTST   M    M   4    MAX(MPH)
                                 MISC ---->  # 46 270               # 59  260
================================================================================
NOTES:
# LAST OF SEVERAL OCCURRENCES

COLUMN 17 PEAK WIND IN M.P.H.

PRELIMINARY LOCAL CLIMATOLOGICAL DATA (WS FORM: F-6) , PAGE 2

                                          STATION:  CHAMPAIGN IL AIRPORT
                                          MONTH:    NOVEMBER
                                          YEAR:     2013
                                          LATITUDE:   40  1 N
                                          LONGITUDE:  88 17 W

[TEMPERATURE DATA]      [PRECIPITATION DATA]       SYMBOLS USED IN COLUMN 16

AVERAGE MONTHLY: 38.1   TOTAL FOR MONTH:   1.13    1 = FOG OR MIST
DPTR FM NORMAL:  -3.5   DPTR FM NORMAL:   -2.37    2 = FOG REDUCING VISIBILITY
HIGHEST:    71 ON 17    GRTST 24HR  1.56 ON 31- 1      TO 1/4 MILE OR LESS
LOWEST:      9 ON 24                               3 = THUNDER
                        SNOW, ICE PELLETS, HAIL    4 = ICE PELLETS
                        TOTAL MONTH:    M          5 = HAIL
                        GRTST 24HR    M  ON   M    6 = FREEZING RAIN OR DRIZZLE
                        GRTST DEPTH:   0           7 = DUSTSTORM OR SANDSTORM:
                                                       VSBY 1/2 MILE OR LESS
                                                   8 = SMOKE OR HAZE
[NO. OF DAYS WITH]      [WEATHER - DAYS WITH]      9 = BLOWING SNOW
                                                   X = TORNADO
MAX 32 OR BELOW:   3    0.01 INCH OR MORE:   9
MAX 90 OR ABOVE:   0    0.10 INCH OR MORE:   3
MIN 32 OR BELOW:  21    0.50 INCH OR MORE:   0
MIN  0 OR BELOW:   0    1.00 INCH OR MORE:   0

[HDD (BASE 65) ]
TOTAL THIS MO.   802    CLEAR  (SCALE 0-3)  17
DPTR FM NORMAL    99    PTCLDY (SCALE 4-7)   7
TOTAL FM JUL 1  1194    CLOUDY (SCALE 8-10)  6
DPTR FM NORMAL    30

[CDD (BASE 65) ]
TOTAL THIS MO.     0
DPTR FM NORMAL    -1    [PRESSURE DATA]
TOTAL FM JAN 1  1067    HIGHEST SLP 30.78 ON 24
DPTR FM NORMAL   122    LOWEST  SLP 29.26 ON 17

[REMARKS]
#FINAL-11-13#
