000
CXUS53 KILX 012300
CF6CMI
PRELIMINARY LOCAL CLIMATOLOGICAL DATA (WS FORM: F-6)

                                          STATION:   CHAMPAIGN IL AIRPORT
                                          MONTH:     JANUARY
                                          YEAR:      2014
                                          LATITUDE:   40  1 N
                                          LONGITUDE:  88 17 W

  TEMPERATURE IN F:       :PCPN:    SNOW:  WIND      :SUNSHINE: SKY     :PK WND
================================================================================
1   2   3   4   5  6A  6B    7    8   9   10  11  12  13   14  15   16   17  18
                                     12Z  AVG MX 2MIN
DY MAX MIN AVG DEP HDD CDD  WTR  SNW DPTH SPD SPD DIR MIN PSBL S-S WX    SPD DR
================================================================================

 1  35  20  28   2  37   0 0.04    M    0 10.2 20  30   M    M   4 1      23  30
 2  20  -2   9 -17  56   0    M    M    M 16.4 24 340   M    M   8 18     29 330
 3  20 -10   5 -21  60   0 0.00    M    M 12.2 26 170   M    M   1        33 170
 4  36  20  28   2  37   0 0.00    M    M 17.6 31 180   M    M   3 1      38 180
 5  33  -1  16  -9  49   0    M    M    M 21.3 43 320   M    M  10 1289   53 320
 6  -1 -13  -7 -32  72   0 0.00    M    M 20.7 35 300   M    M   5 89     43 290
 7  11 -10   1 -24  64   0 0.00    M    M 11.7 18 170   M    M   4        23 170
 8  21   3  12 -13  53   0 0.00    M    M  4.8 12 350   M    M   7        13  50
 9  32  15  24  -1  41   0    T    M    M 11.4 17 180   M    M   9 18     21 180
10  41  32  37  12  28   0 0.56    M    M 14.4 24 160   M    M  10 123    31 170
11  41  31  36  11  29   0 0.03    M    M 14.9 24 270   M    M   8 128    30 300
12  44  29  37  12  28   0 0.00    M    M 16.5 26 160   M    M   4 1      33 170
13  51  26  39  14  26   0 0.00    M    M 14.7 26 180   M    M   0 1      32 180
14  38  25  32   7  33   0 0.02    M    M 16.5 32 280   M    M   5 1      39 280
15  26  15  21  -4  44   0    T    M    M 11.4 25 290   M    M   7 1      29 290
16  37  20  29   4  36   0    M    M    M 16.9 29 260   M    M  10 12     38 260
17  32   9  21  -4  44   0    T    M    M 16.5 32 310   M    M   9 18     41 310
18  29   9  19  -6  46   0 0.01    M    M 11.9 24 140   M    M   7 18     29 140
19  38  16  27   2  38   0 0.00    M    M 16.3 28 210   M    M   2 1      37 220
20  41  26  34   9  31   0    M    M    M  9.0 22  30   M    M   3 1      28  20
21  28   0  14 -11  51   0    M    M    M 15.1 31 350   M    M   3 18     38 350
22  21  -3   9 -16  56   0    T    M    0 14.9 30 300   M    M   9 19     37 290
23   6  -8  -1 -26  66   0 0.00    M    M 15.5 24 310   M    M   1        31 300
24  26  -8   9 -16  56   0    T    M    M 20.9 36 200   M    M   3 1      45 200
25  34   6  20  -5  45   0    T    M    M 18.9 38 290   M    M   3 189    46 300
26  44  13  29   4  36   0    T    M    M 18.3 45 320   M    M   7 1      54 320
27  16  -2   7 -19  58   0    T    M    M 18.4 39 310   M    M   3 8      49 310
28  14  -7   4 -22  61   0 0.00    M    M  7.3 16 270   M    M   0        22 280
29  30   3  17  -9  48   0 0.00    M    M 13.7 23 220   M    M   0        29 240
30  37  19  28   2  37   0 0.00  0.0    0 20.6 37 180   M    M   4        45 180
31  31  22  27   1  38   0 0.05    M    0  8.3 15 350   M    M   9 18     16 350
================================================================================
SM  912  295      1404   0  0.71     0.0 457.2          M      158
================================================================================
AV 29.4  9.5                              14.7 FASTST   M    M   5    MAX(MPH)
                                 MISC ---->  # 45 320               # 54  320
================================================================================
NOTES:
# LAST OF SEVERAL OCCURRENCES

COLUMN 17 PEAK WIND IN M.P.H.

PRELIMINARY LOCAL CLIMATOLOGICAL DATA (WS FORM: F-6) , PAGE 2

                                          STATION:  CHAMPAIGN IL AIRPORT
                                          MONTH:    JANUARY
                                          YEAR:     2014
                                          LATITUDE:   40  1 N
                                          LONGITUDE:  88 17 W

[TEMPERATURE DATA]      [PRECIPITATION DATA]       SYMBOLS USED IN COLUMN 16

AVERAGE MONTHLY: 19.5   TOTAL FOR MONTH:   0.71    1 = FOG OR MIST
DPTR FM NORMAL:  -5.8   DPTR FM NORMAL:   -1.34    2 = FOG REDUCING VISIBILITY
HIGHEST:    51 ON 13    GRTST 24HR  0.59 ON 10-11      TO 1/4 MILE OR LESS
LOWEST:    -13 ON  6                               3 = THUNDER
                        SNOW, ICE PELLETS, HAIL    4 = ICE PELLETS
                        TOTAL MONTH:   0.0 INCH    5 = HAIL
                        GRTST 24HR     0.0         6 = FREEZING RAIN OR DRIZZLE
                        GRTST DEPTH:   0           7 = DUSTSTORM OR SANDSTORM:
                                                       VSBY 1/2 MILE OR LESS
                                                   8 = SMOKE OR HAZE
[NO. OF DAYS WITH]      [WEATHER - DAYS WITH]      9 = BLOWING SNOW
                                                   X = TORNADO
MAX 32 OR BELOW:  17    0.01 INCH OR MORE:   6
MAX 90 OR ABOVE:   0    0.10 INCH OR MORE:   1
MIN 32 OR BELOW:  31    0.50 INCH OR MORE:   1
MIN  0 OR BELOW:  11    1.00 INCH OR MORE:   0

[HDD (BASE 65) ]
TOTAL THIS MO.  1404    CLEAR  (SCALE 0-3)   8
DPTR FM NORMAL   175    PTCLDY (SCALE 4-7)  16
TOTAL FM JUL 1  3780    CLOUDY (SCALE 8-10)  7
DPTR FM NORMAL   270

[CDD (BASE 65) ]
TOTAL THIS MO.     0
DPTR FM NORMAL     0    [PRESSURE DATA]
TOTAL FM JAN 1     0    HIGHEST SLP 30.71 ON 23
DPTR FM NORMAL     0    LOWEST  SLP 29.48 ON 11

[REMARKS]
#FINAL-01-14#
