000
CXUS53 KILX 140606
CF6CMI
PRELIMINARY LOCAL CLIMATOLOGICAL DATA (WS FORM: F-6)

                                          STATION:   CHAMPAIGN IL AIRPORT
                                          MONTH:     AUGUST
                                          YEAR:      2013
                                          LATITUDE:   40  1 N
                                          LONGITUDE:  88 17 W

  TEMPERATURE IN F:       :PCPN:    SNOW:  WIND      :SUNSHINE: SKY     :PK WND
================================================================================
1   2   3   4   5  6A  6B    7    8   9   10  11  12  13   14  15   16   17  18
                                     12Z  AVG MX 2MIN
DY MAX MIN AVG DEP HDD CDD  WTR  SNW DPTH SPD SPD DIR MIN PSBL S-S WX    SPD DR
================================================================================

 1  81  60  71  -2   0   6 0.00    M    M  4.6 13 310   M    M   2 12     21 270
 2  82  61  72  -1   0   7    T    M    M  7.4 15 220   M    M   4 1      22 220
 3  82  59  71  -2   0   6 0.07    M    M  4.8 12 350   M    M   2 1      43 150
 4  78  56  67  -6   0   2 0.00    M    M  1.8  7 100   M    M   2        20  90
 5  78  57  68  -5   0   3 0.00    M    M  4.5 14 180   M    M   5        18 190
 6  84  67  76   3   0  11 0.00    M    M  3.8  9 160   M    M   7 18      M  M
 7  83  68  76   3   0  11 0.00    M    M  4.3 10 220   M    M   5 18     17 130
 8  80  68  74   1   0   9    T    M    M  5.8 14  30   M    M   7 1      25  30
 9  82  62  72  -1   0   7 0.00    M    M  3.1  9  30   M    M   1        22  20
10  83  62  73   0   0   8    T    M    M  4.1 10 330   M    M   1 1      14 330
11  83  56  70  -3   0   5 0.00    M    M  2.3  8  80   M    M   0        15 340
12  83  63  73   0   0   8 0.01    M    M  3.8 16 200   M    M   1 13     22 200
13  77  55  66  -6   0   1 0.00    M    M  7.8 15  30   M    M   3 1      29  40
14  72  49  61 -11   4   0 0.00    M    M  3.3 14  40   M    M   3         M  10
15  75  49  62 -10   3   0 0.00    M    M  2.6 10  50   M    M   1        13  90
16  78  59  69  -3   0   4 0.00    M    M  3.6 13  70   M    M   1         M  80
17  80  58  69  -3   0   4 0.00    M    M  5.5 12 100   M    M   0        17  60
18  83  61  72   0   0   7 0.00    M    M  2.6 13  40   M    M   1 1       M  M
19  84  59  72   0   0   7 0.00    M    M  1.8  7 230   M    M   1 18      M  M
20  86  61  74   2   0   9 0.00    M    M  2.2  8 210   M    M   1 18      M  M
21  87  62  75   3   0  10 0.00    M    M  4.4 10 220   M    M   1 18      M  M
22  87  68  78   6   0  13 0.01    M    M  5.5 21  10   M    M   2 1       M  M
23  84  65  75   3   0  10 0.00    M    M  4.4 12  40   M    M   2 18     17  70
24  87  61  74   2   0   9 0.00    M    M  5.6 12 110   M    M   0 1       M  M
25  87  60  74   2   0   9 0.00    M    M  4.9 10 220   M    M   0         M  M
26  89  63  76   4   0  11 0.00    M    M  5.5 12 210   M    M   1 18     29 210
27  90  71  81  10   0  16 0.00    M    M  6.9 20 300   M    M   0 1       M  M
28  92  69  81  10   0  16 0.00    M    M  7.3 15 280   M    M   2         M  M
29  86  66  76   5   0  11 0.00    M    M  3.2 13  60   M    M   6 1       M  M
30  94  65  80   9   0  15 0.00    M    M  4.8 20  20   M    M   2 1238   26  40
31  96  67  82  11   0  17 0.16    M    M  5.3 30 220   M    M   1 13      M  M
================================================================================
SM 2593 1907         7 252  0.25    M    137.5          M       65
================================================================================
AV 83.6 61.5                               4.4 FASTST   M    M   2    MAX(MPH)
                                 MISC ---->  # 30 220               # 43  150
================================================================================
NOTES:
# LAST OF SEVERAL OCCURRENCES

COLUMN 17 PEAK WIND IN M.P.H.

PRELIMINARY LOCAL CLIMATOLOGICAL DATA (WS FORM: F-6) , PAGE 2

                                          STATION:  CHAMPAIGN IL AIRPORT
                                          MONTH:    AUGUST
                                          YEAR:     2013
                                          LATITUDE:   40  1 N
                                          LONGITUDE:  88 17 W

[TEMPERATURE DATA]      [PRECIPITATION DATA]       SYMBOLS USED IN COLUMN 16

AVERAGE MONTHLY: 72.6   TOTAL FOR MONTH:   0.25    1 = FOG OR MIST
DPTR FM NORMAL:   0.4   DPTR FM NORMAL:   -3.36    2 = FOG REDUCING VISIBILITY
HIGHEST:    96 ON 31    GRTST 24HR  0.16 ON 31-31      TO 1/4 MILE OR LESS
LOWEST:     49 ON 15,14                            3 = THUNDER
                        SNOW, ICE PELLETS, HAIL    4 = ICE PELLETS
                        TOTAL MONTH:    M          5 = HAIL
                        GRTST 24HR    M  ON   M    6 = FREEZING RAIN OR DRIZZLE
                        GRTST DEPTH:  M  ON   M    7 = DUSTSTORM OR SANDSTORM:
                                                       VSBY 1/2 MILE OR LESS
                                                   8 = SMOKE OR HAZE
[NO. OF DAYS WITH]      [WEATHER - DAYS WITH]      9 = BLOWING SNOW
                                                   X = TORNADO
MAX 32 OR BELOW:   0    0.01 INCH OR MORE:   4
MAX 90 OR ABOVE:   4    0.10 INCH OR MORE:   1
MIN 32 OR BELOW:   0    0.50 INCH OR MORE:   0
MIN  0 OR BELOW:   0    1.00 INCH OR MORE:   0

[HDD (BASE 65) ]
TOTAL THIS MO.     7    CLEAR  (SCALE 0-3)  24
DPTR FM NORMAL     0    PTCLDY (SCALE 4-7)   7
TOTAL FM JUL 1    15    CLOUDY (SCALE 8-10)  0
DPTR FM NORMAL     6

[CDD (BASE 65) ]
TOTAL THIS MO.   252
DPTR FM NORMAL    22    [PRESSURE DATA]
TOTAL FM JAN 1   853    HIGHEST SLP 30.29 ON 25
DPTR FM NORMAL    26    LOWEST  SLP 29.69 ON 31

[REMARKS]
#FINAL-08-13#
