000
CXUS53 KILX 012300
CF6CMI
PRELIMINARY LOCAL CLIMATOLOGICAL DATA (WS FORM: F-6)

                                          STATION:   CHAMPAIGN IL AIRPORT
                                          MONTH:     JUNE
                                          YEAR:      2014
                                          LATITUDE:   40  1 N
                                          LONGITUDE:  88 17 W

  TEMPERATURE IN F:       :PCPN:    SNOW:  WIND      :SUNSHINE: SKY     :PK WND
================================================================================
1   2   3   4   5  6A  6B    7    8   9   10  11  12  13   14  15   16   17  18
                                     12Z  AVG MX 2MIN
DY MAX MIN AVG DEP HDD CDD  WTR  SNW DPTH SPD SPD DIR MIN PSBL S-S WX    SPD DR
================================================================================

 1  92  63  78  10   0  13 0.23    M    M 12.2 37 180   M    M   2 13     46 190
 2  82  70  76   7   0  11 0.06    M    M 17.5 35 190   M    M   5 13     43 190
 3  89  69  79  10   0  14 0.00    M    M  8.3 18 290   M    M   2        23 300
 4  78  61  70   1   0   5 0.69    M    M 13.6 41 270   M    M   8 13     49 280
 5  78  58  68  -2   0   3 0.00    M    M  7.6 14  60   M    M   1 18     19  20
 6  83  58  71   1   0   6 0.00    M    M  6.0 12 140   M    M   2        14 130
 7  84  60  72   2   0   7 0.66    M    M 10.6 25 360   M    M   3 138    34 180
 8  78  59  69  -1   0   4 0.04    M    M 14.4 36  10   M    M   3 1      48 360
 9  82  54  68  -3   0   3    T    M    M  8.4 18 140   M    M   4        22 130
10  69  63  66  -5   0   1 1.15    M    M  8.9 17 110   M    M   9 123    25  90
11  73  63  68  -3   0   3 0.01    M    M  8.7 17 270   M    M   8 128    21 260
12  83  60  72   1   0   7 0.03    M    M 10.6 21 300   M    M   6 12     27 250
13  75  55  65  -7   0   0 0.00    M    M  9.5 18 360   M    M   2        28 320
14  80  50  65  -7   0   0 0.00    M    M  9.8 18 130   M    M   0        24 140
15  86  54  70  -2   0   5    T    M    M 15.9 33 170   M    M   3        43 170
16  90  69  80   8   0  15 0.00    M    M  9.2 20 170   M    M   4 18     24 170
17  93  73  83  11   0  18 0.00    M    M 14.5 30 190   M    M   1        36 190
18  91  71  81   8   0  16    T    M    M 10.0 28 200   M    M   2 3      37 200
19  93  71  82   9   0  17 0.33    M    M   M  28 290   M    M   1 13     35 280
20  87  67  77   4   0  12 0.10    M    M  7.9 18 300   M    M   5 1      23 290
21  89  64  77   4   0  12 0.11    M    M  5.3 35 290   M    M   1 138    47 290
22  87  64  76   3   0  11 0.03    M    M  5.6 28 310   M    M   2 13     38 300
23  90  69  80   6   0  15 0.58    M    M  8.9 20 280   M    M   4 13     23 170
24  82  68  75   1   0  10 0.63    M    M  5.6 20 310   M    M   7 138    23 310
25  85  64  75   1   0  10 0.00    M    M  7.0 15 270   M    M   1 1      18 270
26  86  66  76   2   0  11 0.00    M    M  5.4 13  90   M    M   3 12     18  80
27  88  65  77   3   0  12    T    M    M  8.2 17 180   M    M   1 13     23 170
28  86  71  79   5   0  14    T    M    M 11.7 20 190   M    M   3 8      25 190
29  85  72  79   5   0  14 0.00    M    M 12.5 17 180   M    M   5        24 220
30  87  67  77   3   0  12 1.69    M    M 13.0 45 320   M    M   6 123    59 330
================================================================================
SM 2531 1918         0 281  6.34    M    286.8          M      104
================================================================================
AV 84.4 63.9                               9.9 FASTST   M    M   3    MAX(MPH)
                                 MISC ---->  # 45 320               # 59  330
================================================================================
NOTES:
# LAST OF SEVERAL OCCURRENCES

COLUMN 17 PEAK WIND IN M.P.H.

PRELIMINARY LOCAL CLIMATOLOGICAL DATA (WS FORM: F-6) , PAGE 2

                                          STATION:  CHAMPAIGN IL AIRPORT
                                          MONTH:    JUNE
                                          YEAR:     2014
                                          LATITUDE:   40  1 N
                                          LONGITUDE:  88 17 W

[TEMPERATURE DATA]      [PRECIPITATION DATA]       SYMBOLS USED IN COLUMN 16

AVERAGE MONTHLY: 74.2   TOTAL FOR MONTH:   6.34    1 = FOG OR MIST
DPTR FM NORMAL:   2.2   DPTR FM NORMAL:    2.17    2 = FOG REDUCING VISIBILITY
HIGHEST:    93 ON 19,17 GRTST 24HR  1.69 ON 30-30      TO 1/4 MILE OR LESS
LOWEST:     50 ON 14                               3 = THUNDER
                        SNOW, ICE PELLETS, HAIL    4 = ICE PELLETS
                        TOTAL MONTH:    M          5 = HAIL
                        GRTST 24HR    M  ON   M    6 = FREEZING RAIN OR DRIZZLE
                        GRTST DEPTH:  M  ON   M    7 = DUSTSTORM OR SANDSTORM:
                                                       VSBY 1/2 MILE OR LESS
                                                   8 = SMOKE OR HAZE
[NO. OF DAYS WITH]      [WEATHER - DAYS WITH]      9 = BLOWING SNOW
                                                   X = TORNADO
MAX 32 OR BELOW:   0    0.01 INCH OR MORE:  15
MAX 90 OR ABOVE:   6    0.10 INCH OR MORE:  10
MIN 32 OR BELOW:   0    0.50 INCH OR MORE:   6
MIN  0 OR BELOW:   0    1.00 INCH OR MORE:   2

[HDD (BASE 65) ]
TOTAL THIS MO.     0    CLEAR  (SCALE 0-3)  16
DPTR FM NORMAL   -17    PTCLDY (SCALE 4-7)  12
TOTAL FM JUL 1  6486    CLOUDY (SCALE 8-10)  2
DPTR FM NORMAL   663

[CDD (BASE 65) ]
TOTAL THIS MO.   281
DPTR FM NORMAL    58    [PRESSURE DATA]
TOTAL FM JAN 1   433    HIGHEST SLP 30.14 ON 14
DPTR FM NORMAL   118    LOWEST  SLP 29.61 ON  4

[REMARKS]
#FINAL-06-14#
