000
CXUS53 KILX 012300
CF6CMI
PRELIMINARY LOCAL CLIMATOLOGICAL DATA (WS FORM: F-6)

                                          STATION:   CHAMPAIGN IL AIRPORT
                                          MONTH:     NOVEMBER
                                          YEAR:      2015
                                          LATITUDE:   40  1 N
                                          LONGITUDE:  88 17 W

  TEMPERATURE IN F:       :PCPN:    SNOW:  WIND      :SUNSHINE: SKY     :PK WND
================================================================================
1   2   3   4   5  6A  6B    7    8   9   10  11  12  13   14  15   16   17  18
                                     12Z  AVG MX 2MIN
DY MAX MIN AVG DEP HDD CDD  WTR  SNW DPTH SPD SPD DIR MIN PSBL S-S WX    SPD DR
================================================================================

 1  68  42  55   7  10   0 0.00    M    M  9.3 14 230   M    M   2 12     18 270
 2  72  40  56   8   9   0 0.00    M    M  6.5 15 170   M    M   0 12     19 160
 3  63  44  54   7  11   0 0.00    M    M  2.8  7 110   M    M   9 128     9 170
 4  74  45  60  13   5   0 0.00    M    M  7.8 15 200   M    M   5 128    18 190
 5  72  59  66  19   0   1 0.09    M    M 14.5 30 200   M    M   7 1      38 190
 6  65  39  52   6  13   0 0.04    M    M 13.7 33 270   M    M   2 1      41 270
 7  56  35  46   0  19   0 0.00    M    M  8.0 20 300   M    M   0        25 320
 8  54  28  41  -4  24   0 0.00    M    M  4.8 12 120   M    M   0        13 120
 9  57  32  45   0  20   0 0.00    M    M  5.4 12 110   M    M   0        16 120
10  57  29  43  -1  22   0 0.00    M    M  5.3 10 270   M    M   0 1      13 280
11  66  37  52   8  13   0 0.10    M    M 18.2 39 150   M    M   6 1      51 170
12  59  41  50   6  15   0 0.00    M    M 24.7 38 250   M    M   5        47 240
13  51  26  39  -4  26   0 0.00    M    M 13.4 32 290   M    M   0        39 280
14  64  23  44   2  21   0 0.00    M    M 11.5 22 180   M    M   0        26 190
15  67  33  50   8  15   0 0.00    M    M 11.6 23 220   M    M   1        27 220
16  51  43  47   5  18   0 0.21    M    M 12.7 21 120   M    M  10 1      25 130
17  62  50  56  15   9   0 1.05    M    M 21.4 30 140   M    M   7 1      38 150
18  62  44  53  13  12   0 0.59    M    M 19.1 37 130   M    M   6 1      47 150
19  49  31  40   0  25   0 0.00  0.0    0 15.8 29 260   M    M   1        36 270
20  49  26  38  -2  27   0 0.00    M    M  7.8 17  70   M    M   4        21  70
21  45  17  31  -8  34   0 0.59    M    M 15.3 35 320   M    M   8 12     41 330
22  30   7  19 -19  46   0 0.00    M    M  8.5 18 180   M    M   2 18     22 180
23  43  26  35  -3  30   0 0.00    M    M  9.6 20 180   M    M   1        24 180
24  51  26  39   1  26   0 0.00    M    M  8.1 14 160   M    M   0 18     19 110
25  55  38  47  10  18   0 0.03    M    M 15.9 28 180   M    M   5        33 180
26  65  51  58  22   7   0 0.02    M    M 21.2 32 190   M    M   7        40 180
27  59  40  50  14  15   0 1.17    M    M 15.7 25 180   M    M   9 1      32 190
28  41  38  40   5  25   0 0.08    M    M 13.5 20  20   M    M  10 1      25  40
29  40  35  38   3  27   0 0.00    M    M 13.1 21  60   M    M   1        25  60
30  46  36  41   7  24   0 0.15    M    M 11.7 17  70   M    M   9 1      21  70
================================================================================
SM 1693 1061       566   1  4.12     0.0 366.9          M      117
================================================================================
AV 56.4 35.4                              12.2 FASTST   M    M   4    MAX(MPH)
                                 MISC ---->  # 39 150               # 51  170
================================================================================
NOTES:
# LAST OF SEVERAL OCCURRENCES

COLUMN 17 PEAK WIND IN M.P.H.

PRELIMINARY LOCAL CLIMATOLOGICAL DATA (WS FORM: F-6) , PAGE 2

                                          STATION:  CHAMPAIGN IL AIRPORT
                                          MONTH:    NOVEMBER
                                          YEAR:     2015
                                          LATITUDE:   40  1 N
                                          LONGITUDE:  88 17 W

[TEMPERATURE DATA]      [PRECIPITATION DATA]       SYMBOLS USED IN COLUMN 16

AVERAGE MONTHLY: 45.9   TOTAL FOR MONTH:   4.12    1 = FOG OR MIST
DPTR FM NORMAL:   4.3   DPTR FM NORMAL:    0.62    2 = FOG REDUCING VISIBILITY
HIGHEST:    74 ON  4    GRTST 24HR  1.34 ON 17-18      TO 1/4 MILE OR LESS
LOWEST:      7 ON 22                               3 = THUNDER
                        SNOW, ICE PELLETS, HAIL    4 = ICE PELLETS
                        TOTAL MONTH:   0.0 INCH    5 = HAIL
                        GRTST 24HR     0.0         6 = FREEZING RAIN OR DRIZZLE
                        GRTST DEPTH:   0           7 = DUSTSTORM OR SANDSTORM:
                                                       VSBY 1/2 MILE OR LESS
                                                   8 = SMOKE OR HAZE
[NO. OF DAYS WITH]      [WEATHER - DAYS WITH]      9 = BLOWING SNOW
                                                   X = TORNADO
MAX 32 OR BELOW:   1    0.01 INCH OR MORE:  12
MAX 90 OR ABOVE:   0    0.10 INCH OR MORE:   7
MIN 32 OR BELOW:  11    0.50 INCH OR MORE:   4
MIN  0 OR BELOW:   0    1.00 INCH OR MORE:   2

[HDD (BASE 65) ]
TOTAL THIS MO.   566    CLEAR  (SCALE 0-3)  15
DPTR FM NORMAL  -137    PTCLDY (SCALE 4-7)   9
TOTAL FM JUL 1   867    CLOUDY (SCALE 8-10)  6
DPTR FM NORMAL  -297

[CDD (BASE 65) ]
TOTAL THIS MO.     1
DPTR FM NORMAL     0    [PRESSURE DATA]
TOTAL FM JAN 1  1085    HIGHEST SLP 30.49 ON  8
DPTR FM NORMAL   140    LOWEST  SLP 29.40 ON 11

[REMARKS]
#FINAL-11-15#
