000
CXUS53 KILX 312300
CF6CMI
PRELIMINARY LOCAL CLIMATOLOGICAL DATA (WS FORM: F-6)

                                          STATION:   CHAMPAIGN IL AIRPORT
                                          MONTH:     DECEMBER
                                          YEAR:      2013
                                          LATITUDE:   40  1 N
                                          LONGITUDE:  88 17 W

  TEMPERATURE IN F:       :PCPN:    SNOW:  WIND      :SUNSHINE: SKY     :PK WND
================================================================================
1   2   3   4   5  6A  6B    7    8   9   10  11  12  13   14  15   16   17  18
                                     12Z  AVG MX 2MIN
DY MAX MIN AVG DEP HDD CDD  WTR  SNW DPTH SPD SPD DIR MIN PSBL S-S WX    SPD DR
================================================================================

 1  51  24  38   4  27   0 0.00    M    M  6.6 12  60   M    M   0 18     14 330
 2  46  32  39   5  26   0 0.01    M    M  9.2 14  90   M    M   8 18     17  90
 3  53  34  44  11  21   0 0.00    M    M  9.9 21 170   M    M   8 12     25 170
 4  61  41  51  18  14   0 0.01    M    M 12.9 26 270   M    M   9 12     32 270
 5  44  23  34   2  31   0    T    M    M 14.7 23 280   M    M   8 16     28 290
 6  23  11  17 -15  48   0 0.00    M    M 12.2 18 350   M    M   7        22 330
 7  25   9  17 -14  48   0 0.00    M    M  9.2 15 350   M    M   0        18 350
 8  28  18  23  -8  42   0 0.02    M    M 13.0 21  60   M    M   9 168    24  70
 9  26  12  19 -12  46   0    T    M    M 13.3 22 270   M    M   6 1      26 280
10  28  -2  13 -17  52   0 0.00    M    M  9.6 29 270   M    M   0        35 270
11  27   3  15 -15  50   0    T    M    M 10.3 24 330   M    M   4        26 320
12  27  -3  12 -18  53   0 0.00    M    M 10.7 21 210   M    M   0        24 210
13  39  11  25  -4  40   0 0.19    M    M  8.9 18 190   M    M   4 1      24 180
14  34  24  29   0  36   0 0.49    M    M 13.0 22 310   M    M  10 12     26 310
15  24  13  19 -10  46   0 0.02    M    M 12.3 25 280   M    M   9 18     30 290
16  25  16  21  -7  44   0    T    M    M  9.2 17 300   M    M  10 12     21 290
17  29  12  21  -7  44   0    T    M    M 12.2 18 240   M    M   6 1      21 240
18  37   4  21  -7  44   0 0.00    M    M 15.3 30 180   M    M   0        35 190
19  43  35  39  11  26   0 0.00    M    M 14.4 22 190   M    M   5 1      26 190
20  59  33  46  19  19   0 0.17    M    M 12.6 21 200   M    M  10 12     26 210
21  37  32  35   8  30   0 0.94    M    M 10.1 23  40   M    M  10 16     26  30
22  36  28  32   5  33   0 0.02    M    M 14.4 24 250   M    M  10 1      30 250
23  28   6  17 -10  48   0    T    M    M 15.8 22 280   M    M   7        26 290
24  20   4  12 -15  53   0 0.00    M    M  9.4 21 290   M    M   2        24 290
25  32  20  26   0  39   0    T    M    M 13.6 22 260   M    M  10 16     28 260
26  39  14  27   1  38   0 0.00  0.0    0 10.8 20 290   M    M   4 1      26 300
27  46  26  36  10  29   0 0.00  0.0    0 10.4 16 200   M    M   0        20 200
28  53  31  42  16  23   0 0.00  0.0    0 12.7 20 210   M    M   0        24 220
29  37  16  27   1  38   0    T    M    0 15.6 24 310   M    M   6 16     31 310
30  20   6  13 -13  52   0    T    M    0  7.2 17 310   M    M   8 18     21 280
================================================================================
SM 1077  533      1140   0  1.87     0.0 349.5          M      170
================================================================================
AV 35.9 17.8                              11.6 FASTST   M    M   6    MAX(MPH)
                                 MISC ---->  # 30 180               # 35  270
================================================================================
NOTES:
# LAST OF SEVERAL OCCURRENCES

COLUMN 17 PEAK WIND IN M.P.H.

PRELIMINARY LOCAL CLIMATOLOGICAL DATA (WS FORM: F-6) , PAGE 2

                                          STATION:  CHAMPAIGN IL AIRPORT
                                          MONTH:    DECEMBER
                                          YEAR:     2013
                                          LATITUDE:   40  1 N
                                          LONGITUDE:  88 17 W

[TEMPERATURE DATA]      [PRECIPITATION DATA]       SYMBOLS USED IN COLUMN 16

AVERAGE MONTHLY: 26.8   TOTAL FOR MONTH:   1.87    1 = FOG OR MIST
DPTR FM NORMAL:  -2.2   DPTR FM NORMAL:   -0.55    2 = FOG REDUCING VISIBILITY
HIGHEST:    61 ON  4    GRTST 24HR  0.95 ON 21-22      TO 1/4 MILE OR LESS
LOWEST:     -3 ON 12                               3 = THUNDER
                        SNOW, ICE PELLETS, HAIL    4 = ICE PELLETS
                        TOTAL MONTH:   0.0 INCH    5 = HAIL
                        GRTST 24HR     0.0         6 = FREEZING RAIN OR DRIZZLE
                        GRTST DEPTH:   0           7 = DUSTSTORM OR SANDSTORM:
                                                       VSBY 1/2 MILE OR LESS
                                                   8 = SMOKE OR HAZE
[NO. OF DAYS WITH]      [WEATHER - DAYS WITH]      9 = BLOWING SNOW
                                                   X = TORNADO
MAX 32 OR BELOW:  14    0.01 INCH OR MORE:   9
MAX 90 OR ABOVE:   0    0.10 INCH OR MORE:   4
MIN 32 OR BELOW:  26    0.50 INCH OR MORE:   1
MIN  0 OR BELOW:   2    1.00 INCH OR MORE:   0

[HDD (BASE 65) ]
TOTAL THIS MO.  1140    CLEAR  (SCALE 0-3)   8
DPTR FM NORMAL    62    PTCLDY (SCALE 4-7)  12
TOTAL FM JUL 1  2334    CLOUDY (SCALE 8-10) 10
DPTR FM NORMAL    92

[CDD (BASE 65) ]
TOTAL THIS MO.     0
DPTR FM NORMAL     0    [PRESSURE DATA]
TOTAL FM JAN 1  1067    HIGHEST SLP M ON M
DPTR FM NORMAL   122    LOWEST  SLP 29.49 ON  4

[REMARKS]
