000
CXUS53 KILX 012300
CF6CMI
PRELIMINARY LOCAL CLIMATOLOGICAL DATA (WS FORM: F-6)

                                          STATION:   CHAMPAIGN IL AIRPORT
                                          MONTH:     FEBRUARY
                                          YEAR:      2016
                                          LATITUDE:   40  1 N
                                          LONGITUDE:  88 17 W

  TEMPERATURE IN F:       :PCPN:    SNOW:  WIND      :SUNSHINE: SKY     :PK WND
================================================================================
1   2   3   4   5  6A  6B    7    8   9   10  11  12  13   14  15   16   17  18
                                     12Z  AVG MX 2MIN
DY MAX MIN AVG DEP HDD CDD  WTR  SNW DPTH SPD SPD DIR MIN PSBL S-S WX    SPD DR
================================================================================

 1  50  30  40  14  25   0 0.00    M    M  5.6 12  60   M    M   2 1      13  60
 2  60  32  46  20  19   0 0.43    M    M 16.0 29 110   M    M   8 123    35 100
 3  49  28  39  13  26   0    T    M    M 18.0 31 250   M    M   8 12     38 260
 4  33  21  27   0  38   0 0.00    M    M 11.5 21 270   M    M   4        25 270
 5  33  22  28   1  37   0 0.00    M    M  7.0 16 330   M    M   5 1      19 300
 6  47  21  34   7  31   0 0.00    M    M  8.0 15 200   M    M   1 1      18 200
 7  50  31  41  14  24   0    T    M    M 14.4 30 230   M    M   1        37 230
 8  35  20  28   1  37   0    T    M    M 16.1 30 300   M    M   8 1268   36 290
 9  20  15  18 -10  47   0    T    M    M 17.3 23 310   M    M  10 1      30 310
10  20   5  13 -15  52   0 0.00    M    M 12.2 22 290   M    M   2        26 290
11  25   7  16 -12  49   0 0.00    M    M  4.5 12 350   M    M   3        13 360
12  28  13  21  -7  44   0    T    M    M 14.0 25 310   M    M   7 1      33 290
13  20   4  12 -17  53   0 0.00    M    M  8.6 18 320   M    M   0        24 310
14  21  15  18 -11  47   0 0.02    M    M 16.1 25 120   M    M  10 12     30 130
15  30  21  26  -3  39   0    T    M    M  6.9 13 210   M    M  10 1      17 140
16  40  20  30   0  35   0    T    M    M  5.7 14 320   M    M   7 1      16 320
17  36  25  31   1  34   0 0.00    M    M  6.8 15 340   M    M   8 18     20 350
18  46  27  37   7  28   0 0.00    M    M 16.7 28 130   M    M   4 18     34 150
19  65  41  53  22  12   0 0.00    M    M 21.5 39 250   M    M   0        49 210
20  70  36  53  22  12   0 0.00    M    M 11.1 20  10   M    M   1        24  10
21  53  35  44  12  21   0 0.00    M    M 11.5 18  10   M    M   5        24 360
22  48  28  38   6  27   0 0.00    M    M  8.5 15  50   M    M   4        19  40
23  50  30  40   8  25   0 0.00    M    M 16.0 26  40   M    M   1        35  40
24  37  32  35   2  30   0 0.35    M    M 30.6 43 330   M    M  10 169    56 340
25  36  31  34   1  31   0    T    M    M 14.2 23 310   M    M   9 1      29 310
26  35  24  30  -3  35   0 0.00    M    M  9.2 17 320   M    M   5        20 280
27  53  25  39   5  26   0 0.00    M    M 13.6 22 220   M    M   0 1      27 210
28  67  39  53  19  12   0 0.02    M    M 23.6 39 200   M    M   3        47 190
29  58  30  44  10  21   0 0.00    M    M 13.5 25 300   M    M   2        31 300
================================================================================
SM 1215  708       917   0  0.82    M    378.7          M      138
================================================================================
AV 41.9 24.4                              13.1 FASTST   M    M   5    MAX(MPH)
                                 MISC ---->  # 43 330               # 56  340
================================================================================
NOTES:
# LAST OF SEVERAL OCCURRENCES

COLUMN 17 PEAK WIND IN M.P.H.

PRELIMINARY LOCAL CLIMATOLOGICAL DATA (WS FORM: F-6) , PAGE 2

                                          STATION:  CHAMPAIGN IL AIRPORT
                                          MONTH:    FEBRUARY
                                          YEAR:     2016
                                          LATITUDE:   40  1 N
                                          LONGITUDE:  88 17 W

[TEMPERATURE DATA]      [PRECIPITATION DATA]       SYMBOLS USED IN COLUMN 16

AVERAGE MONTHLY: 33.2   TOTAL FOR MONTH:   0.82    1 = FOG OR MIST
DPTR FM NORMAL:   3.7   DPTR FM NORMAL:   -1.20    2 = FOG REDUCING VISIBILITY
HIGHEST:    70 ON 20    GRTST 24HR  0.43 ON  2- 2      TO 1/4 MILE OR LESS
LOWEST:      4 ON 13                               3 = THUNDER
                        SNOW, ICE PELLETS, HAIL    4 = ICE PELLETS
                        TOTAL MONTH:    M          5 = HAIL
                        GRTST 24HR    M  ON   M    6 = FREEZING RAIN OR DRIZZLE
                        GRTST DEPTH:  M  ON   M    7 = DUSTSTORM OR SANDSTORM:
                                                       VSBY 1/2 MILE OR LESS
                                                   8 = SMOKE OR HAZE
[NO. OF DAYS WITH]      [WEATHER - DAYS WITH]      9 = BLOWING SNOW
                                                   X = TORNADO
MAX 32 OR BELOW:   7    0.01 INCH OR MORE:   4
MAX 90 OR ABOVE:   0    0.10 INCH OR MORE:   2
MIN 32 OR BELOW:  25    0.50 INCH OR MORE:   0
MIN  0 OR BELOW:   0    1.00 INCH OR MORE:   0

[HDD (BASE 65) ]
TOTAL THIS MO.   917    CLEAR  (SCALE 0-3)  10
DPTR FM NORMAL   -75    PTCLDY (SCALE 4-7)  12
TOTAL FM JUL 1  3687    CLOUDY (SCALE 8-10)  7
DPTR FM NORMAL  -846

[CDD (BASE 65) ]
TOTAL THIS MO.     0
DPTR FM NORMAL     0    [PRESSURE DATA]
TOTAL FM JAN 1     0    HIGHEST SLP 30.67 ON 13
DPTR FM NORMAL     0    LOWEST  SLP 29.41 ON  2

[REMARKS]
#FINAL-02-16#
