000
CXUS53 KILX 012300
CF6CMI
PRELIMINARY LOCAL CLIMATOLOGICAL DATA (WS FORM: F-6)

                                          STATION:   CHAMPAIGN IL AIRPORT
                                          MONTH:     FEBRUARY
                                          YEAR:      2014
                                          LATITUDE:   40  1 N
                                          LONGITUDE:  88 17 W

  TEMPERATURE IN F:       :PCPN:    SNOW:  WIND      :SUNSHINE: SKY     :PK WND
================================================================================
1   2   3   4   5  6A  6B    7    8   9   10  11  12  13   14  15   16   17  18
                                     12Z  AVG MX 2MIN
DY MAX MIN AVG DEP HDD CDD  WTR  SNW DPTH SPD SPD DIR MIN PSBL S-S WX    SPD DR
================================================================================

 1  37  27  32   6  33   0 0.89    M    0  9.3 15 330   M    M  10 126    17 330
 2  28  11  20  -6  45   0    M    M    0 11.9 20 350   M    M   3 18     23 350
 3  25   5  15 -11  50   0 0.00  0.0    0  6.6 14 340   M    M   0        16 350
 4  23  17  20  -7  45   0    M    M    0 13.7 26  50   M    M   7 128    35  50
 5  26   2  14 -13  51   0    M    M    0 17.7 26 330   M    M   9 12     31 320
 6   4  -8  -2 -29  67   0    T    M    M 10.5 17 280   M    M   2        20 280
 7  10 -12  -1 -28  66   0 0.00    M    M  5.8 12 220   M    M   2        14 230
 8  22  10  16 -11  49   0    T    M    M  6.3 13 170   M    M  10 18     15 170
 9  21   5  13 -15  52   0 0.01    M    M  8.3 15 330   M    M   5 18     17 320
10   7  -8   0 -28  65   0 0.00    M    M  7.9 15 310   M    M   0        18 320
11  11 -12   0 -28  65   0 0.00    M    M  5.4 10  80   M    M   0 8      12  80
12  23  -4  10 -18  55   0 0.00    M    M  5.4 10  60   M    M   0 18     12  60
13  33   4  19 -10  46   0 0.00    M    M  9.2 22 270   M    M   2 18     25 270
14  24   2  13 -16  52   0 0.17    M    M  9.1 18 320   M    M   5 128    22 320
15  24  -8   8 -21  57   0 0.01    M    M  8.2 16 170   M    M   4 18     18 170
16  25   9  17 -13  48   0 0.00    M    M  9.3 21 330   M    M   5 18     23 330
17  37  14  26  -4  39   0    M    M    M 19.5 32 110   M    M   8 123468 38 110
18  43  23  33   3  32   0 0.00    M    M 14.8 24 180   M    M   0        29 180
19  39  30  35   4  30   0 0.00    M    M  8.6 16 290   M    M   0 1      21 290
20  58  34  46  15  19   0 0.70    M    M 21.9 40 250   M    M   8 123    55 240
21  44  32  38   6  27   0    T    M    M 19.0 36 260   M    M   5        45 250
22  45  27  36   4  29   0 0.26    M    M  6.0 13  20   M    M   5 1      18  50
23  29  20  25  -7  40   0 0.00    M    M  9.1 15 290   M    M   3 1      18 300
24  27  15  21 -12  44   0    T    M    M  9.3 16 290   M    M   5        21 300
25  25  11  18 -15  47   0    T    M    M 13.4 23 320   M    M   8 1      28 320
26  19   3  11 -22  54   0    T999.9    0 13.2 24 320   M    M   2 8      30 320
27  22   6  14 -20  51   0    T    M    0 13.1 25 320   M    M   2        31 300
28  37   6  22 -12  43   0 0.00  0.0    0 11.5 20 140   M    M   1        23 150
================================================================================
SM  768  261      1301   0  2.04   999.9 304.0          M      111
================================================================================
AV 27.4  9.3                              10.9 FASTST   M    M   4    MAX(MPH)
                                 MISC ---->  # 40 250               # 55  240
================================================================================
NOTES:
# LAST OF SEVERAL OCCURRENCES

COLUMN 17 PEAK WIND IN M.P.H.

PRELIMINARY LOCAL CLIMATOLOGICAL DATA (WS FORM: F-6) , PAGE 2

                                          STATION:  CHAMPAIGN IL AIRPORT
                                          MONTH:    FEBRUARY
                                          YEAR:     2014
                                          LATITUDE:   40  1 N
                                          LONGITUDE:  88 17 W

[TEMPERATURE DATA]      [PRECIPITATION DATA]       SYMBOLS USED IN COLUMN 16

AVERAGE MONTHLY: 18.4   TOTAL FOR MONTH:   2.04    1 = FOG OR MIST
DPTR FM NORMAL: -11.1   DPTR FM NORMAL:    0.02    2 = FOG REDUCING VISIBILITY
HIGHEST:    58 ON 20    GRTST 24HR  0.90 ON 31- 1      TO 1/4 MILE OR LESS
LOWEST:    -12 ON 11, 7                            3 = THUNDER
                        SNOW, ICE PELLETS, HAIL    4 = ICE PELLETS
                        TOTAL MONTH: 999.9 INCHES  5 = HAIL
                        GRTST 24HR 999.9 ON   M    6 = FREEZING RAIN OR DRIZZLE
                        GRTST DEPTH:   0           7 = DUSTSTORM OR SANDSTORM:
                                                       VSBY 1/2 MILE OR LESS
                                                   8 = SMOKE OR HAZE
[NO. OF DAYS WITH]      [WEATHER - DAYS WITH]      9 = BLOWING SNOW
                                                   X = TORNADO
MAX 32 OR BELOW:  19    0.01 INCH OR MORE:   6
MAX 90 OR ABOVE:   0    0.10 INCH OR MORE:   4
MIN 32 OR BELOW:  27    0.50 INCH OR MORE:   2
MIN  0 OR BELOW:   6    1.00 INCH OR MORE:   0

[HDD (BASE 65) ]
TOTAL THIS MO.  1301    CLEAR  (SCALE 0-3)  14
DPTR FM NORMAL   309    PTCLDY (SCALE 4-7)  11
TOTAL FM JUL 1  5081    CLOUDY (SCALE 8-10)  3
DPTR FM NORMAL   579

[CDD (BASE 65) ]
TOTAL THIS MO.     0
DPTR FM NORMAL     0    [PRESSURE DATA]
TOTAL FM JAN 1     0    HIGHEST SLP 30.59 ON 11
DPTR FM NORMAL     0    LOWEST  SLP 29.26 ON 20

[REMARKS]
#FINAL-02-14#
