000
CXUS53 KILX 020402
CF6CMI
PRELIMINARY LOCAL CLIMATOLOGICAL DATA (WS FORM: F-6)

                                          STATION:   CHAMPAIGN IL AIRPORT
                                          MONTH:     OCTOBER
                                          YEAR:      2013
                                          LATITUDE:   40  1 N
                                          LONGITUDE:  88 17 W

  TEMPERATURE IN F:       :PCPN:    SNOW:  WIND      :SUNSHINE: SKY     :PK WND
================================================================================
1   2   3   4   5  6A  6B    7    8   9   10  11  12  13   14  15   16   17  18
                                     12Z  AVG MX 2MIN
DY MAX MIN AVG DEP HDD CDD  WTR  SNW DPTH SPD SPD DIR MIN PSBL S-S WX    SPD DR
================================================================================

 1  83  61  72  13   0   7 0.00    M    M  8.8 16 200   M    M   6 1      21 240
 2  77  63  70  11   0   5 0.00    M    M  5.7 10 140   M    M   6 128    13 140
 3  87  64  76  18   0  11 0.32    M    M 11.1 22 260   M    M   5 13     32 260
 4  89  64  77  19   0  12 0.00    M    M  9.4 16 200   M    M   2        23 200
 5  85  60  73  15   0   8 1.16    M    M  8.7 29 270   M    M   7 13     37 280
 6  66  45  56  -1   9   0 0.05    M    M 10.4 26 250   M    M   5        32 260
 7  69  43  56  -1   9   0 0.04    M    M  7.7 16 300   M    M   3        23 280
 8  78  43  61   5   4   0 0.00    M    M  4.7 13 140   M    M   0        16 140
 9  76  46  61   5   4   0 0.00    M    M  5.5 12 120   M    M   0        21 120
10  80  50  65   9   0   0 0.00    M    M  4.3 10 190   M    M   3        16 150
11  81  52  67  12   0   2 0.00    M    M  7.7 18 160   M    M   2        22 140
12  75  54  65  10   0   0    T    M    M  8.2 16 220   M    M   3        22 220
13  72  44  58   3   7   0 0.00    M    M  6.2 12 340   M    M   0        16 340
14  71  41  56   2   9   0 0.00    M    M  6.7 14 130   M    M   1        22 160
15  65  52  59   5   6   0 0.03    M    M  9.7 17 200   M    M   6 1      23 210
16  57  39  48  -6  17   0 0.00    M    M  8.6 18 260   M    M   5        23 260
17  61  40  51  -2  14   0 0.04    M    M  8.7 17 250   M    M   6        23 290
18  56  40  48  -5  17   0    T    M    M  7.2 16 260   M    M   3        22 270
19  57  41  49  -4  16   0 0.28    M    M 10.2 24 250   M    M   6        39 210
20  70  36  53   1  12   0 0.00    M    M 14.6 29 190   M    M   1        37 200
21  54  28  41 -11  24   0    T    M    M  7.7 17 270   M    M   3        23 280
22  51  26  39 -13  26   0 0.32    M    M  7.9 17  20   M    M   7 1      23  30
23  46  34  40 -11  25   0 0.00    M    M  7.9 16 260   M    M   9        22 250
24  43  27  35 -16  30   0    T    M    M  9.6 21 300   M    M   9        26 360
25  52  22  37 -14  28   0 0.00    M    M  8.6 17 260   M    M   0         M 250
26  61  31  46  -4  19   0 0.00    M    M 13.7 26 240   M    M   2        32 240
27  57  26  42  -8  23   0 0.00    M    M  5.5 13 230   M    M   0        17 220
28  63  30  47  -3  18   0 0.00    M    M  4.9 10  40   M    M   0        13  40
29  58  38  48  -1  17   0 0.06    M    M  9.0 14 100   M    M   4 1      17 120
30  67  51  59  10   6   0 0.08    M    M 11.5 22 190   M    M   9 123    28 200
31  65  46  56   8   9   0 1.62    M    M 17.3 31 190   M    M  10 1      39 200
================================================================================
SM 2072 1337       349  45  4.00    M    267.7          M      123
================================================================================
AV 66.8 43.1                               8.6 FASTST   M    M   4    MAX(MPH)
                                 MISC ---->  # 31 190               # 39  210
================================================================================
NOTES:
# LAST OF SEVERAL OCCURRENCES

COLUMN 17 PEAK WIND IN M.P.H.

PRELIMINARY LOCAL CLIMATOLOGICAL DATA (WS FORM: F-6) , PAGE 2

                                          STATION:  CHAMPAIGN IL AIRPORT
                                          MONTH:    OCTOBER
                                          YEAR:     2013
                                          LATITUDE:   40  1 N
                                          LONGITUDE:  88 17 W

[TEMPERATURE DATA]      [PRECIPITATION DATA]       SYMBOLS USED IN COLUMN 16

AVERAGE MONTHLY: 55.0   TOTAL FOR MONTH:   4.00    1 = FOG OR MIST
DPTR FM NORMAL:   1.3   DPTR FM NORMAL:    0.86    2 = FOG REDUCING VISIBILITY
HIGHEST:    89 ON  4    GRTST 24HR  1.65 ON 30-31      TO 1/4 MILE OR LESS
LOWEST:     22 ON 25                               3 = THUNDER
                        SNOW, ICE PELLETS, HAIL    4 = ICE PELLETS
                        TOTAL MONTH:    M          5 = HAIL
                        GRTST 24HR    M  ON   M    6 = FREEZING RAIN OR DRIZZLE
                        GRTST DEPTH:  M  ON   M    7 = DUSTSTORM OR SANDSTORM:
                                                       VSBY 1/2 MILE OR LESS
                                                   8 = SMOKE OR HAZE
[NO. OF DAYS WITH]      [WEATHER - DAYS WITH]      9 = BLOWING SNOW
                                                   X = TORNADO
MAX 32 OR BELOW:   0    0.01 INCH OR MORE:  11
MAX 90 OR ABOVE:   0    0.10 INCH OR MORE:   5
MIN 32 OR BELOW:   7    0.50 INCH OR MORE:   2
MIN  0 OR BELOW:   0    1.00 INCH OR MORE:   2

[HDD (BASE 65) ]
TOTAL THIS MO.   349    CLEAR  (SCALE 0-3)  13
DPTR FM NORMAL   -20    PTCLDY (SCALE 4-7)  14
TOTAL FM JUL 1   392    CLOUDY (SCALE 8-10)  4
DPTR FM NORMAL   -69

[CDD (BASE 65) ]
TOTAL THIS MO.    45
DPTR FM NORMAL    26    [PRESSURE DATA]
TOTAL FM JAN 1  1067    HIGHEST SLP 30.49 ON 25
DPTR FM NORMAL   123    LOWEST  SLP 29.32 ON 31

[REMARKS]
#FINAL-10-13#
