000
CXUS53 KILX 020415
CF6CMI
PRELIMINARY LOCAL CLIMATOLOGICAL DATA (WS FORM: F-6)

                                          STATION:   CHAMPAIGN IL AIRPORT
                                          MONTH:     MAY
                                          YEAR:      2013
                                          LATITUDE:   40  1 N
                                          LONGITUDE:  88 17 W

  TEMPERATURE IN F:       :PCPN:    SNOW:  WIND      :SUNSHINE: SKY     :PK WND
================================================================================
1   2   3   4   5  6A  6B    7    8   9   10  11  12  13   14  15   16   17  18
                                     12Z  AVG MX 2MIN
DY MAX MIN AVG DEP HDD CDD  WTR  SNW DPTH SPD SPD DIR MIN PSBL S-S WX    SPD DR
================================================================================

 1  83  54  69  11   0   4 0.00    M    M  7.3 18 150   M    M   0 18     24 150
 2  80  48  64   6   1   0 0.24    M    M  9.4 25 240   M    M   4 13     32 240
 3  72  46  59   1   6   0 0.06    M    M 13.2 29 130   M    M   6 1      40 120
 4  63  54  59   0   6   0 0.13    M    M 10.9 22 130   M    M   7 1      26 130
 5  66  53  60   1   5   0 0.09    M    M  9.0 18  80   M    M   7 18     23  70
 6  70  54  62   2   3   0 0.00    M    M  7.9 15  30   M    M   8        20  60
 7  76  54  65   5   0   0 0.00    M    M  4.7 14  40   M    M   5        17  40
 8  81  54  68   8   0   3 0.00    M    M  3.7 10 300   M    M   0 8      21  10
 9  68  57  63   2   2   0 0.97    M    M  8.6 21 130   M    M   5 13     26 120
10  66  48  57  -4   8   0    T    M    M 10.4 16 340   M    M   8 18     20 350
11  66  39  53  -8  12   0 0.00    M    M 13.5 31 320   M    M   6 1      38 310
12  58  35  47 -15  18   0 0.00    M    M 11.1 23 310   M    M   0        39 300
13  68  36  52 -10  13   0    T    M    M  8.1 16 280   M    M   1        24 250
14  88  53  71   9   0   6 0.00    M    M 16.2 24 220   M    M   0        32 220
15  88  65  77  14   0  12 0.00    M    M 14.3 29 250   M    M   0 3      35 250
16  83  63  73  10   0   8    T    M    M  6.5 17 200   M    M   4        21 220
17  84  58  71   7   0   6 0.00    M    M  8.4 18 180   M    M   1 128    28 190
18  82  59  71   7   0   6 0.00    M    M  6.9 14 120   M    M   4 18     21 130
19  91  58  75  11   0  10 0.00    M    M 11.1 22 160   M    M   1 18      M  M
20  91  64  78  14   0  13    M    M    M 15.0 25 180   M    M   2        39 180
21  82  64  73   8   0   8    M    M    M 16.2 30 210   M    M   3 13     36 210
22  77  61  69   4   0   4 0.35    M    M 13.3 28 260   M    M   8 18     35 240
23  61  44  53 -13  12   0 0.01    M    M 14.0 25  10   M    M   8 18     31  10
24  69  40  55 -11  10   0 0.00    M    M  9.4 16  20   M    M   0        21  10
25  62  45  54 -12  11   0 0.36    M    M  8.9 17  60   M    M   6 1      23  60
26  66  51  59  -7   6   0 0.07    M    M 12.5 21 120   M    M   8 1      26 120
27  79  59  69   2   0   4 0.31    M    M 11.8 29 260   M    M   7 13     35 270
28  82  64  73   6   0   8    T    M    M 15.1 29 200   M    M   2        37 200
29  88  65  77   9   0  12 0.00    M    M 16.0 26 170   M    M   3        32 170
30  90  67  79  11   0  14    M    M    M 20.8 39 210   M    M   3 138    62 190
31  78  64  71   3   0   6 0.85    M    M 16.3 37 240   M    M   6 13     47 240
================================================================================
SM 2358 1676       113 124  3.44    M    350.5          M      123
================================================================================
AV 76.1 54.1                              11.3 FASTST   M    M   4    MAX(MPH)
                                 MISC ---->  # 39 210               # 62  190
================================================================================
NOTES:
# LAST OF SEVERAL OCCURRENCES

COLUMN 17 PEAK WIND IN M.P.H.

PRELIMINARY LOCAL CLIMATOLOGICAL DATA (WS FORM: F-6) , PAGE 2

                                          STATION:  CHAMPAIGN IL AIRPORT
                                          MONTH:    MAY
                                          YEAR:     2013
                                          LATITUDE:   40  1 N
                                          LONGITUDE:  88 17 W

[TEMPERATURE DATA]      [PRECIPITATION DATA]       SYMBOLS USED IN COLUMN 16

AVERAGE MONTHLY: 65.1   TOTAL FOR MONTH:   3.44    1 = FOG OR MIST
DPTR FM NORMAL:   2.0   DPTR FM NORMAL:   -1.11    2 = FOG REDUCING VISIBILITY
HIGHEST:    91 ON 20,19 GRTST 24HR  0.97 ON  9- 9      TO 1/4 MILE OR LESS
LOWEST:     35 ON 12                               3 = THUNDER
                        SNOW, ICE PELLETS, HAIL    4 = ICE PELLETS
                        TOTAL MONTH:    M          5 = HAIL
                        GRTST 24HR    M  ON   M    6 = FREEZING RAIN OR DRIZZLE
                        GRTST DEPTH:  M  ON   M    7 = DUSTSTORM OR SANDSTORM:
                                                       VSBY 1/2 MILE OR LESS
                                                   8 = SMOKE OR HAZE
[NO. OF DAYS WITH]      [WEATHER - DAYS WITH]      9 = BLOWING SNOW
                                                   X = TORNADO
MAX 32 OR BELOW:   0    0.01 INCH OR MORE:  11
MAX 90 OR ABOVE:   3    0.10 INCH OR MORE:   7
MIN 32 OR BELOW:   0    0.50 INCH OR MORE:   2
MIN  0 OR BELOW:   0    1.00 INCH OR MORE:   0

[HDD (BASE 65) ]
TOTAL THIS MO.   113    CLEAR  (SCALE 0-3)  14
DPTR FM NORMAL   -29    PTCLDY (SCALE 4-7)  17
TOTAL FM JUL 1  5638    CLOUDY (SCALE 8-10)  0
DPTR FM NORMAL  -168

[CDD (BASE 65) ]
TOTAL THIS MO.   124
DPTR FM NORMAL    43    [PRESSURE DATA]
TOTAL FM JAN 1   132    HIGHEST SLP 30.41 ON 24
DPTR FM NORMAL    40    LOWEST  SLP 29.64 ON 22

[REMARKS]
#FINAL-05-13#
