000
CXUS53 KILX 011500
CLMCMI
CLIMATE REPORT
NATIONAL WEATHER SERVICE LINCOLN IL
1000 AM CDT FRI SEP 01 2023
...................................
...THE CHAMPAIGN IL AIRPORT CLIMATE SUMMARY FOR THE MONTH OF AUGUST 2023...
CLIMATE NORMAL PERIOD 1991 TO 2020
CLIMATE RECORD PERIOD 9999 TO 9999
WEATHER OBSERVED NORMAL DEPART LAST YEAR`S
VALUE DATE(S) VALUE FROM VALUE
NORMAL
..............................................................
TEMPERATURE (F)
RECORD
HIGH MM MM
LOW MM MM
HIGHEST 96 08/24 MM MM 90
LOWEST 53 08/18 MM MM 54
08/29
08/31
AVG. MAXIMUM 83.8 83.5 0.3 83.5
AVG. MINIMUM 62.7 62.1 0.6 62.8
MEAN 73.2 72.8 0.4 73.1
DAYS MAX >= 90 6 3.7 2.3 3
DAYS MAX <= 32 0 0.0 0.0 0
DAYS MIN <= 32 0 0.0 0.0 0
DAYS MIN <= 0 0 0.0 0.0 0
PRECIPITATION (INCHES)
RECORD
MAXIMUM MM MM
MINIMUM MM MM
TOTALS 3.87 3.12 0.75 4.11
DAILY AVG. 0.12 0.10 0.02 0.13
DAYS >= .01 10 10.3 -0.3 9
DAYS >= .10 6 5.1 0.9 8
DAYS >= .50 3 1.7 1.3 5
DAYS >= 1.00 2 0.7 1.3 0
GREATEST
24 HR. TOTAL 1.36 08/05 TO 08/05 0.95
DEGREE DAYS
HEATING TOTAL 0 5 -5 0
SINCE 7/1 0 2 -2 MM
COOLING TOTAL 266 247 19 260
SINCE 1/1 904 903 1 MM
..............................................................
WIND (MPH)
AVERAGE WIND SPEED 7.0
HIGHEST WIND SPEED/DIRECTION 33/240 DATE 08/25
HIGHEST GUST SPEED/DIRECTION 50/260 DATE 08/25
AVERAGE RH (PERCENT) 76
WEATHER CONDITIONS. NUMBER OF DAYS WITH
THUNDERSTORM 10 MIXED PRECIP 0
HEAVY RAIN 4 RAIN 7
LIGHT RAIN 13 FREEZING RAIN 0
LT FREEZING RAIN 0 HAIL 0
HEAVY SNOW 0 SNOW 0
LIGHT SNOW 0 SLEET 0
FOG 25 FOG W/VIS <= 1/4 MILE 2
HAZE 15
- INDICATES NEGATIVE NUMBERS.
R INDICATES RECORD WAS SET OR TIED.
MM INDICATES DATA IS MISSING.
T INDICATES TRACE AMOUNT.
$$
ERWIN