000
CXUS56 KSGX 011045
CF6CNO
PRELIMINARY LOCAL CLIMATOLOGICAL DATA (WS FORM: F-6)
STATION: CHINO AIRPORT CA
MONTH: JUNE
YEAR: 2021
LATITUDE: 33 58 N
LONGITUDE: 117 38 W
TEMPERATURE IN F: :PCPN: SNOW: WIND :SUNSHINE: SKY :PK WND
================================================================================
1 2 3 4 5 6A 6B 7 8 9 10 11 12 13 14 15 16 17 18
12Z AVG MX 2MIN
DY MAX MIN AVG DEP HDD CDD WTR SNW DPTH SPD SPD DIR MIN PSBL S-S WX SPD DR
================================================================================
1 94 60 77 7 0 12 0.00 M M 7.0 20 240 M M 4 18 24 250
2 92 57 75 5 0 10 0.00 M M 6.9 16 270 M M 2 18 21 280
3 91 58 75 5 0 10 0.00 M M 8.0 18 250 M M 3 8 24 270
4 88 57 73 2 0 8 0.00 M M 6.7 18 230 M M 0 18 23 300
5 88 55 72 1 0 7 0.00 M M 7.1 20 270 M M 3 18 24 270
6 81 57 69 -2 0 4 0.00 M M 8.2 20 250 M M 3 8 24 250
7 74 57 66 -5 0 1 0.00 M M 8.0 21 240 M M 8 25 240
8 82 56 69 -2 0 4 0.00 M M 7.3 17 240 M M 5 8 23 250
9 84 54 69 -3 0 4 0.00 M M 8.1 22 240 M M 2 18 27 250
10 84 50 67 -5 0 2 0.00 M M 5.7 20 240 M M 0 8 24 240
11 91 51 71 -1 0 6 0.00 M M 5.6 20 230 M M 0 8 24 230
12 96 53 75 3 0 10 0.00 M M 5.9 18 250 M M 0 8 22 240
13 98 55 77 5 0 12 0.00 M M 5.3 20 260 M M 0 8 25 270
14 102 57 80 7 0 15 0.00 M M 5.5 18 250 M M 1 8 M M
15 106 61 84 11 0 19 0.00 M M 5.2 15 250 M M 3 8 19 270
16 97 66 82 9 0 17 0.00 M M 6.4 18 270 M M 4 8 23 260
17 101 64 83 10 0 18 0.00 M M 7.1 18 230 M M 2 8 22 260
18 94 66 80 6 0 15 0.00 M M 7.3 20 140 M M 3 8 23 140
19 93 64 79 5 0 14 0.00 M M 7.2 17 270 M M 2 8 24 280
20 91 61 76 2 0 11 0.00 M M 7.2 17 240 M M 0 18 23 290
21 94 58 76 2 0 11 0.00 M M 6.5 16 270 M M 1 18 19 260
22 94 60 77 3 0 12 0.00 M M 6.7 22 240 M M 3 18 27 240
23 95 62 79 4 0 14 0.00 M M 8.5 21 250 M M 4 38 24 240
24 90 59 75 0 0 10 0.00 M M 8.4 20 240 M M 1 25 260
25 89 58 74 -1 0 9 0.00 M M 6.3 21 240 M M 0 8 27 250
26 97 61 79 4 0 14 0.00 M M 4.9 18 240 M M 0 23 250
27 99 64 82 6 0 17 0.00 M M 6.6 21 250 M M 1 8 26 260
28 100 64 82 6 0 17 0.00 M M 6.8 21 250 M M 2 8 26 280
29 90 63 77 1 0 12 0.00 M M 7.5 16 280 M M 4 18 19 290
30 94 63 79 3 0 14 0.00 M M 7.5 21 260 M M 1 8 25 250
================================================================================
SM 2769 1771 0 329 0.00 M 205.4 M 62
================================================================================
AV 92.3 59.0 6.8 FASTST M M 2 MAX(MPH)
MISC ----> # 22 240 # 27 250
================================================================================
NOTES:
# LAST OF SEVERAL OCCURRENCES
COLUMN 17 PEAK WIND IN M.P.H.
PRELIMINARY LOCAL CLIMATOLOGICAL DATA (WS FORM: F-6) , PAGE 2
STATION: CHINO AIRPORT CA
MONTH: JUNE
YEAR: 2021
LATITUDE: 33 58 N
LONGITUDE: 117 38 W
[TEMPERATURE DATA] [PRECIPITATION DATA] SYMBOLS USED IN COLUMN 16
AVERAGE MONTHLY: 75.7 TOTAL FOR MONTH: 0.00 1 = FOG OR MIST
DPTR FM NORMAL: 2.7 DPTR FM NORMAL: -0.02 2 = FOG REDUCING VISIBILITY
HIGHEST: 106 ON 15 GRTST 24HR 0.00 ON 1- 1 TO 1/4 MILE OR LESS
LOWEST: 50 ON 10 3 = THUNDER
SNOW, ICE PELLETS, HAIL 4 = ICE PELLETS
TOTAL MONTH: M 5 = HAIL
GRTST 24HR M ON M 6 = FREEZING RAIN OR DRIZZLE
GRTST DEPTH: M ON M 7 = DUSTSTORM OR SANDSTORM:
VSBY 1/2 MILE OR LESS
8 = SMOKE OR HAZE
[NO. OF DAYS WITH] [WEATHER - DAYS WITH] 9 = BLOWING SNOW
X = TORNADO
MAX 32 OR BELOW: 0 0.01 INCH OR MORE: 0
MAX 90 OR ABOVE: 22 0.10 INCH OR MORE: 0
MIN 32 OR BELOW: 0 0.50 INCH OR MORE: 0
MIN 0 OR BELOW: 0 1.00 INCH OR MORE: 0
[HDD (BASE 65) ]
TOTAL THIS MO. 0 CLEAR (SCALE 0-3) 22
DPTR FM NORMAL -2 PTCLDY (SCALE 4-7) 8
TOTAL FM JUL 1 1189 CLOUDY (SCALE 8-10) 0
DPTR FM NORMAL -196
[CDD (BASE 65) ]
TOTAL THIS MO. 329
DPTR FM NORMAL 85 [PRESSURE DATA]
TOTAL FM JAN 1 481 HIGHEST SLP 30.11 ON 10
DPTR FM NORMAL 57 LOWEST SLP 29.64 ON 28
[REMARKS]
#FINAL-06-21#