000
CXUS53 KICT 011410
CF6CNU
PRELIMINARY LOCAL CLIMATOLOGICAL DATA (WS FORM: F-6)
STATION: CHANUTE KS
MONTH: JULY
YEAR: 2023
LATITUDE: 37 40 N
LONGITUDE: 95 29 W
TEMPERATURE IN F: :PCPN: SNOW: WIND :SUNSHINE: SKY :PK WND
================================================================================
1 2 3 4 5 6A 6B 7 8 9 10 11 12 13 14 15 16 17 18
12Z AVG MX 2MIN
DY MAX MIN AVG DEP HDD CDD WTR SNW DPTH SPD SPD DIR MIN PSBL S-S WX SPD DR
================================================================================
1 93 71 82 3 0 17 0.15 M M 8.8 21 250 M M 4 13 28 260
2 92 66 79 -1 0 14 0.00 M M 4.8 12 320 M M 2 17 320
3 96 63 80 0 0 15 0.00 M M 5.6 18 200 M M 1 3 24 200
4 96 64 80 0 0 15 0.00 M M 7.2 17 190 M M 0 26 200
5 84 69 77 -3 0 12 0.54 M M 8.0 32 350 M M 3 13 47 350
6 85 70 78 -2 0 13 0.00 M M 5.9 15 30 M M 2 19 10
7 84 68 76 -4 0 11 0.01 M M 7.0 17 170 M M 1 3 23 170
8 83 68 76 -4 0 11 0.01 M M 8.2 16 10 M M 5 3 23 10
9 87 62 75 -5 0 10 T M M 5.7 15 40 M M 0 21 40
10 91 57 74 -6 0 9 0.00 M M 4.4 13 210 M M 0 1 19 210
11 96 70 83 3 0 18 0.00 M M 8.0 16 180 M M 0 22 180
12 103 70 87 7 0 22 1.79 M M 10.1 39 10 M M 1 13 59 20
13 97 70 84 3 0 19 2.06 M M 4.9 38 310 M M 4 13 55 290
14 91 69 80 -1 0 15 0.74 M M 9.0 49 300 M M 3 138 69 300
15 92 66 79 -2 0 14 0.00 M M 4.1 12 310 M M 0 1 17 320
16 94 71 83 2 0 18 0.00 M M 5.9 15 40 M M 0 22 40
17 89 73 81 0 0 16 T M M 5.4 13 240 M M 1 3 18 190
18 99 75 87 6 0 22 0.00 M M 6.6 15 40 M M 0 22 30
19 96 75 86 5 0 21 0.00 M M 4.9 15 50 M M 0 20 10
20 94 76 85 4 0 20 0.08 M M 6.8 15 20 M M 2 13 21 30
21 84 64 74 -7 0 9 0.16 M M 5.9 15 100 M M 4 1 21 110
22 90 61 76 -5 0 11 0.04 M M 5.0 18 350 M M 0 3 26 340
23 93 67 80 -1 0 15 0.00 M M 7.6 16 220 M M 0 22 200
24 92 73 83 2 0 18 0.00 M M 10.5 24 40 M M 0 3 36 40
25 98 75 87 6 0 22 0.00 M M 13.4 21 200 M M 0 31 200
26 99 80 90 9 0 25 0.00 M M 13.7 23 220 M M 0 32 210
27 96 74 85 4 0 20 0.00 M M 10.2 20 210 M M 0 26 200
28 100 79 90 9 0 25 0.00 M M 12.0 21 210 M M 0 30 210
29 99 75 87 6 0 22 0.15 M M 7.6 21 70 M M 1 3 27 60
30 102 74 88 7 0 23 0.02 M M 5.7 28 50 M M 1 3 47 40
31 97 71 84 3 0 19 T M M 8.8 18 120 M M 0 25 130
================================================================================
SM 2892 2166 0 521 5.75 M 231.7 M 35
================================================================================
AV 93.3 69.9 7.5 FASTST M M 1 MAX(MPH)
MISC ----> 49 300 69 300
================================================================================
NOTES:
# LAST OF SEVERAL OCCURRENCES
COLUMN 17 PEAK WIND IN M.P.H.
PRELIMINARY LOCAL CLIMATOLOGICAL DATA (WS FORM: F-6) , PAGE 2
STATION: CHANUTE KS
MONTH: JULY
YEAR: 2023
LATITUDE: 37 40 N
LONGITUDE: 95 29 W
[TEMPERATURE DATA] [PRECIPITATION DATA] SYMBOLS USED IN COLUMN 16
AVERAGE MONTHLY: 81.6 TOTAL FOR MONTH: 5.75 1 = FOG OR MIST
DPTR FM NORMAL: 1.0 DPTR FM NORMAL: 1.33 2 = FOG REDUCING VISIBILITY
HIGHEST: 103 ON 12 GRTST 24HR 3.85 ON 12-13 TO 1/4 MILE OR LESS
LOWEST: 57 ON 10 3 = THUNDER
SNOW, ICE PELLETS, HAIL 4 = ICE PELLETS
TOTAL MONTH: M 5 = HAIL
GRTST 24HR M ON M 6 = FREEZING RAIN OR DRIZZLE
GRTST DEPTH: M ON M 7 = DUSTSTORM OR SANDSTORM:
VSBY 1/2 MILE OR LESS
8 = SMOKE OR HAZE
[NO. OF DAYS WITH] [WEATHER - DAYS WITH] 9 = BLOWING SNOW
X = TORNADO
MAX 32 OR BELOW: 0 0.01 INCH OR MORE: 12
MAX 90 OR ABOVE: 24 0.10 INCH OR MORE: 7
MIN 32 OR BELOW: 0 0.50 INCH OR MORE: 4
MIN 0 OR BELOW: 0 1.00 INCH OR MORE: 2
[HDD (BASE 65) ]
TOTAL THIS MO. 0 CLEAR (SCALE 0-3) 26
DPTR FM NORMAL 0 PTCLDY (SCALE 4-7) 5
TOTAL FM JUL 1 0 CLOUDY (SCALE 8-10) 0
DPTR FM NORMAL 0
[CDD (BASE 65) ]
TOTAL THIS MO. 521
DPTR FM NORMAL 37 [PRESSURE DATA]
TOTAL FM JAN 1 1108 HIGHEST SLP 30.14 ON 30
DPTR FM NORMAL 117 LOWEST SLP 29.69 ON 12
[REMARKS]
#FINAL-07-23#