000
CXUS55 KGJT 022121
CF6CNY
PRELIMINARY LOCAL CLIMATOLOGICAL DATA (WS FORM: F-6)
STATION: CANYONLANDS AIRPORT UT
MONTH: SEPTEMBER
YEAR: 2020
LATITUDE: 38 46 N
LONGITUDE: 109 45 W
TEMPERATURE IN F: :PCPN: SNOW: WIND :SUNSHINE: SKY :PK WND
================================================================================
1 2 3 4 5 6A 6B 7 8 9 10 11 12 13 14 15 16 17 18
12Z AVG MX 2MIN
DY MAX MIN AVG DEP HDD CDD WTR SNW DPTH SPD SPD DIR MIN PSBL S-S WX SPD DR
================================================================================
1 81 53 67 -5 0 2 T M M 3.7 21 190 M M 1 26 190
2 90 53 72 0 0 7 0.00 M M 3.2 13 320 M M 0 18 320
3 95 54 75 3 0 10 0.00 M M 3.4 16 320 M M 0 22 320
4 99 52 76 4 0 11 0.00 M M 4.5 12 270 M M 0 16 280
5 100 55 78 7 0 13 0.00 M M 3.7 15 280 M M 0 22 310
6 102 54 78 7 0 13 0.00 M M 5.1 18 310 M M 0 8 26 310
7 92 60 76 6 0 11 0.00 M M 7.3 23 270 M M 2 8 28 280
8 79 41 60 -10 5 0 0.13 M M 13.0 35 300 M M 7 18 45 300
9 57 42 50 -20 15 0 T M M 10.4 23 70 M M 8 28 70
10 61 48 55 -14 10 0 T M M 9.5 18 70 M M 8 23 80
11 75 38 57 -12 8 0 0.00 M M 2.7 14 220 M M 0 18 220
12 83 49 66 -3 0 1 0.00 M M 3.8 10 10 M M 0 15 130
13 88 49 69 1 0 4 0.00 M M 4.2 12 330 M M 0 19 330
14 89 53 71 3 0 6 0.00 M M 4.9 15 260 M M 0 19 290
15 89 49 69 2 0 4 0.00 M M 3.1 13 300 M M 0 16 300
16 91 45 68 1 0 3 0.00 M M 3.3 12 60 M M 0 16 160
17 89 51 70 3 0 5 0.00 M M 3.6 10 100 M M 0 16 280
18 89 52 71 5 0 6 0.00 M M 5.1 12 110 M M 0 8 15 150
19 91 68 80 14 0 15 0.00 M M 13.2 32 210 M M 0 42 200
20 89 52 71 6 0 6 0.00 M M 3.2 20 280 M M 0 27 280
21 91 53 72 7 0 7 0.00 M M 4.4 15 270 M M 0 20 280
22 84 54 69 5 0 4 T M M 5.6 31 220 M M 1 42 240
23 87 49 68 4 0 3 0.00 M M 2.6 12 270 M M 0 16 250
24 91 51 71 7 0 6 0.00 M M 2.6 15 200 M M 0 21 270
25 92 53 73 10 0 8 0.00 M M 5.5 18 250 M M 0 27 250
26 90 52 71 8 0 6 0.00 M M 8.1 24 260 M M 0 8 32 260
27 80 60 70 8 0 5 0.00 M M 16.9 37 60 M M 0 46 50
28 71 45 58 -4 7 0 0.00 M M 8.5 23 40 M M 0 37 60
29 77 36 57 -4 8 0 0.00 M M 2.9 10 290 M M 0 17 270
30 84 42 63 2 2 0 0.00 M M 3.8 12 330 M M 0 17 120
================================================================================
SM 2576 1513 55 156 0.13 M 171.8 M 27
================================================================================
AV 85.9 50.4 5.7 FASTST M M 1 MAX(MPH)
MISC ----> # 37 60 # 46 50
================================================================================
NOTES:
# LAST OF SEVERAL OCCURRENCES
COLUMN 17 PEAK WIND IN M.P.H.
PRELIMINARY LOCAL CLIMATOLOGICAL DATA (WS FORM: F-6) , PAGE 2
STATION: CANYONLANDS AIRPORT UT
MONTH: SEPTEMBER
YEAR: 2020
LATITUDE: 38 46 N
LONGITUDE: 109 45 W
[TEMPERATURE DATA] [PRECIPITATION DATA] SYMBOLS USED IN COLUMN 16
AVERAGE MONTHLY: 68.2 TOTAL FOR MONTH: 0.13 1 = FOG OR MIST
DPTR FM NORMAL: 1.1 DPTR FM NORMAL: -0.83 2 = FOG REDUCING VISIBILITY
HIGHEST: 102 ON 6 GRTST 24HR 0.13 ON 8- 8 TO 1/4 MILE OR LESS
LOWEST: 36 ON 29 3 = THUNDER
SNOW, ICE PELLETS, HAIL 4 = ICE PELLETS
TOTAL MONTH: M 5 = HAIL
GRTST 24HR M ON M 6 = FREEZING RAIN OR DRIZZLE
GRTST DEPTH: M ON M 7 = DUSTSTORM OR SANDSTORM:
VSBY 1/2 MILE OR LESS
8 = SMOKE OR HAZE
[NO. OF DAYS WITH] [WEATHER - DAYS WITH] 9 = BLOWING SNOW
X = TORNADO
MAX 32 OR BELOW: 0 0.01 INCH OR MORE: 1
MAX 90 OR ABOVE: 12 0.10 INCH OR MORE: 1
MIN 32 OR BELOW: 0 0.50 INCH OR MORE: 0
MIN 0 OR BELOW: 0 1.00 INCH OR MORE: 0
[HDD (BASE 65) ]
TOTAL THIS MO. 55 CLEAR (SCALE 0-3) 27
DPTR FM NORMAL -2 PTCLDY (SCALE 4-7) 1
TOTAL FM JUL 1 55 CLOUDY (SCALE 8-10) 2
DPTR FM NORMAL -3
[CDD (BASE 65) ]
TOTAL THIS MO. 156
DPTR FM NORMAL 38 [PRESSURE DATA]
TOTAL FM JAN 1 1650 HIGHEST SLP 30.33 ON 29
DPTR FM NORMAL 366 LOWEST SLP 29.27 ON 8
[REMARKS]
#FINAL-09-20#