000
CXUS55 KPUB 011741 RRA
CF6COS
PRELIMINARY LOCAL CLIMATOLOGICAL DATA (WS FORM: F-6)
STATION: COLORADO SPRINGS CO
MONTH: APRIL
YEAR: 2023
LATITUDE: 38 49 N
LONGITUDE: 104 43 W
TEMPERATURE IN F: :PCPN: SNOW: WIND :SUNSHINE: SKY :PK WND
================================================================================
1 2 3 4 5 6A 6B 7 8 9 10 11 12 13 14 15 16 17 18
12Z AVG MX 2MIN
DY MAX MIN AVG DEP HDD CDD WTR SNW DPTH SPD SPD DIR MIN PSBL S-S WX SPD DR
================================================================================
1 67 30 49 4 16 0 0.00 0.0 0 12.0 32 180 M M 2 46 200
2 71 38 55 10 10 0 0.00 0.0 0 10.4 30 310 M M 2 43 310
3 69 32 51 6 14 0 0.00 0.0 0 15.7 37 220 M M 4 8 48 220
4 54 20 37 -8 28 0 0.01 0.2 0 18.6 29 10 M M 7 37 350
5 37 12 25 -21 40 0 0.07 1.2 T 8.4 23 340 M M 7 1 31 340
6 50 15 33 -13 32 0 0.08 1.6 3 6.0 20 160 M M 3 1 29 110
7 65 26 46 0 19 0 0.00 0.0 0 9.9 29 210 M M 6 38 170
8 69 34 52 6 13 0 0.00 0.0 0 11.3 33 240 M M 7 41 230
9 66 36 51 5 14 0 0.00 0.0 0 7.0 17 180 M M 4 23 160
10 72 33 53 7 12 0 0.00 0.0 0 6.7 14 150 M M 2 21 150
11 83 37 60 14 5 0 0.00 0.0 0 9.6 28 170 M M 2 36 190
12 82 46 64 17 1 0 0.00 0.0 0 11.6 28 220 M M 3 39 220
13 75 52 64 17 1 0 0.00 0.0 0 15.1 31 210 M M 7 41 210
14 56 33 45 -2 20 0 0.12 0.4 0 13.1 25 20 M M 7 135 31 350
15 50 29 40 -7 25 0 0.15 1.6 1 7.9 28 350 M M 6 1 38 360
16 59 24 42 -5 23 0 0.00 0.0 0 8.6 18 150 M M 1 23 160
17 70 31 51 3 14 0 0.00 0.0 0 6.4 16 150 M M 5 23 120
18 74 39 57 9 8 0 0.00 0.0 0 12.1 35 270 M M 5 48 190
19 68 31 50 2 15 0 0.00 0.0 0 18.0 44 200 M M 4 55 200
20 50 27 39 -9 26 0 0.00 0.0 0 14.6 31 310 M M 4 46 320
21 49 22 36 -12 29 0 T T 0 8.2 23 20 M M 7 1 29 310
22 33 24 29 -20 36 0 0.11 1.7 T 5.7 24 20 M M 10 1 33 20
23 51 27 39 -10 26 0 T T 0 6.0 14 150 M M 7 1 22 180
24 63 32 48 -1 17 0 0.00 0.0 0 8.3 22 40 M M 7 30 50
25 55 34 45 -5 20 0 0.70 T 0 6.3 22 170 M M 9 1 30 170
26 54 33 44 -6 21 0 0.21 T T 10.8 22 10 M M 8 1 28 360
27 66 33 50 0 15 0 T T 0 9.6 38 30 M M 7 48 40
28 54 34 44 -6 21 0 T T 0 18.9 31 340 M M 5 43 350
29 72 35 54 3 11 0 0.00 0.0 0 9.5 24 30 M M 3 35 20
30 65 40 53 2 12 0 0.00 0.0 0 8.4 16 170 M M 3 25 160
================================================================================
SM 1849 939 544 0 1.45 6.7 314.7 M 154
================================================================================
AV 61.6 31.3 10.5 FASTST M M 5 MAX(MPH)
MISC ----> 44 200 55 200
================================================================================
NOTES:
COLUMN 17 PEAK WIND IN M.P.H.
PRELIMINARY LOCAL CLIMATOLOGICAL DATA (WS FORM: F-6) , PAGE 2
STATION: COLORADO SPRINGS CO
MONTH: APRIL
YEAR: 2023
LATITUDE: 38 49 N
LONGITUDE: 104 43 W
[TEMPERATURE DATA] [PRECIPITATION DATA] SYMBOLS USED IN COLUMN 16
AVERAGE MONTHLY: 46.5 TOTAL FOR MONTH: 1.45 1 = FOG OR MIST
DPTR FM NORMAL: -1.0 DPTR FM NORMAL: 0.00 2 = FOG REDUCING VISIBILITY
HIGHEST: 83 ON 11 GRTST 24HR 0.91 ON 25-26 TO 1/4 MILE OR LESS
LOWEST: 12 ON 5 3 = THUNDER
SNOW, ICE PELLETS, HAIL 4 = ICE PELLETS
TOTAL MONTH: 6.7 INCHES 5 = HAIL
GRTST 24HR 2.8 ON 5-6 6 = FREEZING RAIN OR DRIZZLE
GRTST DEPTH: 3 ON 6 7 = DUSTSTORM OR SANDSTORM:
VSBY 1/2 MILE OR LESS
8 = SMOKE OR HAZE
[NO. OF DAYS WITH] [WEATHER - DAYS WITH] 9 = BLOWING SNOW
X = TORNADO
MAX 32 OR BELOW: 0 0.01 INCH OR MORE: 8
MAX 90 OR ABOVE: 0 0.10 INCH OR MORE: 5
MIN 32 OR BELOW: 15 0.50 INCH OR MORE: 1
MIN 0 OR BELOW: 0 1.00 INCH OR MORE: 0
[HDD (BASE 65) ]
TOTAL THIS MO. 544 CLEAR (SCALE 0-3) 9
DPTR FM NORMAL 18 PTCLDY (SCALE 4-7) 18
TOTAL FM JUL 1 5606 CLOUDY (SCALE 8-10) 3
DPTR FM NORMAL 30
[CDD (BASE 65) ]
TOTAL THIS MO. 0
DPTR FM NORMAL -1 [PRESSURE DATA]
TOTAL FM JAN 1 0 HIGHEST SLP 30.41 ON 6
DPTR FM NORMAL -1 LOWEST SLP 29.12 ON 4
[REMARKS]
#FINAL-04-23#