000
CXUS52 KILM 011225
CF6CRE
PRELIMINARY LOCAL CLIMATOLOGICAL DATA (WS FORM: F-6)
STATION: N.MYRTLE BEACH SOUTH CAROLINA
MONTH: MARCH
YEAR: 2023
LATITUDE: 33 49 N
LONGITUDE: 78 43 W
TEMPERATURE IN F: :PCPN: SNOW: WIND :SUNSHINE: SKY :PK WND
================================================================================
1 2 3 4 5 6A 6B 7 8 9 10 11 12 13 14 15 16 17 18
12Z AVG MX 2MIN
DY MAX MIN AVG DEP HDD CDD WTR SNW DPTH SPD SPD DIR MIN PSBL S-S WX SPD DR
================================================================================
1 75 50 63 11 2 0 0.00 M M 5.8 16 220 M M 2 1 20 220
2 79 63 71 19 0 6 T M M 9.0 18 250 M M 7 1 27 290
3 73 62 68 16 0 3 0.00 M M 12.7 30 210 M M 7 1 41 210
4 78 56 67 15 0 2 0.01 M M 9.2 29 220 M M 4 38 210
5 64 48 56 3 9 0 0.00 M M 8.2 15 110 M M 0 19 110
6 69 44 57 4 8 0 0.00 M M 5.9 15 220 M M 0 1 17 210
7 82 58 70 17 0 5 0.00 M M 10.7 21 10 M M 0 31 360
8 62 40 51 -2 14 0 0.00 M M 7.0 18 30 M M 0 28 350
9 62 37 50 -4 15 0 0.00 M M 7.1 14 60 M M 0 18 190
10 63 50 57 3 8 0 0.39 M M 5.9 15 250 M M 8 12 20 260
11 60 40 50 -4 15 0 0.00 M M 6.9 17 290 M M 1 12 25 280
12 60 40 50 -4 15 0 0.31 M M 7.0 17 100 M M 9 1 24 90
13 58 45 52 -2 13 0 0.00 M M 6.2 14 320 M M 8 1 21 330
14 54 38 46 -9 19 0 0.00 M M 8.6 18 360 M M 1 27 350
15 56 33 45 -10 20 0 0.00 M M 7.0 16 350 M M 0 24 20
16 60 30 45 -10 20 0 0.00 M M 8.0 21 210 M M 0 25 210
17 69 51 60 5 5 0 0.00 M M 17.7 35 210 M M 1 43 200
18 66 52 59 4 6 0 0.25 M M 7.4 23 220 M M 8 1 33 220
19 58 45 52 -4 13 0 0.00 M M 6.8 16 30 M M 2 22 30
20 55 36 46 -10 19 0 T M M 9.6 22 60 M M 7 27 50
21 59 28 44 -12 21 0 0.00 M M 6.2 17 30 M M 0 21 30
22 68 42 55 -1 10 0 0.01 M M 1.6 9 360 M M 7 18 12 330
23 74 56 65 9 0 0 0.00 M M 11.1 23 220 M M 4 1 29 210
24 71 60 66 9 0 1 0.00 M M 14.9 24 210 M M 0 31 210
25 77 62 70 13 0 5 0.01 M M 13.3 23 220 M M 4 1 29 220
26 76 62 69 12 0 4 0.02 M M 6.7 18 210 M M 5 1 24 210
27 76 62 69 11 0 4 0.06 M M 7.8 18 220 M M 4 13 25 250
28 71 57 64 6 1 0 0.00 M M 6.8 18 90 M M 4 1 24 90
29 63 43 53 -5 12 0 T M M 8.0 22 20 M M 4 32 30
30 67 39 53 -5 12 0 0.00 M M 4.5 15 170 M M 0 1 20 160
31 73 48 61 3 4 0 0.13 M M 8.6 21 190 M M 4 1 27 200
================================================================================
SM 2078 1477 261 30 1.19 M 256.2 M 101
================================================================================
AV 67.0 47.6 8.3 FASTST M M 3 MAX(MPH)
MISC ----> 35 210 43 200
================================================================================
NOTES:
# LAST OF SEVERAL OCCURRENCES
COLUMN 17 PEAK WIND IN M.P.H.
PRELIMINARY LOCAL CLIMATOLOGICAL DATA (WS FORM: F-6) , PAGE 2
STATION: N.MYRTLE BEACH SOUTH CAROLINA
MONTH: MARCH
YEAR: 2023
LATITUDE: 33 49 N
LONGITUDE: 78 43 W
[TEMPERATURE DATA] [PRECIPITATION DATA] SYMBOLS USED IN COLUMN 16
AVERAGE MONTHLY: 57.3 TOTAL FOR MONTH: 1.19 1 = FOG OR MIST
DPTR FM NORMAL: 2.3 DPTR FM NORMAL: -2.40 2 = FOG REDUCING VISIBILITY
HIGHEST: 82 ON 7 GRTST 24HR 0.40 ON 10-11 TO 1/4 MILE OR LESS
LOWEST: 28 ON 21 3 = THUNDER
SNOW, ICE PELLETS, HAIL 4 = ICE PELLETS
TOTAL MONTH: M 5 = HAIL
GRTST 24HR M ON M 6 = FREEZING RAIN OR DRIZZLE
GRTST DEPTH: M ON M 7 = DUSTSTORM OR SANDSTORM:
VSBY 1/2 MILE OR LESS
8 = SMOKE OR HAZE
[NO. OF DAYS WITH] [WEATHER - DAYS WITH] 9 = BLOWING SNOW
X = TORNADO
MAX 32 OR BELOW: 0 0.01 INCH OR MORE: 9
MAX 90 OR ABOVE: 0 0.10 INCH OR MORE: 4
MIN 32 OR BELOW: 2 0.50 INCH OR MORE: 0
MIN 0 OR BELOW: 0 1.00 INCH OR MORE: 0
[HDD (BASE 65) ]
TOTAL THIS MO. 261 CLEAR (SCALE 0-3) 15
DPTR FM NORMAL -56 PTCLDY (SCALE 4-7) 13
TOTAL FM JUL 1 1836 CLOUDY (SCALE 8-10) 3
DPTR FM NORMAL -363
[CDD (BASE 65) ]
TOTAL THIS MO. 30
DPTR FM NORMAL 21 [PRESSURE DATA]
TOTAL FM JAN 1 43 HIGHEST SLP 30.47 ON 21
DPTR FM NORMAL 33 LOWEST SLP 29.60 ON 4
[REMARKS]
#FINAL-03-23#