000
CXUS52 KILM 021024
CLMCRE
CLIMATE REPORT
NATIONAL WEATHER SERVICE WILMINGTON NC
524 AM EST SAT DEC 02 2023
...................................
...THE N.MYRTLE BEACH SOUTH CAROLINA CLIMATE SUMMARY FOR THE MONTH OF NOVEMBER 2023...
CLIMATE NORMAL PERIOD 1991 TO 2020
CLIMATE RECORD PERIOD 1931 TO 2023
WEATHER OBSERVED NORMAL DEPART LAST YEAR`S
VALUE DATE(S) VALUE FROM VALUE DATE(S)
NORMAL
................................................................
TEMPERATURE (F)
RECORD
HIGH 86 11/06/1948
LOW 16 11/26/1950
HIGHEST 79 11/18 MM MM 81 11/04
11/07
LOWEST 30 11/29 MM MM 31 11/19
11/30
AVG. MAXIMUM 65.8 66.4 -0.6 68.5
AVG. MINIMUM 45.8 45.6 0.2 50.3
MEAN 55.8 56.0 -0.2 59.4
DAYS MAX >= 90 0 0.0 0.0 0
DAYS MAX <= 32 0 0.0 0.0 0
DAYS MIN <= 32 3 2.7 0.3 1
DAYS MIN <= 0 0 0.0 0.0 0
PRECIPITATION (INCHES)
RECORD
MAXIMUM 9.70 1969
MINIMUM 0.04 1931
TOTALS 2.46 3.29 -0.83 2.59
DAILY AVG. 0.08 0.11 -0.03
DAYS >= .01 9 8.9 0.1
DAYS >= .10 5 4.8 0.2
DAYS >= .50 3 2.0 1.0
DAYS >= 1.00 0 1.0 -1.0
GREATEST
24 HR. TOTAL 1.02 11/21 TO 11/22
DEGREE DAYS
HEATING TOTAL 280 286 -6 208
SINCE 7/1 353 368 -15
COOLING TOTAL 12 16 -4 48
SINCE 1/1 1940 2002 -62
FREEZE DATES
RECORD
EARLIEST MM
LATEST MM
EARLIEST 01/01
LATEST 03/29
................................................................
WIND (MPH)
AVERAGE WIND SPEED 6.8
RESULTANT WIND SPEED/DIRECTION 4/020
HIGHEST WIND SPEED/DIRECTION 22/230 DATE 11/22
HIGHEST GUST SPEED/DIRECTION 32/020 DATE 11/01
SKY COVER
AVERAGE SKY COVER 0.27
AVERAGE RH (PERCENT) 68
WEATHER CONDITIONS. NUMBER OF DAYS WITH
THUNDERSTORM 1 MIXED PRECIP MM
HEAVY RAIN 2 RAIN 4
LIGHT RAIN 11 FREEZING RAIN 0
LT FREEZING RAIN 0 HAIL MM
HEAVY SNOW 0 SNOW 0
LIGHT SNOW 0 SLEET MM
FOG 12 FOG W/VIS <= 1/4 MILE 1
HAZE 1
- INDICATES NEGATIVE NUMBERS.
R INDICATES RECORD WAS SET OR TIED.
MM INDICATES DATA IS MISSING.
T INDICATES TRACE AMOUNT.
$$