000
CXUS51 KRLX 011637
CF6CRW
PRELIMINARY LOCAL CLIMATOLOGICAL DATA (WS FORM: F-6)
STATION: CHARLESTON WV
MONTH: SEPTEMBER
YEAR: 2023
LATITUDE: 38 22 N
LONGITUDE: 81 36 W
TEMPERATURE IN F: :PCPN: SNOW: WIND :SUNSHINE: SKY :PK WND
================================================================================
1 2 3 4 5 6A 6B 7 8 9 10 11 12 13 14 15 16 17 18
12Z AVG MX 2MIN
DY MAX MIN AVG DEP HDD CDD WTR SNW DPTH SPD SPD DIR MIN PSBL S-S WX SPD DR
================================================================================
1 86 55 71 -2 0 6 0.00 0.0 0 2.3 10 150 M M 4 12 13 130
2 90 59 75 3 0 10 0.00 0.0 0 1.7 8 220 M M 2 1 15 180
3 89 64 77 5 0 12 0.00 0.0 0 1.4 8 300 M M 3 1 13 230
4 90 65 78 6 0 13 0.00 0.0 0 0.7 8 190 M M 3 1 10 200
5 92 65 79 7 0 14 0.00 0.0 0 1.3 8 60 M M 1 1 11 340
6 90 66 78 6 0 13 0.00 0.0 0 3.0 13 210 M M 4 1 16 200
7 86 67 77 6 0 12 T 0.0 0 3.9 14 170 M M 6 13 18 280
8 83 65 74 3 0 9 0.00 0.0 0 2.2 9 60 M M 8 128 12 60
9 83 64 74 3 0 9 1.67 0.0 0 2.4 21 160 M M 8 13 36 330
10 73 65 69 -1 0 4 T 0.0 0 1.9 7 340 M M 9 1 10 330
11 81 62 72 2 0 7 0.00 0.0 0 1.2 7 320 M M 6 1 11 100
12 81 60 71 1 0 6 0.32 0.0 0 1.2 20 310 M M 7 13 28 290
13 78 60 69 0 0 4 T 0.0 0 2.7 9 310 M M 7 1 12 340
14 76 53 65 -4 0 0 0.00 0.0 0 3.8 14 60 M M 5 12 18 60
15 78 51 65 -4 0 0 0.00 0.0 0 3.4 9 80 M M 3 12 12 70
16 80 50 65 -3 0 0 0.01 0.0 0 1.7 7 330 M M 5 1 11 260
17 65 57 61 -7 4 0 1.54 0.0 0 1.9 9 270 M M 10 12 15 270
18 72 57 65 -3 0 0 0.00 0.0 0 2.4 7 220 M M 7 12 11 280
19 74 52 63 -4 2 0 0.00 0.0 0 2.1 10 160 M M 5 1 12 170
20 78 49 64 -3 1 0 0.00 0.0 0 1.9 9 70 M M 3 12 13 30
21 82 53 68 2 0 3 0.00 0.0 0 1.3 7 50 M M 4 12 6 130
22 78 56 67 1 0 2 0.00 0.0 0 3.4 12 80 M M 6 12 15 80
23 74 52 63 -3 2 0 T 0.0 0 5.3 13 30 M M 7 1 22 20
24 65 57 61 -4 4 0 0.01 0.0 0 1.5 8 300 M M 10 1 10 300
25 69 59 64 -1 1 0 0.04 0.0 0 1.6 7 40 M M 10 1 9 50
26 76 61 69 4 0 4 0.00 0.0 0 3.4 8 50 M M 8 1 11 40
27 75 57 66 2 0 1 0.00 0.0 0 4.6 14 140 M M 5 1 18 140
28 76 57 67 3 0 2 T 0.0 0 2.7 8 170 M M 5 1 11 120
29 81 56 69 5 0 4 T 0.0 0 1.0 9 250 M M 5 1 12 250
30 80 57 69 6 0 4 0.00 0.0 0 1.5 9 70 M M 5 1 12 40
================================================================================
SM 2381 1751 14 139 3.59 0.0 69.4 M 171
================================================================================
AV 79.4 58.4 2.3 FASTST M M 6 MAX(MPH)
MISC ----> 21 160 36 330
================================================================================
NOTES:
# LAST OF SEVERAL OCCURRENCES
COLUMN 17 PEAK WIND IN M.P.H.
PRELIMINARY LOCAL CLIMATOLOGICAL DATA (WS FORM: F-6) , PAGE 2
STATION: CHARLESTON WV
MONTH: SEPTEMBER
YEAR: 2023
LATITUDE: 38 22 N
LONGITUDE: 81 36 W
[TEMPERATURE DATA] [PRECIPITATION DATA] SYMBOLS USED IN COLUMN 16
AVERAGE MONTHLY: 68.9 TOTAL FOR MONTH: 3.59 1 = FOG OR MIST
DPTR FM NORMAL: 0.6 DPTR FM NORMAL: 0.13 2 = FOG REDUCING VISIBILITY
HIGHEST: 92 ON 5 GRTST 24HR 1.67 ON 9- 9 TO 1/4 MILE OR LESS
LOWEST: 49 ON 20 3 = THUNDER
SNOW, ICE PELLETS, HAIL 4 = ICE PELLETS
TOTAL MONTH: 0.0 INCH 5 = HAIL
GRTST 24HR 0.0 6 = FREEZING RAIN OR DRIZZLE
GRTST DEPTH: 0 7 = DUSTSTORM OR SANDSTORM:
VSBY 1/2 MILE OR LESS
8 = SMOKE OR HAZE
[NO. OF DAYS WITH] [WEATHER - DAYS WITH] 9 = BLOWING SNOW
X = TORNADO
MAX 32 OR BELOW: 0 0.01 INCH OR MORE: 6
MAX 90 OR ABOVE: 4 0.10 INCH OR MORE: 3
MIN 32 OR BELOW: 0 0.50 INCH OR MORE: 2
MIN 0 OR BELOW: 0 1.00 INCH OR MORE: 2
[HDD (BASE 65) ]
TOTAL THIS MO. 14 CLEAR (SCALE 0-3) 5
DPTR FM NORMAL -31 PTCLDY (SCALE 4-7) 20
TOTAL FM JUL 1 14 CLOUDY (SCALE 8-10) 5
DPTR FM NORMAL -30
[CDD (BASE 65) ]
TOTAL THIS MO. 139
DPTR FM NORMAL -5 [PRESSURE DATA]
TOTAL FM JAN 1 941 HIGHEST SLP 30.25 ON 21
DPTR FM NORMAL -194 LOWEST SLP 29.77 ON 7
[REMARKS]
#FINAL-09-23#