952
CXUS53 KUNR 010945
CF6CUT
PRELIMINARY LOCAL CLIMATOLOGICAL DATA (WS FORM: F-6)
STATION: CUSTER COUNTY AIRPORT SD
MONTH: APRIL
YEAR: 2020
LATITUDE: 43 43 N
LONGITUDE: 103 37 W
TEMPERATURE IN F: :PCPN: SNOW: WIND :SUNSHINE: SKY :PK WND
================================================================================
1 2 3 4 5 6A 6B 7 8 9 10 11 12 13 14 15 16 17 18
12Z AVG MX 2MIN
DY MAX MIN AVG DEP HDD CDD WTR SNW DPTH SPD SPD DIR MIN PSBL S-S WX SPD DR
================================================================================
1 50 19 35 0 30 0 0.54 M M 6.5 16 90 M M 9 12 24 250
2 19 3 11 -24 54 0 0.21 M M 3.7 9 160 M M 10 12 13 360
3 29 -4 13 -23 52 0 0.00 M M 3.6 15 270 M M 2 12 19 260
4 43 14 29 -7 36 0 0.00 M M 6.6 20 270 M M 1 27 270
5 60 23 42 6 23 0 T M M 7.7 25 260 M M 2 36 280
6 62 40 51 15 14 0 T M M 10.4 25 270 M M 3 40 250
7 62 36 49 12 16 0 0.00 M M 8.8 26 270 M M 1 40 240
8 47 27 37 0 28 0 T M M 8.5 23 280 M M 6 37 320
9 46 25 36 -1 29 0 0.00 M M 6.4 15 310 M M 1 26 290
10 62 25 44 7 21 0 T M M 8.9 18 280 M M 3 27 270
11 39 17 28 -10 37 0 0.41 M M 9.6 23 30 M M 9 12 34 30
12 23 8 16 -22 49 0 0.02 M M 8.2 16 280 M M 8 8 28 30
13 19 5 12 -26 53 0 T M M 10.3 29 280 M M 5 8 43 270
14 30 7 19 -20 46 0 T M M 10.3 24 290 M M 5 8 36 260
15 38 13 26 -13 39 0 0.01 M M 9.6 21 290 M M 7 18 33 290
16 30 17 24 -15 41 0 0.13 M M 4.5 10 10 M M 9 128 16 20
17 48 12 30 -10 35 0 T M M 7.8 23 270 M M 1 1 36 280
18 56 31 44 4 21 0 T M M 7.3 16 280 M M 3 1 24 290
19 47 28 38 -2 27 0 0.15 M M 5.6 18 280 M M 6 1 28 300
20 53 32 43 3 22 0 0.00 M M 9.2 22 300 M M 4 35 320
21 64 31 48 7 17 0 0.00 M M 6.7 20 270 M M 2 26 260
22 63 40 52 11 13 0 0.00 M M 6.8 22 280 M M 1 34 270
23 57 37 47 6 18 0 T M M 4.6 22 270 M M 6 39 270
24 52 32 42 0 23 0 T M M 4.7 20 260 M M 8 3 29 270
25 56 32 44 2 21 0 0.00 M M 6.7 21 280 M M 2 30 270
26 67 32 50 8 15 0 0.00 M M 6.0 16 70 M M 3 22 100
27 70 35 53 10 12 0 0.02 M M 7.0 22 280 M M 2 8 36 290
28 53 36 45 2 20 0 0.02 M M 12.1 28 280 M M 3 1 49 320
29 63 31 47 4 18 0 0.00 M M 5.6 14 110 M M 0 26 350
30 77 37 57 13 8 0 0.16 M M 7.9 38 270 M M 0 13 56 280
================================================================================
SM 1485 721 838 0 1.67 M 221.6 M 122
================================================================================
AV 49.5 24.0 7.4 FASTST M M 4 MAX(MPH)
MISC ----> # 38 270 # 56 280
================================================================================
NOTES:
# LAST OF SEVERAL OCCURRENCES
COLUMN 17 PEAK WIND IN M.P.H.
PRELIMINARY LOCAL CLIMATOLOGICAL DATA (WS FORM: F-6) , PAGE 2
STATION: CUSTER COUNTY AIRPORT SD
MONTH: APRIL
YEAR: 2020
LATITUDE: 43 43 N
LONGITUDE: 103 37 W
[TEMPERATURE DATA] [PRECIPITATION DATA] SYMBOLS USED IN COLUMN 16
AVERAGE MONTHLY: 36.8 TOTAL FOR MONTH: 1.67 1 = FOG OR MIST
DPTR FM NORMAL: -2.3 DPTR FM NORMAL: -0.45 2 = FOG REDUCING VISIBILITY
HIGHEST: 77 ON 30 GRTST 24HR 0.54 ON 1- 1 TO 1/4 MILE OR LESS
LOWEST: -4 ON 3 3 = THUNDER
SNOW, ICE PELLETS, HAIL 4 = ICE PELLETS
TOTAL MONTH: M 5 = HAIL
GRTST 24HR M ON M 6 = FREEZING RAIN OR DRIZZLE
GRTST DEPTH: M ON M 7 = DUSTSTORM OR SANDSTORM:
VSBY 1/2 MILE OR LESS
8 = SMOKE OR HAZE
[NO. OF DAYS WITH] [WEATHER - DAYS WITH] 9 = BLOWING SNOW
X = TORNADO
MAX 32 OR BELOW: 6 0.01 INCH OR MORE: 10
MAX 90 OR ABOVE: 0 0.10 INCH OR MORE: 6
MIN 32 OR BELOW: 23 0.50 INCH OR MORE: 1
MIN 0 OR BELOW: 1 1.00 INCH OR MORE: 0
[HDD (BASE 65) ]
TOTAL THIS MO. 838 CLEAR (SCALE 0-3) 16
DPTR FM NORMAL 63 PTCLDY (SCALE 4-7) 10
TOTAL FM JUL 1 7642 CLOUDY (SCALE 8-10) 4
DPTR FM NORMAL -8
[CDD (BASE 65) ]
TOTAL THIS MO. 0
DPTR FM NORMAL 0 [PRESSURE DATA]
TOTAL FM JAN 1 0 HIGHEST SLP 30.35 ON 3
DPTR FM NORMAL 0 LOWEST SLP 29.60 ON 6
[REMARKS]
#FINAL-04-20#