000
CXUS53 KUNR 180930
CF6CUT
PRELIMINARY LOCAL CLIMATOLOGICAL DATA (WS FORM: F-6)
STATION: CUSTER COUNTY AIRPORT SD
MONTH: APRIL
YEAR: 2024
LATITUDE: 43 43 N
LONGITUDE: 103 37 W
TEMPERATURE IN F: :PCPN: SNOW: WIND :SUNSHINE: SKY :PK WND
================================================================================
1 2 3 4 5 6A 6B 7 8 9 10 11 12 13 14 15 16 17 18
12Z AVG MX 2MIN
DY MAX MIN AVG DEP HDD CDD WTR SNW DPTH SPD SPD DIR MIN PSBL S-S WX SPD DR
================================================================================
1 33 23 28 -8 37 0 0.12 M M 4.1 14 360 M M 8 126 24 350
2 50 23 37 0 28 0 0.00 M M 6.2 17 310 M M 1 30 310
3 60 28 44 7 21 0 0.00 M M 4.8 16 360 M M 2 26 10
4 62 31 47 10 18 0 0.00 M M 7.3 18 100 M M 0 26 110
5 52 35 44 7 21 0 0.00 M M 6.9 20 100 M M 0 28 110
6 50 33 42 5 23 0 0.99 M M 8.4 20 80 M M 4 18 30 90
7 35 29 32 -6 33 0 0.04 M M 8.8 18 360 M M 9 18 29 360
8 38 28 33 -5 32 0 T M M 8.3 15 280 M M 8 22 280
9 49 26 38 0 27 0 0.00 M M 7.1 16 280 M M 5 26 300
10 46 26 36 -2 29 0 0.00 M M 10.1 23 300 M M 1 43 300
11 51 22 37 -1 28 0 0.00 M M 5.5 17 270 M M 1 27 330
12 67 25 46 8 19 0 0.00 M M 5.3 17 270 M M 0 27 260
13 76 39 58 20 7 0 0.00 M M 8.1 22 270 M M 1 31 270
14 70 42 56 17 9 0 0.00 M M 6.2 14 140 M M 0 23 170
15 69 46 58 19 7 0 0.01 M M 11.5 26 360 M M 2 3 40 350
16 57 41 49 10 16 0 T M M 11.8 24 300 M M 4 46 340
17 41 24 33 -6 32 0 0.23 M M 2.8 8 340 M M 8 12 16 360
================================================================================
SM 906 521 387 0 1.39 M 123.2 M 54
================================================================================
AV 53.3 30.6 7.2 FASTST M M 3 MAX(MPH)
MISC ----> 26 360 46 340
================================================================================
NOTES:
# LAST OF SEVERAL OCCURRENCES
COLUMN 17 PEAK WIND IN M.P.H.
PRELIMINARY LOCAL CLIMATOLOGICAL DATA (WS FORM: F-6) , PAGE 2
STATION: CUSTER COUNTY AIRPORT SD
MONTH: APRIL
YEAR: 2024
LATITUDE: 43 43 N
LONGITUDE: 103 37 W
[TEMPERATURE DATA] [PRECIPITATION DATA] SYMBOLS USED IN COLUMN 16
AVERAGE MONTHLY: 42.0 TOTAL FOR MONTH: 1.39 1 = FOG OR MIST
DPTR FM NORMAL: 4.1 DPTR FM NORMAL: 0.15 2 = FOG REDUCING VISIBILITY
HIGHEST: 76 ON 13 GRTST 24HR 1.03 ON 6- 7 TO 1/4 MILE OR LESS
LOWEST: 22 ON 11 3 = THUNDER
SNOW, ICE PELLETS, HAIL 4 = ICE PELLETS
TOTAL MONTH: M 5 = HAIL
GRTST 24HR M ON M 6 = FREEZING RAIN OR DRIZZLE
GRTST DEPTH: M ON M 7 = DUSTSTORM OR SANDSTORM:
VSBY 1/2 MILE OR LESS
8 = SMOKE OR HAZE
[NO. OF DAYS WITH] [WEATHER - DAYS WITH] 9 = BLOWING SNOW
X = TORNADO
MAX 32 OR BELOW: 0 0.01 INCH OR MORE: 5
MAX 90 OR ABOVE: 0 0.10 INCH OR MORE: 3
MIN 32 OR BELOW: 11 0.50 INCH OR MORE: 1
MIN 0 OR BELOW: 0 1.00 INCH OR MORE: 0
[HDD (BASE 65) ]
TOTAL THIS MO. 387 CLEAR (SCALE 0-3) 10
DPTR FM NORMAL -74 PTCLDY (SCALE 4-7) 3
TOTAL FM JUL 1 6486 CLOUDY (SCALE 8-10) 4
DPTR FM NORMAL -636
[CDD (BASE 65) ]
TOTAL THIS MO. 0
DPTR FM NORMAL 0 [PRESSURE DATA]
TOTAL FM JAN 1 0 HIGHEST SLP M ON M
DPTR FM NORMAL 0 LOWEST SLP 29.32 ON 6
[REMARKS]