000
CXUS51 KILN 010541
CF6CVG
PRELIMINARY LOCAL CLIMATOLOGICAL DATA (WS FORM: F-6)
STATION: CINCINNATI OH
MONTH: JUNE
YEAR: 2022
LATITUDE: 39 2 N
LONGITUDE: 84 40 W
TEMPERATURE IN F: :PCPN: SNOW: WIND :SUNSHINE: SKY :PK WND
================================================================================
1 2 3 4 5 6A 6B 7 8 9 10 11 12 13 14 15 16 17 18
12Z AVG MX 2MIN
DY MAX MIN AVG DEP HDD CDD WTR SNW DPTH SPD SPD DIR MIN PSBL S-S WX SPD DR
================================================================================
1 89 67 78 9 0 13 T 0.0 0 8.0 17 280 M M 5 21 180
2 75 64 70 1 0 5 0.53 0.0 0 7.4 25 310 M M 9 18 34 310
3 80 60 70 1 0 5 0.00 0.0 0 6.6 14 310 M M 2 17 300
4 83 54 69 -1 0 4 0.00 0.0 0 2.6 12 350 M M 3 14 290
5 83 62 73 3 0 8 0.00 0.0 0 7.6 16 150 M M 5 20 140
6 81 64 73 3 0 8 0.66 0.0 0 9.1 30 240 M M 7 138 40 240
7 82 65 74 4 0 9 0.11 0.0 0 7.2 13 340 M M 8 1 17 200
8 81 63 72 1 0 7 0.63 0.0 0 7.8 54 300 M M 6 13 69 290
9 76 57 67 -4 0 2 0.00 0.0 0 7.6 15 280 M M 6 18 23 290
10 75 58 67 -4 0 2 0.06 0.0 0 3.3 13 250 M M 8 1 16 270
11 78 61 70 -1 0 5 T 0.0 0 4.8 13 160 M M 9 18 15 160
12 82 66 74 2 0 9 0.17 0.0 0 6.5 22 350 M M 9 18 30 340
13 92 71 82 10 0 17 T 0.0 0 6.3 47 350 M M 7 138 56 350
14 94 75 85 13 0 20 0.00 0.0 0 7.7 18 280 M M 4 18 25 260
15 92 74 83 11 0 18 0.00 0.0 0 7.0 16 180 M M 1 18 21 200
16 92 77 85 12 0 20 0.00 0.0 0 8.7 20 250 M M 2 18 26 250
17 88 72 80 7 0 15 0.00 0.0 0 10.6 21 280 M M 5 18 29 240
18 79 64 72 -1 0 7 0.00 0.0 0 12.4 24 30 M M 0 32 50
19 80 57 69 -4 0 4 0.00 0.0 0 5.6 13 100 M M 2 17 90
20 82 57 70 -4 0 5 0.00 0.0 0 5.3 12 190 M M 6 8 14 210
21 92 59 76 2 0 11 0.00 0.0 0 5.7 14 270 M M 1 18 18 240
22 95 69 82 8 0 17 0.20 0.0 0 6.6 39 330 M M 3 138 48 350
23 86 64 75 1 0 10 0.00 0.0 0 8.1 16 340 M M 1 19 340
24 88 64 76 2 0 11 0.00 0.0 0 3.3 14 30 M M 4 18 40
25 89 66 78 3 0 13 0.00 0.0 0 5.1 12 150 M M 6 17 150
26 87 71 79 4 0 14 0.02 0.0 0 7.7 17 320 M M 8 1 22 310
27 80 62 71 -4 0 6 0.00 0.0 0 8.7 17 30 M M 2 21 40
28 80 56 68 -7 0 3 0.00 0.0 0 5.1 13 360 M M 4 16 10
29 86 53 70 -5 0 5 0.00 0.0 0 2.7 10 330 M M 0 14 330
30 92 65 79 4 0 14 0.00 0.0 0 6.0 12 200 M M 1 16 270
================================================================================
SM 2539 1917 0 287 2.38 0.0 201.1 M 134
================================================================================
AV 84.6 63.9 6.7 FASTST M M 4 MAX(MPH)
MISC ----> 54 300 69 290
================================================================================
NOTES:
# LAST OF SEVERAL OCCURRENCES
COLUMN 17 PEAK WIND IN M.P.H.
PRELIMINARY LOCAL CLIMATOLOGICAL DATA (WS FORM: F-6) , PAGE 2
STATION: CINCINNATI OH
MONTH: JUNE
YEAR: 2022
LATITUDE: 39 2 N
LONGITUDE: 84 40 W
[TEMPERATURE DATA] [PRECIPITATION DATA] SYMBOLS USED IN COLUMN 16
AVERAGE MONTHLY: 74.3 TOTAL FOR MONTH: 2.38 1 = FOG OR MIST
DPTR FM NORMAL: 2.0 DPTR FM NORMAL: -2.37 2 = FOG REDUCING VISIBILITY
HIGHEST: 95 ON 22 GRTST 24HR 0.77 ON 6- 7 TO 1/4 MILE OR LESS
LOWEST: 53 ON 29 3 = THUNDER
SNOW, ICE PELLETS, HAIL 4 = ICE PELLETS
TOTAL MONTH: 0.0 INCH 5 = HAIL
GRTST 24HR 0.0 6 = FREEZING RAIN OR DRIZZLE
GRTST DEPTH: 0 7 = DUSTSTORM OR SANDSTORM:
VSBY 1/2 MILE OR LESS
8 = SMOKE OR HAZE
[NO. OF DAYS WITH] [WEATHER - DAYS WITH] 9 = BLOWING SNOW
X = TORNADO
MAX 32 OR BELOW: 0 0.01 INCH OR MORE: 8
MAX 90 OR ABOVE: 7 0.10 INCH OR MORE: 6
MIN 32 OR BELOW: 0 0.50 INCH OR MORE: 3
MIN 0 OR BELOW: 0 1.00 INCH OR MORE: 0
[HDD (BASE 65) ]
TOTAL THIS MO. 0 CLEAR (SCALE 0-3) 11
DPTR FM NORMAL -12 PTCLDY (SCALE 4-7) 13
TOTAL FM JUL 1 4419 CLOUDY (SCALE 8-10) 6
DPTR FM NORMAL -470
[CDD (BASE 65) ]
TOTAL THIS MO. 287
DPTR FM NORMAL 54 [PRESSURE DATA]
TOTAL FM JAN 1 427 HIGHEST SLP 30.29 ON 19
DPTR FM NORMAL 85 LOWEST SLP 29.67 ON 8
[REMARKS]
#FINAL-06-22#