000
CXUS52 KCHS 021347
CF6CXM
PRELIMINARY LOCAL CLIMATOLOGICAL DATA (WS FORM: F-6)
STATION: DOWNTOWN CHARLESTON SC
MONTH: JUNE
YEAR: 2021
LATITUDE: 32 46 N
LONGITUDE: 79 56 W
TEMPERATURE IN F: :PCPN: SNOW: WIND :SUNSHINE: SKY :PK WND
================================================================================
1 2 3 4 5 6A 6B 7 8 9 10 11 12 13 14 15 16 17 18
12Z AVG MX 2MIN
DY MAX MIN AVG DEP HDD CDD WTR SNW DPTH SPD SPD DIR MIN PSBL S-S WX SPD DR
================================================================================
1 77 68 73 -4 0 8 0.00 M M 10.3 16 80 M M M 21 80
2 82 73 78 1 0 13 0.00 M M 7.2 14 150 M M M 16 140
3 79 74 77 0 0 12 0.02 M M 9.5 17 170 M M M 24 170
4 84 72 78 1 0 13 1.40 M M 7.8 16 190 M M M 25 190
5 87 76 82 4 0 17 0.00 M M 6.3 14 180 M M M 17 170
6 82 79 81 3 0 16 0.00 M M 8.0 13 190 M M M 17 190
7 82 79 81 3 0 16 0.00 M M 9.2 19 190 M M M 24 190
8 84 78 81 3 0 16 0.00 M M 6.9 12 180 M M M 16 180
9 84 78 81 3 0 16 0.07 M M 6.2 13 190 M M M 17 190
10 85 78 82 4 0 17 0.00 M M 8.6 15 180 M M M 17 190
11 88 78 83 4 0 18 0.20 M M 8.1 18 180 M M M 21 190
12 88 73 81 2 0 16 3.80 M M 5.9 18 160 M M M 28 130
13 81 73 77 -2 0 12 1.73 M M 6.3 14 10 M M M 16 30
14 87 75 81 2 0 16 0.00 M M 5.4 12 170 M M M 15 170
15 96 72 84 5 0 19 1.69 M M 5.5 17 160 M M M 25 340
16 85 75 80 1 0 15 0.06 M M 5.9 17 30 M M M 20 40
17 87 73 80 0 0 15 0.00 M M 5.0 10 180 M M M 13 360
18 87 77 82 2 0 17 0.00 M M 6.0 12 180 M M M 16 180
19 88 78 83 3 0 18 0.03 M M 4.6 12 220 M M M 22 260
20 85 76 81 1 0 16 1.65 M M 13.8 24 200 M M M 32 200
21 90 77 84 4 0 19 0.01 M M 8.6 18 210 M M M 22 210
22 83 75 79 -1 0 14 0.34 M M 7.1 13 230 M M M 20 240
23 82 76 79 -1 0 14 0.00 M M 10.2 21 80 M M M 25 80
24 82 74 78 -3 0 13 0.00 M M 10.8 19 60 M M M 24 60
25 86 72 79 -2 0 14 0.00 M M 8.5 13 130 M M M 15 120
26 87 78 83 2 0 18 0.00 M M 8.0 13 100 M M M 16 140
27 87 80 84 3 0 19 0.00 M M 9.4 15 90 M M M 18 100
28 84 77 81 0 0 16 0.42 M M 14.0 25 50 M M M 31 50
29 88 79 84 3 0 19 0.01 M M 7.0 12 160 M M M 15 160
30 86 81 84 3 0 19 0.00 M M 6.5 11 140 M M M 14 150
================================================================================
SM 2553 2274 0 471 11.43 M 236.6 M M
================================================================================
AV 85.1 75.8 7.9 FASTST M M M MAX(MPH)
MISC ----> 25 50 32 200
================================================================================
NOTES:
# LAST OF SEVERAL OCCURRENCES
COLUMN 17 PEAK WIND IN M.P.H.
PRELIMINARY LOCAL CLIMATOLOGICAL DATA (WS FORM: F-6) , PAGE 2
STATION: DOWNTOWN CHARLESTON SC
MONTH: JUNE
YEAR: 2021
LATITUDE: 32 46 N
LONGITUDE: 79 56 W
[TEMPERATURE DATA] [PRECIPITATION DATA] SYMBOLS USED IN COLUMN 16
AVERAGE MONTHLY: 80.5 TOTAL FOR MONTH: 11.43 1 = FOG OR MIST
DPTR FM NORMAL: 1.3 DPTR FM NORMAL: 6.58 2 = FOG REDUCING VISIBILITY
HIGHEST: 96 ON 15 GRTST 24HR 3.80 ON 12-12 TO 1/4 MILE OR LESS
LOWEST: 68 ON 1 3 = THUNDER
SNOW, ICE PELLETS, HAIL 4 = ICE PELLETS
TOTAL MONTH: M 5 = HAIL
GRTST 24HR M ON M 6 = FREEZING RAIN OR DRIZZLE
GRTST DEPTH: M ON M 7 = DUSTSTORM OR SANDSTORM:
VSBY 1/2 MILE OR LESS
8 = SMOKE OR HAZE
[NO. OF DAYS WITH] [WEATHER - DAYS WITH] 9 = BLOWING SNOW
X = TORNADO
MAX 32 OR BELOW: 0 0.01 INCH OR MORE: 14
MAX 90 OR ABOVE: 2 0.10 INCH OR MORE: 8
MIN 32 OR BELOW: 0 0.50 INCH OR MORE: 5
MIN 0 OR BELOW: 0 1.00 INCH OR MORE: 5
[HDD (BASE 65) ]
TOTAL THIS MO. 0 CLEAR (SCALE 0-3) 0
DPTR FM NORMAL 0 PTCLDY (SCALE 4-7) 0
TOTAL FM JUL 1 1287 CLOUDY (SCALE 8-10) 30
DPTR FM NORMAL -338
[CDD (BASE 65) ]
TOTAL THIS MO. 471
DPTR FM NORMAL 43 [PRESSURE DATA]
TOTAL FM JAN 1 935 HIGHEST SLP M ON M
DPTR FM NORMAL 120 LOWEST SLP 29.55 ON 12
[REMARKS]
#FINAL-06-21#