000
CXUS55 KCYS 031120 CCA
CF6CYS
PRELIMINARY LOCAL CLIMATOLOGICAL DATA (WS FORM: F-6)...CORRECTED
STATION: CHEYENNE WYOMING AIRPORT
MONTH: AUGUST
YEAR: 2022
LATITUDE: 41 9 N
LONGITUDE: 104 49 W
TEMPERATURE IN F: :PCPN: SNOW: WIND :SUNSHINE: SKY :PK WND
================================================================================
1 2 3 4 5 6A 6B 7 8 9 10 11 12 13 14 15 16 17 18
12Z AVG MX 2MIN
DY MAX MIN AVG DEP HDD CDD WTR SNW DPTH SPD SPD DIR MIN PSBL S-S WX SPD DR
================================================================================
1 93 59 76 6 0 11 T 0.0 0 9.7 20 230 M M 1 27 280
2 89 65 77 7 0 12 T 0.0 0 13.6 33 310 M M 2 48 310
3 84 59 72 2 0 7 0.04 0.0 0 8.5 17 200 M M 3 24 200
4 95 59 77 7 0 12 0.00 0.0 0 8.2 20 210 M M 1 24 200
5 98 61 80 10 0 15 0.17 0.0 0 9.4 28 280 M M 3 3 36 280
6 86 60 73 3 0 8 T 0.0 0 10.8 24 150 M M 1 35 140
7 82 60 71 1 0 6 0.37 0.0 0 8.9 24 20 M M 4 138 36 330
8 86 57 72 2 0 7 T 0.0 0 10.9 22 110 M M 1 13 28 110
9 89 58 74 4 0 9 0.00 0.0 0 6.8 20 130 M M 2 26 140
10 90 60 75 6 0 10 0.00 0.0 0 11.2 22 170 M M 0 29 170
11 93 60 77 8 0 12 0.00 0.0 0 9.0 21 360 M M 1 8 29 350
12 90 63 77 8 0 12 0.00 0.0 0 8.5 25 360 M M 1 43 330
13 88 59 74 5 0 9 0.00 0.0 0 8.8 29 10 M M 2 42 350
14 86 60 73 4 0 8 0.04 0.0 0 6.5 16 340 M M 4 3 23 60
15 77 60 69 1 0 4 T 0.0 0 7.5 22 350 M M 7 3 32 20
16 80 58 69 1 0 4 0.00 0.0 0 7.1 13 60 M M 2 M M
17 86 54 70 2 0 5 0.00 0.0 0 6.8 15 120 M M 1 19 90
18 82 56 69 1 0 4 0.00 0.0 0 10.2 21 360 M M 1 8 35 20
19 79 57 68 0 0 3 0.00 0.0 0 9.0 17 40 M M 2 8 26 60
20 79 53 66 -2 0 1 0.00 0.0 0 11.4 25 170 M M 2 39 160
21 82 52 67 0 0 2 0.00 0.0 0 6.4 18 140 M M 1 3 24 130
22 84 54 69 2 0 4 0.00 0.0 0 7.6 16 130 M M 1 22 160
23 85 56 71 4 0 6 0.00 0.0 0 7.1 17 160 M M 2 24 170
24 85 55 70 3 0 5 T 0.0 0 6.1 23 280 M M 1 28 290
25 86 53 70 3 0 5 T 0.0 0 9.3 30 240 M M 2 38 250
26 84 55 70 4 0 5 0.04 0.0 0 8.3 23 70 M M 2 38 32 80
27 88 56 72 6 0 7 T 0.0 0 13.8 31 280 M M 1 44 290
28 89 58 74 8 0 9 0.00 0.0 0 13.9 28 250 M M 1 3 41 240
29 83 53 68 2 0 3 0.00 0.0 0 7.0 16 20 M M 0 24 10
30 89 51 70 5 0 5 0.00 0.0 0 7.7 17 170 M M 0 26 160
31 87 58 73 8 0 8 0.00 0.0 0 9.9 25 10 M M 0 35 30
================================================================================
SM 2674 1779 0 218 0.66 0.0 279.9 M 52
================================================================================
AV 86.3 57.4 9.0 FASTST M M 2 MAX(MPH)
MISC ----> 33 310 48 310
================================================================================
NOTES:
# LAST OF SEVERAL OCCURRENCES
COLUMN 17 PEAK WIND IN M.P.H.
PRELIMINARY LOCAL CLIMATOLOGICAL DATA (WS FORM: F-6) , PAGE 2
STATION: CHEYENNE WYOMING AIRPORT
MONTH: AUGUST
YEAR: 2022
LATITUDE: 41 9 N
LONGITUDE: 104 49 W
[TEMPERATURE DATA] [PRECIPITATION DATA] SYMBOLS USED IN COLUMN 16
AVERAGE MONTHLY: 71.8 TOTAL FOR MONTH: 0.66 1 = FOG OR MIST
DPTR FM NORMAL: 3.7 DPTR FM NORMAL: -0.86 2 = FOG REDUCING VISIBILITY
HIGHEST: 98 ON 5 GRTST 24HR 0.37 ON 7- 7 TO 1/4 MILE OR LESS
LOWEST: 51 ON 30 3 = THUNDER
SNOW, ICE PELLETS, HAIL 4 = ICE PELLETS
TOTAL MONTH: 0.0 INCH 5 = HAIL
GRTST 24HR 0.0 6 = FREEZING RAIN OR DRIZZLE
GRTST DEPTH: 0 7 = DUSTSTORM OR SANDSTORM:
VSBY 1/2 MILE OR LESS
8 = SMOKE OR HAZE
[NO. OF DAYS WITH] [WEATHER - DAYS WITH] 9 = BLOWING SNOW
X = TORNADO
MAX 32 OR BELOW: 0 0.01 INCH OR MORE: 5
MAX 90 OR ABOVE: 6 0.10 INCH OR MORE: 2
MIN 32 OR BELOW: 0 0.50 INCH OR MORE: 0
MIN 0 OR BELOW: 0 1.00 INCH OR MORE: 0
[HDD (BASE 65) ]
TOTAL THIS MO. 0 CLEAR (SCALE 0-3) 27
DPTR FM NORMAL -33 PTCLDY (SCALE 4-7) 4
TOTAL FM JUL 1 1 CLOUDY (SCALE 8-10) 0
DPTR FM NORMAL -47
[CDD (BASE 65) ]
TOTAL THIS MO. 218
DPTR FM NORMAL 88 [PRESSURE DATA]
TOTAL FM JAN 1 609 HIGHEST SLP 30.14 ON 30
DPTR FM NORMAL 244 LOWEST SLP 29.62 ON 28
[REMARKS]
AUGUST 4...TIED RECORD HIGH 95 DEGREES PREVIOUSLY SET IN 1979.
AUGUST 5...RECORD HIGH 98 DEGREES (PREVIOUS 94 DEGREES IN 1880)
AND TIED THE MONTHLY RECORD HIGH SET AUGUST 1-2, 2008.
AUGUST 16...PEAK WIND SPD/DIR MISSING.
AVERAGE TEMPERATURE 71.8 DEGREES WAS SECOND WARMEST AUGUST.
#FINAL-08-22#