000
CXUS55 KVEF 060459
CF6DAG
PRELIMINARY LOCAL CLIMATOLOGICAL DATA (WS FORM: F-6)
STATION: BARSTOW-DAGGETT CA
MONTH: NOVEMBER
YEAR: 2022
LATITUDE: 34 51 N
LONGITUDE: 116 47 W
TEMPERATURE IN F: :PCPN: SNOW: WIND :SUNSHINE: SKY :PK WND
================================================================================
1 2 3 4 5 6A 6B 7 8 9 10 11 12 13 14 15 16 17 18
12Z AVG MX 2MIN
DY MAX MIN AVG DEP HDD CDD WTR SNW DPTH SPD SPD DIR MIN PSBL S-S WX SPD DR
================================================================================
1 80 54 67 5 0 2 0.00 0.0 0 13.4 30 220 M M 0 40 220
2 64 48 56 -6 9 0 0.00 0.0 0 22.3 33 270 M M 4 44 270
3 61 41 51 -10 14 0 T 0.0 0 17.0 32 270 M M 4 41 270
4 63 38 51 -10 14 0 0.00 0.0 0 11.1 18 320 M M 0 22 300
5 78 44 61 1 4 0 0.00 0.0 0 10.4 28 260 M M 0 36 260
6 78 50 64 4 1 0 0.00 0.0 0 10.1 25 290 M M 0 32 290
7 74 50 62 2 3 0 0.00 0.0 0 14.0 31 220 M M 4 40 210
8 68 47 58 -1 7 0 0.26 0.0 0 14.2 39 280 M M 6 1 58 230
9 57 40 49 -10 16 0 0.02 0.0 0 16.6 36 270 M M 2 44 270
10 61 36 49 -9 16 0 0.00 0.0 0 6.5 14 260 M M 0 16 260
11 58 34 46 -12 19 0 0.00 0.0 0 3.8 12 290 M M 0 14 280
12 63 34 49 -9 16 0 0.00 0.0 0 7.5 22 250 M M 0 29 260
13 62 44 53 -4 12 0 0.00 0.0 0 12.8 30 250 M M 0 38 240
14 61 38 50 -7 15 0 0.00 0.0 0 5.3 17 280 M M 0 20 280
15 62 34 48 -8 17 0 0.00 0.0 0 5.3 20 80 M M 0 24 70
16 61 36 49 -7 16 0 0.00 0.0 0 5.8 15 80 M M 0 20 80
17 64 33 49 -6 16 0 0.00 0.0 0 6.3 14 290 M M 0 16 290
18 64 37 51 -4 14 0 0.00 0.0 0 6.1 16 280 M M 0 20 280
19 60 35 48 -6 17 0 0.00 0.0 0 4.5 12 90 M M 0 18 120
20 63 33 48 -6 17 0 0.00 0.0 0 7.6 15 280 M M 0 18 280
21 61 32 47 -7 18 0 0.00 0.0 0 5.0 13 290 M M 0 16 270
22 65 33 49 -4 16 0 0.00 0.0 0 6.7 15 280 M M 0 18 270
23 68 37 53 0 12 0 0.00 0.0 0 11.6 20 270 M M 0 24 270
24 66 37 52 0 13 0 0.00 0.0 0 5.8 14 90 M M 0 19 70
25 66 31 49 -3 16 0 0.00 0.0 0 5.4 14 290 M M 0 16 290
26 68 37 53 1 12 0 0.00 0.0 0 7.2 15 260 M M 0 18 270
27 64 33 49 -2 16 0 0.00 0.0 0 3.5 10 40 M M 0 13 40
28 69 44 57 6 8 0 0.00 0.0 0 21.2 44 260 M M 0 8 57 270
29 61 40 51 0 14 0 0.00 0.0 0 8.0 35 260 M M 0 44 260
30 62 32 47 -3 18 0 0.00 0.0 0 3.7 14 270 M M 0 15 270
================================================================================
SM 1952 1162 386 2 0.28 0.0 278.7 M 20
================================================================================
AV 65.1 38.7 9.3 FASTST M M 1 MAX(MPH)
MISC ----> 44 260 58 230
================================================================================
NOTES:
# LAST OF SEVERAL OCCURRENCES
COLUMN 17 PEAK WIND IN M.P.H.
PRELIMINARY LOCAL CLIMATOLOGICAL DATA (WS FORM: F-6) , PAGE 2
STATION: BARSTOW-DAGGETT CA
MONTH: NOVEMBER
YEAR: 2022
LATITUDE: 34 51 N
LONGITUDE: 116 47 W
[TEMPERATURE DATA] [PRECIPITATION DATA] SYMBOLS USED IN COLUMN 16
AVERAGE MONTHLY: 51.9 TOTAL FOR MONTH: 0.28 1 = FOG OR MIST
DPTR FM NORMAL: -4.2 DPTR FM NORMAL: -0.04 2 = FOG REDUCING VISIBILITY
HIGHEST: 80 ON 1 GRTST 24HR 0.28 ON 8- 9 TO 1/4 MILE OR LESS
LOWEST: 31 ON 25 3 = THUNDER
SNOW, ICE PELLETS, HAIL 4 = ICE PELLETS
TOTAL MONTH: 0.0 INCH 5 = HAIL
GRTST 24HR 0.0 6 = FREEZING RAIN OR DRIZZLE
GRTST DEPTH: 0 7 = DUSTSTORM OR SANDSTORM:
VSBY 1/2 MILE OR LESS
8 = SMOKE OR HAZE
[NO. OF DAYS WITH] [WEATHER - DAYS WITH] 9 = BLOWING SNOW
X = TORNADO
MAX 32 OR BELOW: 0 0.01 INCH OR MORE: 2
MAX 90 OR ABOVE: 0 0.10 INCH OR MORE: 1
MIN 32 OR BELOW: 3 0.50 INCH OR MORE: 0
MIN 0 OR BELOW: 0 1.00 INCH OR MORE: 0
[HDD (BASE 65) ]
TOTAL THIS MO. 386 CLEAR (SCALE 0-3) 26
DPTR FM NORMAL 108 PTCLDY (SCALE 4-7) 4
TOTAL FM JUL 1 424 CLOUDY (SCALE 8-10) 0
DPTR FM NORMAL 100
[CDD (BASE 65) ]
TOTAL THIS MO. 2
DPTR FM NORMAL -8 [PRESSURE DATA]
TOTAL FM JAN 1 3591 HIGHEST SLP 30.47 ON 16
DPTR FM NORMAL 463 LOWEST SLP 29.60 ON 8
[REMARKS]
#FINAL-11-22#