000
CXUS51 KRNK 011940
CF6DAN
PRELIMINARY LOCAL CLIMATOLOGICAL DATA (WS FORM: F-6)
STATION: DANVILLE VA
MONTH: JANUARY
YEAR: 2022
LATITUDE: 36 34 N
LONGITUDE: 79 20 W
TEMPERATURE IN F: :PCPN: SNOW: WIND :SUNSHINE: SKY :PK WND
================================================================================
1 2 3 4 5 6A 6B 7 8 9 10 11 12 13 14 15 16 17 18
12Z AVG MX 2MIN
DY MAX MIN AVG DEP HDD CDD WTR SNW DPTH SPD SPD DIR MIN PSBL S-S WX SPD DR
================================================================================
1 79 60 70 31 0 5 0.00 0.0 0 9.5 22 220 M M 8 1 32 230
2 73 57 65 26 0 0 0.90 0.0 0 6.2 22 230 M M 9 1 34 190
3 61 29 45 6 20 0 1.65 4.6 4 13.9 31 40 M M 6 12 44 30
4 40 20 30 -9 35 0 0.00 0.0 2 1.8 8 230 M M 0 11 200
5 51 28 40 1 25 0 0.00 0.0 1 3.0 10 240 M M 3 15 220
6 54 31 43 5 22 0 T 0.0 0 3.6 20 340 M M 3 23 350
7 42 22 32 -6 33 0 T 0.0 0 9.9 20 300 M M 1 30 320
8 38 16 27 -11 38 0 0.00 0.0 0 2.4 9 60 M M 0 11 70
9 63 28 46 8 19 0 0.36 0.0 0 8.8 21 220 M M 10 1 34 220
10 47 32 40 2 25 0 0.00 0.0 0 8.2 20 310 M M 0 26 320
11 39 22 31 -7 34 0 0.00 0.0 0 4.2 15 330 M M 0 20 340
12 51 18 35 -3 30 0 0.00 0.0 0 5.8 18 250 M M 0 23 240
13 50 22 36 -2 29 0 0.00 0.0 0 1.4 6 30 M M 4 7 320
14 54 30 42 4 23 0 0.00 0.0 0 8.0 17 340 M M 2 26 330
15 37 25 31 -7 34 0 0.00 0.0 0 4.5 13 50 M M 6 15 60
16 31 20 26 -12 39 0 0.30 3.1 3 11.5 24 50 M M 9 146 32 50
17 37 29 33 -5 32 0 T T 2 13.5 29 290 M M 6 38 300
18 42 25 34 -4 31 0 0.00 0.0 1 5.1 14 300 M M 2 19 280
19 54 22 38 0 27 0 0.00 0.0 1 3.3 15 220 M M 2 22 220
20 42 31 37 -1 28 0 0.12 T T 5.3 14 50 M M 8 1 19 60
21 31 21 26 -12 39 0 0.04 0.4 T 11.7 18 40 M M 10 1 25 60
22 36 11 24 -14 41 0 T T 0 4.3 13 40 M M 3 1 18 50
23 47 14 31 -7 34 0 0.00 0.0 0 4.5 15 230 M M 1 20 250
24 51 22 37 -1 28 0 0.00 0.0 0 3.9 16 250 M M 2 22 250
25 59 29 44 6 21 0 0.00 0.0 0 5.0 15 10 M M 3 19 360
26 41 21 31 -8 34 0 0.00 0.0 0 7.1 16 50 M M 3 21 40
27 40 15 28 -11 37 0 0.00 0.0 0 1.4 8 210 M M 1 12 240
28 46 24 35 -4 30 0 0.02 0.4 T 3.0 12 10 M M 7 1 14 10
29 33 19 26 -13 39 0 T 0.5 0 12.5 24 320 M M 3 1 37 320
30 36 13 25 -14 40 0 0.00 0.0 0 2.3 10 290 M M 5 14 300
31 47 20 34 -5 31 0 0.00 0.0 0 4.1 10 60 M M 0 13 50
================================================================================
SM 1452 776 898 5 3.39 9.0 189.7 M 117
================================================================================
AV 46.8 25.0 6.1 FASTST M M 4 MAX(MPH)
MISC ----> 31 40 44 30
================================================================================
NOTES:
# LAST OF SEVERAL OCCURRENCES
COLUMN 17 PEAK WIND IN M.P.H.
PRELIMINARY LOCAL CLIMATOLOGICAL DATA (WS FORM: F-6) , PAGE 2
STATION: DANVILLE VA
MONTH: JANUARY
YEAR: 2022
LATITUDE: 36 34 N
LONGITUDE: 79 20 W
[TEMPERATURE DATA] [PRECIPITATION DATA] SYMBOLS USED IN COLUMN 16
AVERAGE MONTHLY: 35.9 TOTAL FOR MONTH: 3.39 1 = FOG OR MIST
DPTR FM NORMAL: -2.6 DPTR FM NORMAL: -0.02 2 = FOG REDUCING VISIBILITY
HIGHEST: 79 ON 1 GRTST 24HR 1.65 ON 3- 3 TO 1/4 MILE OR LESS
LOWEST: 11 ON 22 3 = THUNDER
SNOW, ICE PELLETS, HAIL 4 = ICE PELLETS
TOTAL MONTH: 9.0 INCHES 5 = HAIL
GRTST 24HR 4.6 ON 3- 3 6 = FREEZING RAIN OR DRIZZLE
GRTST DEPTH: 4 ON 3 7 = DUSTSTORM OR SANDSTORM:
VSBY 1/2 MILE OR LESS
8 = SMOKE OR HAZE
[NO. OF DAYS WITH] [WEATHER - DAYS WITH] 9 = BLOWING SNOW
X = TORNADO
MAX 32 OR BELOW: 2 0.01 INCH OR MORE: 7
MAX 90 OR ABOVE: 0 0.10 INCH OR MORE: 5
MIN 32 OR BELOW: 29 0.50 INCH OR MORE: 2
MIN 0 OR BELOW: 0 1.00 INCH OR MORE: 1
[HDD (BASE 65) ]
TOTAL THIS MO. 898 CLEAR (SCALE 0-3) 16
DPTR FM NORMAL 77 PTCLDY (SCALE 4-7) 10
TOTAL FM JUL 1 2037 CLOUDY (SCALE 8-10) 5
DPTR FM NORMAL -290
[CDD (BASE 65) ]
TOTAL THIS MO. 5
DPTR FM NORMAL 5 [PRESSURE DATA]
TOTAL FM JAN 1 5 HIGHEST SLP 30.67 ON 8
DPTR FM NORMAL 5 LOWEST SLP 29.32 ON 17
[REMARKS]
#FINAL-01-22#