000
CXUS51 KRNK 011235
CLSDAN
CLIMATE REPORT
NATIONAL WEATHER SERVICE BLACKSBURG, VA
735 AM EST WED MAR 01 2023
...................................
...THE DANVILLE VA CLIMATE SUMMARY FOR THE SEASON, FROM
12/1/2022 TO 2/28/2023...
CLIMATE NORMAL PERIOD: 1991 TO 2020
CLIMATE RECORD PERIOD: 1916 TO 2023
WEATHER OBSERVED NORMAL DEPART LAST YEAR`S
VALUE DATE(S) VALUE FROM VALUE
NORMAL
..............................................................
TEMPERATURE (F)
RECORD
HIGH 99 12/07/2022
LOW -5 01/21/1985
HIGHEST 79 02/23 79
LOWEST 6 12/25 11
AVG. MAXIMUM 55.2 51.1 4.1 55.1
AVG. MINIMUM 33.8 29.6 4.2 30.7
MEAN 44.5 40.3 4.2 42.9
DAYS MAX >= 90 0 0.0 0.0 MM
DAYS MAX <= 32 1 3.3 -2.3 MM
DAYS MIN <= 32 45 59.1 -14.1 MM
DAYS MIN <= 0 0 0.1 -0.1 MM
PRECIPITATION (INCHES)
RECORD
MAXIMUM 18.47 1997
MINIMUM 5.01 2011
TOTALS 6.24 9.20 -2.96 6.64
DAYS >= .01 25 27.7 -2.7 MM
DAYS >= .10 13 17.6 -4.6 MM
DAYS >= .50 4 5.7 -1.7 MM
DAYS >= 1.00 0 1.8 -1.8 MM
GREATEST
24 HR. TOTAL 0.96 1.66
SNOWFALL (INCHES)
TOTALS T 6.1 -6.1 9.0
DAYS >= TRACE 3 2.8 0.2 MM
DAYS >= 1.0 0 1.6 -1.6 MM
GREATEST
24 HR TOTAL 0.0 4.6
DEGREE DAYS
HEATING TOTAL 1849 2224 -375 1974
COOLING TOTAL 3 1 2 6
..............................................................
WIND (MPH)
AVERAGE WIND SPEED 5.0
RESULTANT WIND SPEED/DIRECTION 2/270
HIGHEST WIND SPEED/DIRECTION 28/MM DATE 02/16
28/280 01/12
HIGHEST GUST SPEED/DIRECTION 43/230 DATE 02/16
SKY COVER
AVERAGE SKY COVER 0.44
AVERAGE RH (PERCENT) 68
WEATHER CONDITIONS. NUMBER OF DAYS WITH
THUNDERSTORM 3 MIXED PRECIP 0
HEAVY RAIN 4 RAIN 15
LIGHT RAIN 35 FREEZING RAIN 0
LT FREEZING RAIN 0 HAIL 0
HEAVY SNOW 0 SNOW 0
LIGHT SNOW 1 SLEET 2
FOG 37 FOG W/VIS <= 1/4 MILE 8
HAZE 0
- INDICATES NEGATIVE NUMBERS.
R INDICATES RECORD WAS SET OR TIED.
MM INDICATES DATA IS MISSING.
T INDICATES TRACE AMOUNT.
$$