000
CXUS55 KDVN 011000
CF6DBQ
PRELIMINARY LOCAL CLIMATOLOGICAL DATA (WS FORM: F-6)
STATION: DUBUQUE IA
MONTH: APRIL
YEAR: 2022
LATITUDE: 42 24 N
LONGITUDE: 90 42 W
TEMPERATURE IN F: :PCPN: SNOW: WIND :SUNSHINE: SKY :PK WND
================================================================================
1 2 3 4 5 6A 6B 7 8 9 10 11 12 13 14 15 16 17 18
12Z AVG MX 2MIN
DY MAX MIN AVG DEP HDD CDD WTR SNW DPTH SPD SPD DIR MIN PSBL S-S WX SPD DR
================================================================================
1 46 24 35 -7 30 0 0.00 0.0 0 5.8 14 250 M M 1 19 260
2 41 31 36 -6 29 0 0.60 4.5 2 7.8 16 300 M M 6 12 22 330
3 45 25 35 -8 30 0 0.41 0.0 2 7.7 20 150 M M 4 1 25 160
4 44 37 41 -2 24 0 0.00 0.0 0 12.3 23 160 M M 9 1 30 290
5 50 35 43 -1 22 0 0.41 0.0 0 13.7 23 160 M M 9 18 32 140
6 48 38 43 -1 22 0 T 0.0 0 20.2 39 250 M M 7 49 250
7 46 33 40 -4 25 0 0.04 T 0 18.0 28 280 M M 10 1 38 280
8 38 30 34 -11 31 0 0.04 0.4 T 15.3 24 360 M M 10 1 34 360
9 53 28 41 -4 24 0 0.00 0.0 0 6.8 22 330 M M 1 27 320
10 63 35 49 4 16 0 0.00 0.0 0 18.5 38 140 M M 1 52 140
11 62 40 51 5 14 0 0.00 0.0 0 10.0 24 320 M M 0 34 310
12 67 41 54 8 11 0 T 0.0 0 16.0 37 130 M M 8 18 49 130
13 65 31 48 2 17 0 0.13 0.0 0 13.4 29 290 M M 8 13 36 290
14 46 28 37 -10 28 0 0.00 0.0 0 20.3 44 250 M M 3 57 250
15 42 29 36 -11 29 0 0.00 0.0 0 14.3 22 260 M M 6 29 270
16 44 24 34 -14 31 0 0.00 0.0 0 11.5 21 310 M M 2 29 300
17 47 23 35 -13 30 0 0.04 0.1 0 6.5 15 110 M M 4 1 23 110
18 38 32 35 -13 30 0 0.02 0.2 0 16.5 31 290 M M 9 12 45 300
19 49 28 39 -10 26 0 0.00 0.0 0 8.7 16 270 M M 3 23 310
20 49 43 46 -3 19 0 0.37 0.0 0 19.0 32 160 M M 10 18 40 160
21 65 38 52 2 13 0 0.00 0.0 0 9.0 23 270 M M 2 1 28 240
22 58 45 52 2 13 0 1.28 0.0 0 17.8 36 120 M M 7 13 50 130
23 81 58 70 20 0 5 0.07 0.0 M 19.6 36 190 M M 3 1 48 200
24 62 44 53 2 12 0 0.10 0.0 0 19.6 35 230 M M 2 1 46 250
25 44 33 39 -12 26 0 0.00 0.0 0 16.6 25 270 M M 9 36 260
26 50 31 41 -10 24 0 0.00 0.0 0 13.5 24 300 M M 4 34 310
27 51 31 41 -11 24 0 0.02 0.0 0 12.7 22 80 M M 5 27 80
28 55 35 45 -7 20 0 0.48 0.0 0 13.4 21 100 M M 8 1 29 110
29 60 48 54 2 11 0 0.03 0.0 0 15.8 28 120 M M 10 38 110
30 67 49 58 5 7 0 0.16 0.0 0 19.7 35 230 M M 9 138 47 120
================================================================================
SM 1576 1047 638 5 4.20 5.2 420.0 M 170
================================================================================
AV 52.5 34.9 14.0 FASTST M M 6 MAX(MPH)
MISC ----> 44 250 57 250
================================================================================
NOTES:
# LAST OF SEVERAL OCCURRENCES
COLUMN 17 PEAK WIND IN M.P.H.
PRELIMINARY LOCAL CLIMATOLOGICAL DATA (WS FORM: F-6) , PAGE 2
STATION: DUBUQUE IA
MONTH: APRIL
YEAR: 2022
LATITUDE: 42 24 N
LONGITUDE: 90 42 W
[TEMPERATURE DATA] [PRECIPITATION DATA] SYMBOLS USED IN COLUMN 16
AVERAGE MONTHLY: 43.7 TOTAL FOR MONTH: 4.20 1 = FOG OR MIST
DPTR FM NORMAL: -3.7 DPTR FM NORMAL: 0.14 2 = FOG REDUCING VISIBILITY
HIGHEST: 81 ON 23 GRTST 24HR 1.28 ON 22-22 TO 1/4 MILE OR LESS
LOWEST: 23 ON 17 3 = THUNDER
SNOW, ICE PELLETS, HAIL 4 = ICE PELLETS
TOTAL MONTH: 5.8 INCHES 5 = HAIL
GRTST 24HR 4.5 ON 2- 2 6 = FREEZING RAIN OR DRIZZLE
GRTST DEPTH: 2 ON 3, 2 7 = DUSTSTORM OR SANDSTORM:
VSBY 1/2 MILE OR LESS
8 = SMOKE OR HAZE
[NO. OF DAYS WITH] [WEATHER - DAYS WITH] 9 = BLOWING SNOW
X = TORNADO
MAX 32 OR BELOW: 0 0.01 INCH OR MORE: 16
MAX 90 OR ABOVE: 0 0.10 INCH OR MORE: 9
MIN 32 OR BELOW: 14 0.50 INCH OR MORE: 2
MIN 0 OR BELOW: 0 1.00 INCH OR MORE: 1
[HDD (BASE 65) ]
TOTAL THIS MO. 638 CLEAR (SCALE 0-3) 10
DPTR FM NORMAL 109 PTCLDY (SCALE 4-7) 11
TOTAL FM JUL 1 6588 CLOUDY (SCALE 8-10) 9
DPTR FM NORMAL -228
[CDD (BASE 65) ]
TOTAL THIS MO. 5
DPTR FM NORMAL 2 [PRESSURE DATA]
TOTAL FM JAN 1 5 HIGHEST SLP 30.37 ON 26
DPTR FM NORMAL 2 LOWEST SLP 29.40 ON 6
[REMARKS]
#FINAL-04-22#