000
CDUS43 KDVN 252139
CLIDBQ


CLIMATE REPORT
NATIONAL WEATHER SERVICE QUAD CITIES IA IL
438 PM CDT SAT APR 25 2015


...................................

...THE DUBUQUE IA CLIMATE SUMMARY FOR APRIL 25 2015...
VALID TODAY AS OF 0400 PM LOCAL TIME.

CLIMATE NORMAL PERIOD 1981 TO 2010
CLIMATE RECORD PERIOD 1873 TO 2015


WEATHER ITEM   OBSERVED TIME   RECORD YEAR NORMAL DEPARTURE LAST
                VALUE   (LST)  VALUE       VALUE  FROM      YEAR
                                                  NORMAL
..................................................................
TEMPERATURE (F)
 TODAY
  MAXIMUM         53    251 PM  86    1986  62     -9       67
  MINIMUM         41    520 AM  28    1887  41      0       38
  AVERAGE         47                        52     -5       53

PRECIPITATION (IN)
  TODAY            0.00          2.15 2009   0.13  -0.13     0.00
  MONTH TO DATE    1.90                      2.98  -1.08     4.28
  SINCE MAR 1      2.70                      5.39  -2.69     5.42
  SINCE JAN 1      4.99                      8.00  -3.01     7.90

SNOWFALL (IN)
  TODAY            0.0          MM      MM   0.1   -0.1      0.0
  MONTH TO DATE    0.0                       1.9   -1.9      0.7
  SINCE MAR 1      4.1                       8.2   -4.1     11.6
  SINCE JUL 1     33.7                      41.8   -8.1     63.3
  SNOW DEPTH       0

DEGREE DAYS
 HEATING
  TODAY           18                        13      5       12
  MONTH TO DATE  373                       448    -75      474
  SINCE MAR 1   1285                      1366    -81     1633
  SINCE JUL 1   7133                      6759    374     8009

 COOLING
  TODAY            0                         0      0        0
  MONTH TO DATE    0                         0      0        0
  SINCE MAR 1      0                         0      0        0
  SINCE JAN 1      0                         0      0        0
..................................................................


WIND (MPH)
  HIGHEST WIND SPEED    29   HIGHEST WIND DIRECTION    NE (60)
  HIGHEST GUST SPEED    38   HIGHEST GUST DIRECTION    NE (50)
  AVERAGE WIND SPEED    16.3


SKY COVER
  POSSIBLE SUNSHINE  MM
  AVERAGE SKY COVER 1.0


WEATHER CONDITIONS
 THE FOLLOWING WEATHER WAS RECORDED TODAY.
  FOG
  HAZE


RELATIVE HUMIDITY (PERCENT)
 HIGHEST    82          1200 AM
 LOWEST     59           300 PM
 AVERAGE    71

..........................................................


THE DUBUQUE IA CLIMATE NORMALS FOR TOMORROW
                         NORMAL    RECORD    YEAR
 MAXIMUM TEMPERATURE (F)   63        83      1990
                                             1962
 MINIMUM TEMPERATURE (F)   42        28      1956


SUNRISE AND SUNSET
APRIL 25 2015.........SUNRISE   607 AM CDT   SUNSET   756 PM CDT
APRIL 26 2015.........SUNRISE   605 AM CDT   SUNSET   757 PM CDT


-  INDICATES NEGATIVE NUMBERS.
R  INDICATES RECORD WAS SET OR TIED.
MM INDICATES DATA IS MISSING.
T  INDICATES TRACE AMOUNT.




$$
