000
CDUS43 KDVN 190818
CLIDBQ


CLIMATE REPORT
NATIONAL WEATHER SERVICE QUAD CITIES IA IL
217 AM CST SUN NOV 19 2017


...................................

...THE DUBUQUE IA CLIMATE SUMMARY FOR NOVEMBER 18 2017...

CLIMATE NORMAL PERIOD 1981 TO 2010
CLIMATE RECORD PERIOD 1873 TO 2017


WEATHER ITEM   OBSERVED TIME   RECORD YEAR NORMAL DEPARTURE LAST
                VALUE   (LST)  VALUE       VALUE  FROM      YEAR
                                                  NORMAL
..................................................................
TEMPERATURE (F)
 YESTERDAY
  MAXIMUM         40    416 PM  70    1999  43     -3       64
                                      1953
  MINIMUM         26   1159 PM   3    2014  27     -1       34
  AVERAGE         33                        35     -2       49

PRECIPITATION (IN)
  YESTERDAY        0.15          1.34 1957   0.07   0.08      T
  MONTH TO DATE    0.66                      1.43  -0.77     0.56
  SINCE SEP 1      7.87                      7.55   0.32     8.24
  SINCE JAN 1     35.29                     33.53   1.76    37.40

SNOWFALL (IN)
  YESTERDAY        0.0          MM      MM   0.1   -0.1       T
  MONTH TO DATE    0.0                       0.8   -0.8       T
  SINCE SEP 1      T                         0.8   -0.8       T
  SINCE JUL 1      T                         0.8   -0.8       T
  SNOW DEPTH       0

DEGREE DAYS
 HEATING
  YESTERDAY       32                        30      2       16
  MONTH TO DATE  546                       451     95      270
  SINCE SEP 1   1006                      1073    -67      629
  SINCE JUL 1   1032                      1100    -68      636

 COOLING
  YESTERDAY        0                         0      0        0
  MONTH TO DATE    0                         0      0        0
  SINCE SEP 1    114                        67     47      101
  SINCE JAN 1    569                       643    -74      781
..................................................................


WIND (MPH)
  HIGHEST WIND SPEED    26   HIGHEST WIND DIRECTION    NW (320)
  HIGHEST GUST SPEED    34   HIGHEST GUST DIRECTION    NW (320)
  AVERAGE WIND SPEED    15.9


SKY COVER
  POSSIBLE SUNSHINE  MM
  AVERAGE SKY COVER 0.7


WEATHER CONDITIONS
 THE FOLLOWING WEATHER WAS RECORDED YESTERDAY.
  RAIN
  FOG
  FOG W/VISIBILITY <= 1/4 MILE


RELATIVE HUMIDITY (PERCENT)
 HIGHEST   100          1200 AM
 LOWEST     64           500 PM
 AVERAGE    82

..........................................................


THE DUBUQUE IA CLIMATE NORMALS FOR TODAY
                         NORMAL    RECORD    YEAR
 MAXIMUM TEMPERATURE (F)   43        74      1942
 MINIMUM TEMPERATURE (F)   27         4      1914


SUNRISE AND SUNSET
NOVEMBER 19 2017......SUNRISE   659 AM CST   SUNSET   437 PM CST
NOVEMBER 20 2017......SUNRISE   700 AM CST   SUNSET   436 PM CST


-  INDICATES NEGATIVE NUMBERS.
R  INDICATES RECORD WAS SET OR TIED.
MM INDICATES DATA IS MISSING.
T  INDICATES TRACE AMOUNT.




$$
