751
CDUS43 KDVN 252223
CLIDBQ


CLIMATE REPORT
NATIONAL WEATHER SERVICE QUAD CITIES IA IL
420 PM CST SAT FEB 25 2017


...................................

...THE DUBUQUE IA CLIMATE SUMMARY FOR FEBRUARY 25 2017...
VALID TODAY AS OF 0400 PM LOCAL TIME.

CLIMATE NORMAL PERIOD 1981 TO 2010
CLIMATE RECORD PERIOD 1873 TO 2017


WEATHER ITEM   OBSERVED TIME   RECORD YEAR NORMAL DEPARTURE LAST
                VALUE   (LST)  VALUE       VALUE  FROM      YEAR
                                                  NORMAL
..................................................................
TEMPERATURE (F)
 TODAY
  MAXIMUM         26    359 PM  66    2000  35     -9       36
  MINIMUM         15    824 AM -15    1967  19     -4       27
  AVERAGE         21                        27     -6       32

PRECIPITATION (IN)
  TODAY            0.01          0.68 1929   0.06  -0.05     0.00
  MONTH TO DATE    1.69                      1.26   0.43     0.55
  SINCE DEC 1      5.24                      4.27   0.97     5.20
  SINCE JAN 1      3.70                      2.43   1.27     1.01

SNOWFALL (IN)
  TODAY            0.4          MM      MM   0.3    0.1      0.0
  MONTH TO DATE    1.4                       8.2   -6.8      7.0
  SINCE DEC 1     22.6                      30.0   -7.4     19.1
  SINCE JUL 1     22.6                      32.8  -10.2     30.9
  SNOW DEPTH       1

DEGREE DAYS
 HEATING
  TODAY           44                        38      6       33
  MONTH TO DATE  790                      1045   -255      988
  SINCE DEC 1   3415                      3782   -367     3166
  SINCE JUL 1   4407                      5282   -875     4373

 COOLING
  TODAY            0                         0      0        0
  MONTH TO DATE    0                         0      0        0
  SINCE DEC 1      0                         0      0        0
  SINCE JAN 1      0                         0      0        0
..................................................................


WIND (MPH)
  HIGHEST WIND SPEED    24   HIGHEST WIND DIRECTION    NW (330)
  HIGHEST GUST SPEED    31   HIGHEST GUST DIRECTION     N (340)
  AVERAGE WIND SPEED    17.5


SKY COVER
  POSSIBLE SUNSHINE  MM
  AVERAGE SKY COVER 0.5


WEATHER CONDITIONS
 THE FOLLOWING WEATHER WAS RECORDED TODAY.
  LIGHT SNOW
  FOG


RELATIVE HUMIDITY (PERCENT)
 HIGHEST    92          1200 AM
 LOWEST     57           400 PM
 AVERAGE    75

..........................................................


THE DUBUQUE IA CLIMATE NORMALS FOR TOMORROW
                         NORMAL    RECORD    YEAR
 MAXIMUM TEMPERATURE (F)   36        62      1896
 MINIMUM TEMPERATURE (F)   20       -12      2014


SUNRISE AND SUNSET
FEBRUARY 25 2017......SUNRISE   644 AM CST   SUNSET   548 PM CST
FEBRUARY 26 2017......SUNRISE   642 AM CST   SUNSET   549 PM CST


-  INDICATES NEGATIVE NUMBERS.
R  INDICATES RECORD WAS SET OR TIED.
MM INDICATES DATA IS MISSING.
T  INDICATES TRACE AMOUNT.




$$
