000
CDUS43 KDVN 260937
CLIDBQ


CLIMATE REPORT
NATIONAL WEATHER SERVICE QUAD CITIES IA IL
436 AM CDT THU MAY 26 2016


...................................

...THE DUBUQUE IA CLIMATE SUMMARY FOR MAY 25 2016...

CLIMATE NORMAL PERIOD 1981 TO 2010
CLIMATE RECORD PERIOD 1873 TO 2016


WEATHER ITEM   OBSERVED TIME   RECORD YEAR NORMAL DEPARTURE LAST
                VALUE   (LST)  VALUE       VALUE  FROM      YEAR
                                                  NORMAL
..................................................................
TEMPERATURE (F)
 YESTERDAY
  MAXIMUM         83    113 PM  91    1911  72     11       77
                                      1880
  MINIMUM         61    410 AM  34    1925  51     10       63
  AVERAGE         72                        62     10       70

PRECIPITATION (IN)
  YESTERDAY        0.00          2.80 1896   0.14  -0.14     0.27
  MONTH TO DATE    3.11                      3.36  -0.25     4.28
  SINCE MAR 1      8.65                      9.43  -0.78     6.98
  SINCE JAN 1      9.73                     12.04  -2.31     9.27

SNOWFALL (IN)
  YESTERDAY        0.0          MM      MM   0.0    0.0      0.0
  MONTH TO DATE    0.0                       0.1   -0.1      0.0
  SINCE MAR 1      3.3                       8.4   -5.1      4.1
  SINCE JUL 1     34.8                      42.0   -7.2     33.7
  SNOW DEPTH       0

DEGREE DAYS
 HEATING
  YESTERDAY        0                         5     -5        0
  MONTH TO DATE  229                       200     29      163
  SINCE MAR 1   1490                      1628   -138     1518
  SINCE JUL 1   5967                      7021  -1054     7366

 COOLING
  YESTERDAY        7                         2      5        5
  MONTH TO DATE   17                        20     -3       24
  SINCE MAR 1     20                        25     -5       24
  SINCE JAN 1     20                        25     -5       24
..................................................................


WIND (MPH)
  HIGHEST WIND SPEED    23   HIGHEST WIND DIRECTION     S (190)
  HIGHEST GUST SPEED    30   HIGHEST GUST DIRECTION     S (170)
  AVERAGE WIND SPEED    10.9


SKY COVER
  POSSIBLE SUNSHINE  MM
  AVERAGE SKY COVER 0.2


WEATHER CONDITIONS
 THE FOLLOWING WEATHER WAS RECORDED YESTERDAY.
  HAZE


RELATIVE HUMIDITY (PERCENT)
 HIGHEST    93           300 AM
 LOWEST     51           100 PM
 AVERAGE    72

..........................................................


THE DUBUQUE IA CLIMATE NORMALS FOR TODAY
                         NORMAL    RECORD    YEAR
 MAXIMUM TEMPERATURE (F)   72        91      1914
 MINIMUM TEMPERATURE (F)   52        33      1961


SUNRISE AND SUNSET
MAY 26 2016...........SUNRISE   532 AM CDT   SUNSET   829 PM CDT
MAY 27 2016...........SUNRISE   531 AM CDT   SUNSET   830 PM CDT


-  INDICATES NEGATIVE NUMBERS.
R  INDICATES RECORD WAS SET OR TIED.
MM INDICATES DATA IS MISSING.
T  INDICATES TRACE AMOUNT.




$$
