000
CDUS43 KDVN 261011
CLIDBQ


CLIMATE REPORT
NATIONAL WEATHER SERVICE QUAD CITIES IA IL
407 AM CST MON JAN 26 2015


...................................

...THE DUBUQUE IA CLIMATE SUMMARY FOR JANUARY 25 2015...

CLIMATE NORMAL PERIOD 1981 TO 2010
CLIMATE RECORD PERIOD 1873 TO 2015


WEATHER ITEM   OBSERVED TIME   RECORD YEAR NORMAL DEPARTURE LAST
                VALUE   (LST)  VALUE       VALUE  FROM      YEAR
                                                  NORMAL
..................................................................
TEMPERATURE (F)
 YESTERDAY
  MAXIMUM         35   1210 AM  56    2002  27      8       34
                                      1981
                                      1944
  MINIMUM         15   1127 PM -23    1936  11      4        3
                                      1904
                                      1897
  AVERAGE         25                        19      6       19

PRECIPITATION (IN)
  YESTERDAY        0.06          0.80 1950   0.04   0.02      T
  MONTH TO DATE    0.51                      0.93  -0.42     0.59
  SINCE DEC 1      1.44                      2.77  -1.33     1.83
  SINCE JAN 1      0.51                      0.93  -0.42     0.59

SNOWFALL (IN)
  YESTERDAY        0.7          MM      MM   0.3    0.4       T
  MONTH TO DATE    7.1                       7.9   -0.8      8.8
  SINCE DEC 1      7.1                      19.7  -12.6     27.2
  SINCE JUL 1     10.6                      22.5  -11.9     31.1
  SNOW DEPTH       T

DEGREE DAYS
 HEATING
  YESTERDAY       40                        46     -6       46
  MONTH TO DATE 1165                      1150     15     1352
  SINCE DEC 1   2309                      2460   -151     2878
  SINCE JUL 1   4091                      3960    131     4477

 COOLING
  YESTERDAY        0                         0      0        0
  MONTH TO DATE    0                         0      0        0
  SINCE DEC 1      0                         0      0        0
  SINCE JAN 1      0                         0      0        0
..................................................................


WIND (MPH)
  HIGHEST WIND SPEED    28   HIGHEST WIND DIRECTION    NE (30)
  HIGHEST GUST SPEED    35   HIGHEST GUST DIRECTION    NE (30)
  AVERAGE WIND SPEED    14.6


SKY COVER
  POSSIBLE SUNSHINE  MM
  AVERAGE SKY COVER 0.5


WEATHER CONDITIONS
 THE FOLLOWING WEATHER WAS RECORDED YESTERDAY.
  SNOW
  LIGHT SNOW
  FOG
  HAZE


RELATIVE HUMIDITY (PERCENT)
 HIGHEST    92           100 AM
 LOWEST     67           700 PM
 AVERAGE    80

..........................................................


THE DUBUQUE IA CLIMATE NORMALS FOR TODAY
                         NORMAL    RECORD    YEAR
 MAXIMUM TEMPERATURE (F)   27        58      1944
 MINIMUM TEMPERATURE (F)   11       -20      1904


SUNRISE AND SUNSET
JANUARY 26 2015.......SUNRISE   722 AM CST   SUNSET   509 PM CST
JANUARY 27 2015.......SUNRISE   721 AM CST   SUNSET   510 PM CST


-  INDICATES NEGATIVE NUMBERS.
R  INDICATES RECORD WAS SET OR TIED.
MM INDICATES DATA IS MISSING.
T  INDICATES TRACE AMOUNT.




$$
