000
CDUS43 KDVN 160927
CLIDBQ


CLIMATE REPORT
NATIONAL WEATHER SERVICE QUAD CITIES IA IL
425 AM CDT WED APR 16 2014


...................................

...THE DUBUQUE IA CLIMATE SUMMARY FOR APRIL 15 2014...

CLIMATE NORMAL PERIOD 1981 TO 2010
CLIMATE RECORD PERIOD 1873 TO 2014


WEATHER ITEM   OBSERVED TIME   RECORD YEAR NORMAL DEPARTURE LAST
                VALUE   (LST)  VALUE       VALUE  FROM      YEAR
                                                  NORMAL
..................................................................
TEMPERATURE (F)
 YESTERDAY
  MAXIMUM         37    442 PM  86    1896  59    -22       54
  MINIMUM         21R   525 AM  21    1928  38    -17       37
  AVERAGE         29                        48    -19       46

PRECIPITATION (IN)
  YESTERDAY        0.00          2.08 1930   0.12  -0.12     0.06
  MONTH TO DATE    3.72                      1.71   2.01     5.15
  SINCE MAR 1      4.86                      4.12   0.74     7.72
  SINCE JAN 1      7.34                      6.73   0.61    11.14

SNOWFALL (IN)
  YESTERDAY        0.0          MM      MM   0.1   -0.1      0.0
  MONTH TO DATE    0.7                       1.4   -0.7      0.0
  SINCE MAR 1     11.6                       7.7    3.9     12.6
  SINCE JUL 1     63.3                      41.3   22.0     54.5
  SNOW DEPTH       0

DEGREE DAYS
 HEATING
  YESTERDAY       36                        17     19       19
  MONTH TO DATE  324                       297     27      359
  SINCE MAR 1   1483                      1215    268     1532
  SINCE JUL 1   7859                      6608   1251     6782

 COOLING
  YESTERDAY        0                         0      0        0
  MONTH TO DATE    0                         0      0        0
  SINCE MAR 1      0                         0      0        0
  SINCE JAN 1      0                         0      0        0
..................................................................


WIND (MPH)
  HIGHEST WIND SPEED    16   HIGHEST WIND DIRECTION     W (260)
  HIGHEST GUST SPEED    27   HIGHEST GUST DIRECTION    SW (240)
  AVERAGE WIND SPEED     7.6


SKY COVER
  POSSIBLE SUNSHINE  MM
  AVERAGE SKY COVER 0.3


WEATHER CONDITIONS
 THE FOLLOWING WEATHER WAS RECORDED YESTERDAY.
  NO SIGNIFICANT WEATHER WAS OBSERVED.


RELATIVE HUMIDITY (PERCENT)
 HIGHEST    77           500 AM
 LOWEST     44           300 PM
 AVERAGE    61

..........................................................


THE DUBUQUE IA CLIMATE NORMALS FOR TODAY
                         NORMAL    RECORD    YEAR
 MAXIMUM TEMPERATURE (F)   59        85      1896
 MINIMUM TEMPERATURE (F)   38        14      1875


SUNRISE AND SUNSET
APRIL 16 2014.........SUNRISE   620 AM CDT   SUNSET   746 PM CDT
APRIL 17 2014.........SUNRISE   619 AM CDT   SUNSET   747 PM CDT


-  INDICATES NEGATIVE NUMBERS.
R  INDICATES RECORD WAS SET OR TIED.
MM INDICATES DATA IS MISSING.
T  INDICATES TRACE AMOUNT.




$$
