000
CDUS43 KDVN 241002
CLIDBQ


CLIMATE REPORT
NATIONAL WEATHER SERVICE QUAD CITIES IA IL
401 AM CST WED JAN 24 2018


...................................

...THE DUBUQUE IA CLIMATE SUMMARY FOR JANUARY 23 2018...

CLIMATE NORMAL PERIOD 1981 TO 2010
CLIMATE RECORD PERIOD 1873 TO 2018


WEATHER ITEM   OBSERVED TIME   RECORD YEAR NORMAL DEPARTURE LAST
                VALUE   (LST)  VALUE       VALUE  FROM      YEAR
                                                  NORMAL
..................................................................
TEMPERATURE (F)
 YESTERDAY
  MAXIMUM         33   1211 AM  55    1909  27      6       38
  MINIMUM         22   1159 PM -25    1936  11     11       32
  AVERAGE         28                        19      9       35

PRECIPITATION (IN)
  YESTERDAY        0.03          1.14 1887   0.03   0.00     0.00
  MONTH TO DATE    1.19                      0.85   0.34     1.59
  SINCE DEC 1      1.90                      2.69  -0.79     3.13
  SINCE JAN 1      1.19                      0.85   0.34     1.59

SNOWFALL (IN)
  YESTERDAY        0.1          MM      MM   0.3   -0.2      0.0
  MONTH TO DATE    3.5                       7.3   -3.8      0.2
  SINCE DEC 1      9.2                      19.1   -9.9     17.6
  SINCE JUL 1      9.2                      21.9  -12.7     17.6
  SNOW DEPTH       T

DEGREE DAYS
 HEATING
  YESTERDAY       37                        46     -9       30
  MONTH TO DATE 1125                      1058     67      965
  SINCE DEC 1   2439                      2368     71     2320
  SINCE JUL 1   3804                      3868    -64     3312

 COOLING
  YESTERDAY        0                         0      0        0
  MONTH TO DATE    0                         0      0        0
  SINCE DEC 1      0                         0      0        0
  SINCE JAN 1      0                         0      0        0
..................................................................


WIND (MPH)
  HIGHEST WIND SPEED    25   HIGHEST WIND DIRECTION    NW (330)
  HIGHEST GUST SPEED    30   HIGHEST GUST DIRECTION     N (340)
  AVERAGE WIND SPEED    13.7


SKY COVER
  POSSIBLE SUNSHINE  MM
  AVERAGE SKY COVER 1.0


WEATHER CONDITIONS
 THE FOLLOWING WEATHER WAS RECORDED YESTERDAY.
  LT FREEZING RAIN
  LIGHT SNOW
  FOG


RELATIVE HUMIDITY (PERCENT)
 HIGHEST    96          1200 AM
 LOWEST     78           600 AM
 AVERAGE    87

..........................................................


THE DUBUQUE IA CLIMATE NORMALS FOR TODAY
                         NORMAL    RECORD    YEAR
 MAXIMUM TEMPERATURE (F)   27        59      1967
 MINIMUM TEMPERATURE (F)   11       -19      1936
                                             1904
                                             1897


SUNRISE AND SUNSET
JANUARY 24 2018.......SUNRISE   724 AM CST   SUNSET   507 PM CST
JANUARY 25 2018.......SUNRISE   723 AM CST   SUNSET   508 PM CST


-  INDICATES NEGATIVE NUMBERS.
R  INDICATES RECORD WAS SET OR TIED.
MM INDICATES DATA IS MISSING.
T  INDICATES TRACE AMOUNT.




$$
