000
CDUS43 KDVN 160919
CLIDBQ


CLIMATE REPORT
NATIONAL WEATHER SERVICE QUAD CITIES IA IL
417 AM CDT TUE SEP 16 2014


...................................

...THE DUBUQUE IA CLIMATE SUMMARY FOR SEPTEMBER 15 2014...

CLIMATE NORMAL PERIOD 1981 TO 2010
CLIMATE RECORD PERIOD 1873 TO 2014


WEATHER ITEM   OBSERVED TIME   RECORD YEAR NORMAL DEPARTURE LAST
                VALUE   (LST)  VALUE       VALUE  FROM      YEAR
                                                  NORMAL
..................................................................
TEMPERATURE (F)
 YESTERDAY
  MAXIMUM         58    945 AM  97    1939  73    -15       61
  MINIMUM         39   1154 PM  32    2007  52    -13       52
  AVERAGE         49                        62    -13       57

PRECIPITATION (IN)
  YESTERDAY        0.08          1.57 1927   0.11  -0.03     0.35
  MONTH TO DATE    2.08                      1.76   0.32     0.44
  SINCE SEP 1      2.08                      1.76   0.32     0.44
  SINCE JAN 1     32.23                     27.74   4.49    31.13

SNOWFALL (IN)
  YESTERDAY        0.0          MM      MM   0.0    0.0      0.0
  MONTH TO DATE    0.0                       0.0    0.0      0.0
  SINCE SEP 1      0.0                       0.0    0.0      0.0
  SINCE JUL 1      0.0                       0.0    0.0      0.0
  SNOW DEPTH       0

DEGREE DAYS
 HEATING
  YESTERDAY       16                         5     11        8
  MONTH TO DATE   95                        44     51       31
  SINCE SEP 1     95                        44     51       31
  SINCE JUL 1    124                        71     53       63

 COOLING
  YESTERDAY        0                         2     -2        0
  MONTH TO DATE   28                        43    -15       78
  SINCE SEP 1     28                        43    -15       78
  SINCE JAN 1    510                       619   -109      614
..................................................................


WIND (MPH)
  HIGHEST WIND SPEED    22   HIGHEST WIND DIRECTION     N (10)
  HIGHEST GUST SPEED    28   HIGHEST GUST DIRECTION     N (10)
  AVERAGE WIND SPEED     5.4


SKY COVER
  POSSIBLE SUNSHINE  MM
  AVERAGE SKY COVER 0.5


WEATHER CONDITIONS
 THE FOLLOWING WEATHER WAS RECORDED YESTERDAY.
  LIGHT RAIN
  FOG


RELATIVE HUMIDITY (PERCENT)
 HIGHEST   100           800 PM
 LOWEST     77           800 AM
 AVERAGE    89

..........................................................


THE DUBUQUE IA CLIMATE NORMALS FOR TODAY
                         NORMAL    RECORD    YEAR
 MAXIMUM TEMPERATURE (F)   72        96      1931
 MINIMUM TEMPERATURE (F)   52        34      1984


SUNRISE AND SUNSET
SEPTEMBER 16 2014.....SUNRISE   644 AM CDT   SUNSET   711 PM CDT
SEPTEMBER 17 2014.....SUNRISE   645 AM CDT   SUNSET   709 PM CDT


-  INDICATES NEGATIVE NUMBERS.
R  INDICATES RECORD WAS SET OR TIED.
MM INDICATES DATA IS MISSING.
T  INDICATES TRACE AMOUNT.




$$
