000
CDUS43 KDVN 010919
CLIDBQ


CLIMATE REPORT
NATIONAL WEATHER SERVICE QUAD CITIES IA IL
417 AM CDT MON SEP 1 2014


...................................

...THE DUBUQUE IA CLIMATE SUMMARY FOR AUGUST 31 2014...

CLIMATE NORMAL PERIOD 1981 TO 2010
CLIMATE RECORD PERIOD 1873 TO 2014


WEATHER ITEM   OBSERVED TIME   RECORD YEAR NORMAL DEPARTURE LAST
                VALUE   (LST)  VALUE       VALUE  FROM      YEAR
                                                  NORMAL
..................................................................
TEMPERATURE (F)
 YESTERDAY
  MAXIMUM         84    335 PM  96    1953  78      6       82
  MINIMUM         59    447 AM  42    1967  58      1       66
  AVERAGE         72                        68      4       74

PRECIPITATION (IN)
  YESTERDAY        0.00          2.86 1914   0.14  -0.14     0.25
  MONTH TO DATE    3.12                      4.40  -1.28     2.98
  SINCE JUN 1     17.77                     13.11   4.66     9.11
  SINCE JAN 1     30.15                     25.98   4.17    30.69

SNOWFALL (IN)
  YESTERDAY        0.0          MM      MM   0.0    0.0      0.0
  MONTH TO DATE    0.0                       0.0    0.0      0.0
  SINCE JUN 1      0.0                       0.0    0.0      0.0
  SINCE JUL 1      0.0                       0.0    0.0      0.0
  SNOW DEPTH       0

DEGREE DAYS
 HEATING
  YESTERDAY        0                         1     -1        0
  MONTH TO DATE    2                        16    -14       10
  SINCE JUN 1     39                        67    -28       71
  SINCE JUL 1     29                        27      2       32

 COOLING
  YESTERDAY        7                         4      3        9
  MONTH TO DATE  172                       176     -4      184
  SINCE JUN 1    428                       539   -111      491
  SINCE JAN 1    482                       576    -94      536
..................................................................


WIND (MPH)
  HIGHEST WIND SPEED    25   HIGHEST WIND DIRECTION     E (100)
  HIGHEST GUST SPEED    32   HIGHEST GUST DIRECTION    NW (300)
  AVERAGE WIND SPEED    10.1


SKY COVER
  POSSIBLE SUNSHINE  MM
  AVERAGE SKY COVER 0.1


WEATHER CONDITIONS
 THE FOLLOWING WEATHER WAS RECORDED YESTERDAY.
  FOG
  FOG W/VISIBILITY <= 1/4 MILE


RELATIVE HUMIDITY (PERCENT)
 HIGHEST   100           200 AM
 LOWEST     58           200 PM
 AVERAGE    79

..........................................................


THE DUBUQUE IA CLIMATE NORMALS FOR TODAY
                         NORMAL    RECORD    YEAR
 MAXIMUM TEMPERATURE (F)   77        97      1913
 MINIMUM TEMPERATURE (F)   58        42      1967
                                             1895


SUNRISE AND SUNSET
SEPTEMBER  1 2014.....SUNRISE   628 AM CDT   SUNSET   737 PM CDT
SEPTEMBER  2 2014.....SUNRISE   629 AM CDT   SUNSET   735 PM CDT


-  INDICATES NEGATIVE NUMBERS.
R  INDICATES RECORD WAS SET OR TIED.
MM INDICATES DATA IS MISSING.
T  INDICATES TRACE AMOUNT.




$$
