000
CDUS43 KDVN 261019
CLIDBQ


CLIMATE REPORT
NATIONAL WEATHER SERVICE QUAD CITIES IA IL
418 AM CST WED NOV 26 2014


...................................

...THE DUBUQUE IA CLIMATE SUMMARY FOR NOVEMBER 25 2014...

CLIMATE NORMAL PERIOD 1981 TO 2010
CLIMATE RECORD PERIOD 1873 TO 2014


WEATHER ITEM   OBSERVED TIME   RECORD YEAR NORMAL DEPARTURE LAST
                VALUE   (LST)  VALUE       VALUE  FROM      YEAR
                                                  NORMAL
..................................................................
TEMPERATURE (F)
 YESTERDAY
  MAXIMUM         23    341 PM  65    1896  39    -16       30
  MINIMUM         11    948 PM  -6    1977  24    -13       20
  AVERAGE         17                        32    -15       25

PRECIPITATION (IN)
  YESTERDAY        T             1.06 1992   0.08  -0.08     0.13
  MONTH TO DATE    1.18                      1.97  -0.79     1.93
  SINCE SEP 1      6.37                      8.09  -1.72     6.12
  SINCE JAN 1     36.52                     34.07   2.45    36.81

SNOWFALL (IN)
  YESTERDAY        T            MM      MM   0.1   -0.1      1.7
  MONTH TO DATE    3.4                       1.8    1.6      3.9
  SINCE SEP 1      3.4                       1.8    1.6      3.9
  SINCE JUL 1      3.4                       1.8    1.6      3.9
  SNOW DEPTH       1

DEGREE DAYS
 HEATING
  YESTERDAY       48                        34     14       40
  MONTH TO DATE  887                       674    213      752
  SINCE SEP 1   1551                      1296    255     1351
  SINCE JUL 1   1580                      1323    257     1383

 COOLING
  YESTERDAY        0                         0      0        0
  MONTH TO DATE    0                         0      0        0
  SINCE SEP 1     44                        67    -23      104
  SINCE JAN 1    526                       643   -117      640
..................................................................


WIND (MPH)
  HIGHEST WIND SPEED    18   HIGHEST WIND DIRECTION     W (290)
  HIGHEST GUST SPEED    22   HIGHEST GUST DIRECTION     W (290)
  AVERAGE WIND SPEED     8.7


SKY COVER
  POSSIBLE SUNSHINE  MM
  AVERAGE SKY COVER 0.3


WEATHER CONDITIONS
 THE FOLLOWING WEATHER WAS RECORDED YESTERDAY.
  LIGHT SNOW
  FOG


RELATIVE HUMIDITY (PERCENT)
 HIGHEST    92           700 AM
 LOWEST     71           100 PM
 AVERAGE    82

..........................................................


THE DUBUQUE IA CLIMATE NORMALS FOR TODAY
                         NORMAL    RECORD    YEAR
 MAXIMUM TEMPERATURE (F)   39        67      1914
 MINIMUM TEMPERATURE (F)   23       -17      1977


SUNRISE AND SUNSET
NOVEMBER 26 2014......SUNRISE   707 AM CST   SUNSET   433 PM CST
NOVEMBER 27 2014......SUNRISE   708 AM CST   SUNSET   433 PM CST


-  INDICATES NEGATIVE NUMBERS.
R  INDICATES RECORD WAS SET OR TIED.
MM INDICATES DATA IS MISSING.
T  INDICATES TRACE AMOUNT.




$$
