000
CDUS43 KDVN 270916
CLIDBQ


CLIMATE REPORT
NATIONAL WEATHER SERVICE QUAD CITIES IA IL
415 AM CDT MON JUN 27 2016


...................................

...THE DUBUQUE IA CLIMATE SUMMARY FOR JUNE 26 2016...

CLIMATE NORMAL PERIOD 1981 TO 2010
CLIMATE RECORD PERIOD 1873 TO 2016


WEATHER ITEM   OBSERVED TIME   RECORD YEAR NORMAL DEPARTURE LAST
                VALUE   (LST)  VALUE       VALUE  FROM      YEAR
                                                  NORMAL
..................................................................
TEMPERATURE (F)
 YESTERDAY
  MAXIMUM         87    239 PM 102    1931  81      6       74
  MINIMUM         66   1153 PM  47    2004  61      5       60
                                      1926
  AVERAGE         77                        71      6       67

PRECIPITATION (IN)
  YESTERDAY        0.65          2.71 1944   0.15   0.50     0.03
  MONTH TO DATE    7.01                      3.85   3.16     7.46
  SINCE JUN 1      7.01                      3.85   3.16     7.46
  SINCE JAN 1     17.96                     16.72   1.24    18.23

SNOWFALL (IN)
  YESTERDAY        0.0          MM      MM   0.0    0.0      0.0
  MONTH TO DATE    0.0                       0.0    0.0       T
  SINCE JUN 1      0.0                       0.0    0.0       T
  SINCE JUL 1     34.8                      41.9   -7.1     33.7
  SNOW DEPTH       0

DEGREE DAYS
 HEATING
  YESTERDAY        0                         0      0        0
  MONTH TO DATE    9                        40    -31       23
  SINCE JUN 1      9                        40    -31       23
  SINCE JUL 1   5976                      7086  -1110     7409

 COOLING
  YESTERDAY       12                         6      6        2
  MONTH TO DATE  163                       112     51      107
  SINCE JUN 1    163                       112     51      107
  SINCE JAN 1    214                       149     65      143
..................................................................


WIND (MPH)
  HIGHEST WIND SPEED    22   HIGHEST WIND DIRECTION     W (280)
  HIGHEST GUST SPEED    27   HIGHEST GUST DIRECTION     W (290)
  AVERAGE WIND SPEED     8.3


SKY COVER
  POSSIBLE SUNSHINE  MM
  AVERAGE SKY COVER 0.3


WEATHER CONDITIONS
 THE FOLLOWING WEATHER WAS RECORDED YESTERDAY.
  THUNDERSTORM
  HEAVY RAIN
  RAIN
  LIGHT RAIN


RELATIVE HUMIDITY (PERCENT)
 HIGHEST   100           800 AM
 LOWEST     39           200 PM
 AVERAGE    70

..........................................................


THE DUBUQUE IA CLIMATE NORMALS FOR TODAY
                         NORMAL    RECORD    YEAR
 MAXIMUM TEMPERATURE (F)   81       102      1934
 MINIMUM TEMPERATURE (F)   61        43      1992


SUNRISE AND SUNSET
JUNE 27 2016..........SUNRISE   528 AM CDT   SUNSET   844 PM CDT
JUNE 28 2016..........SUNRISE   528 AM CDT   SUNSET   844 PM CDT


-  INDICATES NEGATIVE NUMBERS.
R  INDICATES RECORD WAS SET OR TIED.
MM INDICATES DATA IS MISSING.
T  INDICATES TRACE AMOUNT.




$$
