000
CDUS43 KDVN 010919
CLIDBQ


CLIMATE REPORT
NATIONAL WEATHER SERVICE QUAD CITIES IA IL
417 AM CDT WED APR 1 2015


...................................

...THE DUBUQUE IA CLIMATE SUMMARY FOR MARCH 31 2015...

CLIMATE NORMAL PERIOD 1981 TO 2010
CLIMATE RECORD PERIOD 1873 TO 2015


WEATHER ITEM   OBSERVED TIME   RECORD YEAR NORMAL DEPARTURE LAST
                VALUE   (LST)  VALUE       VALUE  FROM      YEAR
                                                  NORMAL
..................................................................
TEMPERATURE (F)
 YESTERDAY
  MAXIMUM         65    417 PM  79    1986  52     13       66
  MINIMUM         32    608 AM   8    1969  32      0       32
  AVERAGE         49                        42      7       49

PRECIPITATION (IN)
  YESTERDAY        0.00          1.25 1877   0.10  -0.10     0.03
  MONTH TO DATE    0.80                      2.41  -1.61     1.14
  SINCE MAR 1      0.80                      2.41  -1.61     1.14
  SINCE JAN 1      3.09                      5.02  -1.93     3.62

SNOWFALL (IN)
  YESTERDAY        0.0          MM      MM   0.1   -0.1      0.0
  MONTH TO DATE    4.1                       6.3   -2.2     10.9
  SINCE MAR 1      4.1                       6.3   -2.2     10.9
  SINCE JUL 1     33.7                      39.9   -6.2     62.6
  SNOW DEPTH       0

DEGREE DAYS
 HEATING
  YESTERDAY       16                        23     -7       16
  MONTH TO DATE  912                       918     -6     1159
  SINCE MAR 1    912                       918     -6     1159
  SINCE JUL 1   6760                      6311    449     7535

 COOLING
  YESTERDAY        0                         0      0        0
  MONTH TO DATE    0                         0      0        0
  SINCE MAR 1      0                         0      0        0
  SINCE JAN 1      0                         0      0        0
..................................................................


WIND (MPH)
  HIGHEST WIND SPEED    18   HIGHEST WIND DIRECTION     N (360)
  HIGHEST GUST SPEED    23   HIGHEST GUST DIRECTION     N (360)
  AVERAGE WIND SPEED     7.3


SKY COVER
  POSSIBLE SUNSHINE  MM
  AVERAGE SKY COVER 0.0


WEATHER CONDITIONS
 THE FOLLOWING WEATHER WAS RECORDED YESTERDAY.
  NO SIGNIFICANT WEATHER WAS OBSERVED.


RELATIVE HUMIDITY (PERCENT)
 HIGHEST    92           700 AM
 LOWEST     26           500 PM
 AVERAGE    59

..........................................................


THE DUBUQUE IA CLIMATE NORMALS FOR TODAY
                         NORMAL    RECORD    YEAR
 MAXIMUM TEMPERATURE (F)   52        82      1946
 MINIMUM TEMPERATURE (F)   33        17      1954
                                             1899


SUNRISE AND SUNSET
APRIL  1 2015.........SUNRISE   646 AM CDT   SUNSET   728 PM CDT
APRIL  2 2015.........SUNRISE   644 AM CDT   SUNSET   730 PM CDT


-  INDICATES NEGATIVE NUMBERS.
R  INDICATES RECORD WAS SET OR TIED.
MM INDICATES DATA IS MISSING.
T  INDICATES TRACE AMOUNT.




$$
