000
CXUS54 KHUN 022017
CF6DCU
PRELIMINARY LOCAL CLIMATOLOGICAL DATA (WS FORM: F-6)
STATION: DECATUR
MONTH: OCTOBER
YEAR: 2020
LATITUDE: 34 39 N
LONGITUDE: 86 56 W
TEMPERATURE IN F: :PCPN: SNOW: WIND :SUNSHINE: SKY :PK WND
================================================================================
1 2 3 4 5 6A 6B 7 8 9 10 11 12 13 14 15 16 17 18
12Z AVG MX 2MIN
DY MAX MIN AVG DEP HDD CDD WTR SNW DPTH SPD SPD DIR MIN PSBL S-S WX SPD DR
================================================================================
1 76 49 63 -4 2 0 0.00 0.0 0 6.3 16 330 M M 0 21 320
2 69 43 56 -10 9 0 0.00 0.0 0 6.1 15 350 M M 1 20 340
3 72 40 56 -10 9 0 0.00 0.0 0 1.2 8 160 M M 0 13 170
4 76 47 62 -3 3 0 0.00 0.0 0 4.2 15 10 M M 2 18 10
5 74 45 60 -5 5 0 0.00 0.0 0 4.0 12 20 M M 1 14 10
6 80 47 64 -1 1 0 0.00 0.0 0 2.5 8 250 M M 0 1 11 150
7 81 M M M M M 0.00 0.0 0 1.4 10 290 M M 0 12 15 300
8 84 48 66 2 0 1 0.00 0.0 0 1.2 9 270 M M 1 12 11 280
9 73 63 68 4 0 3 0.52 0.0 0 5.5 15 130 M M 5 1 19 130
10 72 64 68 5 0 3 2.11 0.0 0 8.6 17 70 M M 10 1 26 110
11 77 68 73 10 0 8 0.09 0.0 0 4.6 16 280 M M 10 1 20 270
12 80 64 72 10 0 7 0.00 0.0 0 6.4 21 330 M M 8 27 320
13 76 48 62 0 3 0 0.00 0.0 0 6.3 15 340 M M 0 19 10
14 80 44 62 0 3 0 0.00 0.0 0 3.2 12 140 M M 0 14 130
15 80 51 66 5 0 1 0.00 0.0 0 7.2 22 350 M M 2 18 28 360
16 65 38 52 -9 13 0 0.01 0.0 0 7.9 18 10 M M 3 23 10
17 68 34 51 -10 14 0 0.00 0.0 0 4.9 14 100 M M 0 19 120
18 75 46 61 1 4 0 0.00 0.0 0 7.7 20 150 M M 1 24 150
19 80 58 69 9 0 4 0.00 0.0 0 6.8 17 160 M M 2 22 160
20 81 57 69 9 0 4 0.00 0.0 0 4.0 10 150 M M 3 14 160
21 82 56 69 10 0 4 0.00 0.0 0 4.0 13 140 M M 2 1 15 130
22 83 58 71 12 0 6 0.00 0.0 0 5.2 14 150 M M 1 1 23 150
23 83 61 72 13 0 7 0.11 0.0 0 4.9 15 360 M M 2 13 18 350
24 66 55 61 3 4 0 0.34 0.0 0 7.7 15 40 M M 9 13 23 40
25 68 55 62 4 3 0 0.00 0.0 0 2.8 9 360 M M 10 11 360
26 72 57 65 7 0 0 0.00 0.0 0 5.4 13 360 M M 9 16 350
27 74 57 66 8 0 1 T 0.0 0 3.7 9 160 M M 10 1 11 130
28 74 68 71 14 0 6 1.55 0.0 0 6.6 25 140 M M 8 12 34 150
29 71 48 60 3 5 0 0.48 0.0 0 13.7 32 270 M M 10 1 40 260
30 56 40 48 -9 17 0 0.00 0.0 0 9.0 20 350 M M 6 25 340
31 68 37 53 -3 12 0 0.00 0.0 0 6.6 16 140 M M 1 20 140
================================================================================
SM 2316 1546 107 55 5.21 0.0 169.6 M 117
================================================================================
AV 74.7 51.5 5.5 FASTST M M 4 MAX(MPH)
MISC ----> 32 270 40 260
================================================================================
NOTES:
# LAST OF SEVERAL OCCURRENCES
COLUMN 17 PEAK WIND IN M.P.H.
PRELIMINARY LOCAL CLIMATOLOGICAL DATA (WS FORM: F-6) , PAGE 2
STATION: DECATUR
MONTH: OCTOBER
YEAR: 2020
LATITUDE: 34 39 N
LONGITUDE: 86 56 W
[TEMPERATURE DATA] [PRECIPITATION DATA] SYMBOLS USED IN COLUMN 16
AVERAGE MONTHLY: 63.1 TOTAL FOR MONTH: 5.21 1 = FOG OR MIST
DPTR FM NORMAL: 1.9 DPTR FM NORMAL: 1.76 2 = FOG REDUCING VISIBILITY
HIGHEST: 84 ON 8 GRTST 24HR 2.47 ON 9-10 TO 1/4 MILE OR LESS
LOWEST: 34 ON 17 3 = THUNDER
SNOW, ICE PELLETS, HAIL 4 = ICE PELLETS
TOTAL MONTH: 0.0 INCH 5 = HAIL
GRTST 24HR 0.0 6 = FREEZING RAIN OR DRIZZLE
GRTST DEPTH: 0 7 = DUSTSTORM OR SANDSTORM:
VSBY 1/2 MILE OR LESS
8 = SMOKE OR HAZE
[NO. OF DAYS WITH] [WEATHER - DAYS WITH] 9 = BLOWING SNOW
X = TORNADO
MAX 32 OR BELOW: 0 0.01 INCH OR MORE: 8
MAX 90 OR ABOVE: 0 0.10 INCH OR MORE: 6
MIN 32 OR BELOW: 0 0.50 INCH OR MORE: 3
MIN 0 OR BELOW: 0 1.00 INCH OR MORE: 2
[HDD (BASE 65) ]
TOTAL THIS MO. 107 CLEAR (SCALE 0-3) 20
DPTR FM NORMAL -62 PTCLDY (SCALE 4-7) 3
TOTAL FM JUL 1 126 CLOUDY (SCALE 8-10) 8
DPTR FM NORMAL -58
[CDD (BASE 65) ]
TOTAL THIS MO. 55
DPTR FM NORMAL 3 [PRESSURE DATA]
TOTAL FM JAN 1 1712 HIGHEST SLP 30.36 ON 17
DPTR FM NORMAL -28 LOWEST SLP 29.41 ON 29
[REMARKS] MINIMUM TEMPERATURE DATA FOR OCTOBER 8TH WERE TAKEN FROM
THE BELLE MINA COOPERATIVE OBSERVER (GHCND: USC0001065), WHICH IS
LOCATED APPROXIMATELY 4.1 MILES NORTHEAST OF THE DECATUR ASOS
(KDCU).
#FINAL-10-20#