168
CXUS54 KHUN 010810
CF6DCU
PRELIMINARY LOCAL CLIMATOLOGICAL DATA (WS FORM: F-6)
STATION: DECATUR
MONTH: MAY
YEAR: 2020
LATITUDE: 34 39 N
LONGITUDE: 86 56 W
TEMPERATURE IN F: :PCPN: SNOW: WIND :SUNSHINE: SKY :PK WND
================================================================================
1 2 3 4 5 6A 6B 7 8 9 10 11 12 13 14 15 16 17 18
12Z AVG MX 2MIN
DY MAX MIN AVG DEP HDD CDD WTR SNW DPTH SPD SPD DIR MIN PSBL S-S WX SPD DR
================================================================================
1 76 43 60 -5 5 0 0.00 0.0 0 3.0 13 280 M M 0 16 280
2 83 49 66 1 0 1 0.00 0.0 0 5.5 15 200 M M 0 19 200
3 85 59 72 6 0 7 0.00 0.0 0 7.0 43 340 M M 1 51 350
4 84 59 72 6 0 7 0.00 0.0 0 3.2 26 340 M M 5 36 330
5 75 54 65 -1 0 0 T 0.0 0 8.7 20 280 M M 4 13 25 270
6 64 44 54 -13 11 0 0.00 0.0 0 10.6 26 330 M M 3 1 37 290
7 69 39 54 -13 11 0 0.00 0.0 0 3.9 14 330 M M 1 18 270
8 60 46 53 -14 12 0 0.79 0.0 0 8.4 23 140 M M 8 13 27 10
9 63 37 50 -17 15 0 0.00 0.0 0 5.6 20 10 M M 0 26 10
10 72 37 55 -13 10 0 0.00 0.0 0 4.0 18 20 M M 0 1 23 20
11 67 42 55 -13 10 0 0.00 0.0 0 6.7 17 320 M M 2 23 320
12 64 49 57 -11 8 0 T 0.0 0 4.4 13 50 M M 6 15 50
13 79 54 67 -2 0 2 0.05 0.0 0 6.1 15 180 M M 2 20 180
14 85 59 72 3 0 7 0.00 0.0 0 9.4 18 160 M M 1 24 150
15 82 67 75 6 0 10 0.00 0.0 0 7.2 18 160 M M 4 32 160
16 86 62 74 5 0 9 0.00 0.0 0 6.7 15 140 M M 1 19 140
17 81 66 74 4 0 9 0.04 0.0 0 8.5 21 140 M M 2 3 27 130
18 80 59 70 0 0 5 0.02 0.0 0 9.5 21 310 M M 7 1 26 310
19 69 54 62 -8 3 0 T 0.0 0 4.5 13 310 M M 6 16 320
20 76 52 64 -6 1 0 T 0.0 0 4.3 12 40 M M 7 12 14 250
21 80 57 69 -2 0 4 0.00 0.0 0 4.6 12 170 M M 6 13 120
22 81 64 73 2 0 8 1.26 0.0 0 5.0 17 300 M M 6 13 28 300
23 86 63 75 4 0 10 0.12 0.0 0 4.8 18 200 M M 5 13 25 200
24 87 64 76 4 0 11 T 0.0 0 2.4 8 320 M M 1 14 270
25 87 64 76 4 0 11 T 0.0 0 7.2 16 110 M M 1 21 100
26 75 67 71 -1 0 6 0.52 0.0 0 6.9 16 140 M M 6 1 21 140
27 76 63 70 -2 0 5 0.45 0.0 0 6.4 15 170 M M 8 1 19 200
28 82 62 72 -1 0 7 0.05 0.0 0 5.7 24 280 M M 6 1 31 280
29 83 63 73 0 0 8 0.01 0.0 0 4.6 14 300 M M 3 1 17 260
30 82 62 72 -1 0 7 0.00 0.0 0 6.2 16 10 M M 1 1 20 330
31 82 60 71 -2 0 6 0.00 0.0 0 8.1 20 360 M M 0 25 350
================================================================================
SM 2401 1720 86 140 3.31 0.0 189.1 M 103
================================================================================
AV 77.5 55.5 6.1 FASTST M M 3 MAX(MPH)
MISC ----> 43 340 51 350
================================================================================
NOTES:
# LAST OF SEVERAL OCCURRENCES
COLUMN 17 PEAK WIND IN M.P.H.
PRELIMINARY LOCAL CLIMATOLOGICAL DATA (WS FORM: F-6) , PAGE 2
STATION: DECATUR
MONTH: MAY
YEAR: 2020
LATITUDE: 34 39 N
LONGITUDE: 86 56 W
[TEMPERATURE DATA] [PRECIPITATION DATA] SYMBOLS USED IN COLUMN 16
AVERAGE MONTHLY: 66.5 TOTAL FOR MONTH: 3.31 1 = FOG OR MIST
DPTR FM NORMAL: -2.9 DPTR FM NORMAL: -1.13 2 = FOG REDUCING VISIBILITY
HIGHEST: 87 ON 25,24 GRTST 24HR 1.26 ON 22-22 TO 1/4 MILE OR LESS
LOWEST: 37 ON 10, 9 3 = THUNDER
SNOW, ICE PELLETS, HAIL 4 = ICE PELLETS
TOTAL MONTH: 0.0 INCH 5 = HAIL
GRTST 24HR 0.0 6 = FREEZING RAIN OR DRIZZLE
GRTST DEPTH: 0 7 = DUSTSTORM OR SANDSTORM:
VSBY 1/2 MILE OR LESS
8 = SMOKE OR HAZE
[NO. OF DAYS WITH] [WEATHER - DAYS WITH] 9 = BLOWING SNOW
X = TORNADO
MAX 32 OR BELOW: 0 0.01 INCH OR MORE: 10
MAX 90 OR ABOVE: 0 0.10 INCH OR MORE: 5
MIN 32 OR BELOW: 0 0.50 INCH OR MORE: 3
MIN 0 OR BELOW: 0 1.00 INCH OR MORE: 1
[HDD (BASE 65) ]
TOTAL THIS MO. 86 CLEAR (SCALE 0-3) 16
DPTR FM NORMAL 54 PTCLDY (SCALE 4-7) 15
TOTAL FM JUL 1 2775 CLOUDY (SCALE 8-10) 0
DPTR FM NORMAL -448
[CDD (BASE 65) ]
TOTAL THIS MO. 140
DPTR FM NORMAL -27 [PRESSURE DATA]
TOTAL FM JAN 1 185 HIGHEST SLP M ON M
DPTR FM NORMAL -38 LOWEST SLP 29.69 ON 18
[REMARKS]
#FINAL-05-20#