000
CXUS54 KSHV 011500
CF6DEQ
PRELIMINARY LOCAL CLIMATOLOGICAL DATA (WS FORM: F-6)
STATION: DE QUEEN
MONTH: SEPTEMBER
YEAR: 2020
LATITUDE: 34 2 N
LONGITUDE: 94 24 W
TEMPERATURE IN F: :PCPN: SNOW: WIND :SUNSHINE: SKY :PK WND
================================================================================
1 2 3 4 5 6A 6B 7 8 9 10 11 12 13 14 15 16 17 18
12Z AVG MX 2MIN
DY MAX MIN AVG DEP HDD CDD WTR SNW DPTH SPD SPD DIR MIN PSBL S-S WX SPD DR
================================================================================
1 83 73 78 -1 0 13 0.42 0.0 0 4.1 16 320 M M 5 13 29 330
2 81 75 78 -1 0 13 0.31 0.0 0 2.2 12 260 M M 7 1 15 250
3 86 74 80 1 0 15 0.00 0.0 0 2.1 9 270 M M 3 1 11 260
4 89 75 82 4 0 17 T 0.0 0 1.4 7 190 M M 0 1 9 70
5 89 72 81 3 0 16 T 0.0 0 2.3 12 30 M M 1 13 19 360
6 90 68 79 1 0 14 0.00 0.0 0 1.9 8 250 M M 2 12 11 220
7 90 69 80 3 0 15 0.00 0.0 0 2.9 12 180 M M 0 1 16 170
8 91 71 81 4 0 16 0.00 0.0 0 3.5 12 140 M M 1 1 15 130
9 91 73 82 6 0 17 0.00 0.0 0 4.0 12 130 M M 1 16 130
10 85 71 78 2 0 13 1.24 0.0 0 3.3 10 270 M M 4 1 14 260
11 88 69 79 3 0 14 0.00 0.0 0 2.7 12 260 M M 5 1 14 260
12 89 70 80 5 0 15 0.00 0.0 0 1.2 9 250 M M 2 1 11 230
13 89 71 80 5 0 15 0.00 0.0 0 2.6 12 30 M M 1 16 30
14 87 70 79 5 0 14 0.00 0.0 0 6.4 16 60 M M 3 20 50
15 91 68 80 6 0 15 0.00 0.0 0 3.0 10 70 M M 1 14 70
16 89 68 79 5 0 14 0.00 0.0 0 1.6 13 110 M M 2 1 16 110
17 84 69 77 4 0 12 0.00 0.0 0 1.1 9 310 M M 1 3 12 150
18 84 62 73 0 0 8 0.00 0.0 0 4.9 12 50 M M 0 1 15 60
19 80 56 68 -4 0 3 0.00 0.0 0 5.1 16 90 M M 0 1 20 100
20 84 54 69 -3 0 4 0.00 0.0 0 5.9 16 110 M M 0 1 24 90
21 69 63 66 -6 0 1 0.26 0.0 0 6.8 14 90 M M 7 1 18 90
22 67 61 64 -7 1 0 1.40 0.0 0 7.9 16 90 M M 10 1 26 90
23 71 62 67 -4 0 2 0.10 0.0 0 5.5 13 70 M M 10 1 17 60
24 80 62 71 1 0 6 0.00 0.0 0 2.2 9 50 M M 7 12 12 40
25 80 61 71 1 0 6 0.00 0.0 0 2.8 9 230 M M 6 1 12 250
26 71 59 65 -5 0 0 0.00 0.0 0 1.7 9 180 M M 7 12 11 190
27 82 58 70 1 0 5 0.47 0.0 0 3.4 10 180 M M 8 13 17 180
28 74 51 63 -6 2 0 0.10 0.0 0 5.8 21 320 M M 2 13 34 30
29 77 46 62 -6 3 0 0.00 0.0 0 2.3 17 290 M M 1 12 25 320
30 86 48 67 -1 0 2 0.00 0.0 0 2.3 13 230 M M 0 128 16 220
================================================================================
SM 2497 1949 6 285 4.30 0.0 102.9 M 97
================================================================================
AV 83.2 65.0 3.4 FASTST M M 3 MAX(MPH)
MISC ----> # 21 320 # 34 30
================================================================================
NOTES:
# LAST OF SEVERAL OCCURRENCES
COLUMN 17 PEAK WIND IN M.P.H.
PRELIMINARY LOCAL CLIMATOLOGICAL DATA (WS FORM: F-6) , PAGE 2
STATION: DE QUEEN
MONTH: SEPTEMBER
YEAR: 2020
LATITUDE: 34 2 N
LONGITUDE: 94 24 W
[TEMPERATURE DATA] [PRECIPITATION DATA] SYMBOLS USED IN COLUMN 16
AVERAGE MONTHLY: 74.1 TOTAL FOR MONTH: 4.30 1 = FOG OR MIST
DPTR FM NORMAL: 0.3 DPTR FM NORMAL: 0.69 2 = FOG REDUCING VISIBILITY
HIGHEST: 91 ON 15, 9 GRTST 24HR 1.40 ON 22-22 TO 1/4 MILE OR LESS
LOWEST: 46 ON 29 3 = THUNDER
SNOW, ICE PELLETS, HAIL 4 = ICE PELLETS
TOTAL MONTH: 0.0 INCH 5 = HAIL
GRTST 24HR 0.0 6 = FREEZING RAIN OR DRIZZLE
GRTST DEPTH: 0 7 = DUSTSTORM OR SANDSTORM:
VSBY 1/2 MILE OR LESS
8 = SMOKE OR HAZE
[NO. OF DAYS WITH] [WEATHER - DAYS WITH] 9 = BLOWING SNOW
X = TORNADO
MAX 32 OR BELOW: 0 0.01 INCH OR MORE: 8
MAX 90 OR ABOVE: 5 0.10 INCH OR MORE: 8
MIN 32 OR BELOW: 0 0.50 INCH OR MORE: 2
MIN 0 OR BELOW: 0 1.00 INCH OR MORE: 2
[HDD (BASE 65) ]
TOTAL THIS MO. 6 CLEAR (SCALE 0-3) 17
DPTR FM NORMAL -3 PTCLDY (SCALE 4-7) 10
TOTAL FM JUL 1 6 CLOUDY (SCALE 8-10) 3
DPTR FM NORMAL -3
[CDD (BASE 65) ]
TOTAL THIS MO. 285
DPTR FM NORMAL 12 [PRESSURE DATA]
TOTAL FM JAN 1 1957 HIGHEST SLP 30.27 ON 5
DPTR FM NORMAL 92 LOWEST SLP 29.66 ON 27
[REMARKS]
#FINAL-09-20#