000
CXUS56 KOTX 011010
CF6DEW
PRELIMINARY LOCAL CLIMATOLOGICAL DATA (WS FORM: F-6)
STATION: DEER_PARK WA AIRPORT
MONTH: NOVEMBER
YEAR: 2022
LATITUDE: 47 58 N
LONGITUDE: 117 25 W
TEMPERATURE IN F: :PCPN: SNOW: WIND :SUNSHINE: SKY :PK WND
================================================================================
1 2 3 4 5 6A 6B 7 8 9 10 11 12 13 14 15 16 17 18
12Z AVG MX 2MIN
DY MAX MIN AVG DEP HDD CDD WTR SNW DPTH SPD SPD DIR MIN PSBL S-S WX SPD DR
================================================================================
1 46 38 42 4 23 0 0.28 M M 2.7 15 220 M M 10 1 19 230
2 40 27 34 -4 31 0 0.02 M M 5.1 15 200 M M 8 1 19 200
3 38 27 33 -5 32 0 0.06 M M 5.8 15 210 M M 10 1 18 220
4 48 32 40 2 25 0 0.91 M M 7.0 35 220 M M 10 12 48 200
5 50 19 35 -2 30 0 0.02 M M 13.3 35 220 M M 3 48 220
6 42 20 31 -6 34 0 0.00 M M 11.9 30 70 M M 5 1 37 40
7 37 24 31 -6 34 0 0.19 M M 16.2 29 60 M M 9 18 40 80
8 35 23 29 -7 36 0 0.00 M M 14.4 22 40 M M 0 31 40
9 37 12 25 -11 40 0 0.00 M M 4.7 14 10 M M 0 1 18 30
10 34 6 20 -16 45 0 0.00 M M 1.9 6 70 M M 3 1 7 350
11 36 16 26 -9 39 0 0.00 M M 9.0 16 40 M M 2 19 30
12 38 17 28 -7 37 0 0.00 M M 3.7 13 30 M M 3 18 16 40
13 33 19 26 -9 39 0 0.00 M M 1.8 8 40 M M 9 1 10 30
14 38 14 26 -9 39 0 0.00 M M 3.9 10 350 M M 5 1 13 20
15 34 10 22 -12 43 0 0.00 M M 1.6 8 10 M M 2 1 10 20
16 29 15 22 -12 43 0 T M M 2.0 8 340 M M 8 18 9 20
17 36 12 24 -10 41 0 0.00 M M 9.7 24 60 M M 3 32 70
18 31 4 18 -15 47 0 0.00 M M 2.5 10 10 M M 0 12 10
19 33 2 18 -15 47 0 0.00 M M 2.4 9 50 M M 0 11 40
20 33 7 20 -13 45 0 0.00 M M 2.4 8 350 M M 1 9 40
21 39 17 28 -5 37 0 0.00 M M 0.8 6 300 M M 6 7 60
22 37 29 33 1 32 0 0.48 M M 3.5 12 200 M M 10 1 14 200
23 31 27 29 -3 36 0 0.00 M M 4.3 12 170 M M 10 1 13 180
24 38 21 30 -2 35 0 0.00 M M 4.1 10 40 M M 3 12 12 40
25 32 15 24 -7 41 0 0.05 M M 2.0 8 230 M M 9 12 11 230
26 32 25 29 -2 36 0 T M M 3.3 12 190 M M 10 12 13 160
27 38 10 24 -7 41 0 T M M 8.8 25 220 M M 5 18 32 230
28 27 5 16 -15 49 0 0.10 M M 3.6 12 310 M M 8 12 14 300
29 22 9 16 -14 49 0 T M M 2.9 10 20 M M 9 18 13 10
30 29 22 26 -4 39 0 0.90 M M 5.6 13 30 M M 10 12 16 30
================================================================================
SM 1073 524 1145 0 3.01 M 160.9 M 171
================================================================================
AV 35.8 17.5 5.4 FASTST M M 6 MAX(MPH)
MISC ----> # 35 220 # 48 200
================================================================================
NOTES:
# LAST OF SEVERAL OCCURRENCES
COLUMN 17 PEAK WIND IN M.P.H.
PRELIMINARY LOCAL CLIMATOLOGICAL DATA (WS FORM: F-6) , PAGE 2
STATION: DEER_PARK WA AIRPORT
MONTH: NOVEMBER
YEAR: 2022
LATITUDE: 47 58 N
LONGITUDE: 117 25 W
[TEMPERATURE DATA] [PRECIPITATION DATA] SYMBOLS USED IN COLUMN 16
AVERAGE MONTHLY: 26.6 TOTAL FOR MONTH: 3.01 1 = FOG OR MIST
DPTR FM NORMAL: -7.5 DPTR FM NORMAL: 0.24 2 = FOG REDUCING VISIBILITY
HIGHEST: 50 ON 5 GRTST 24HR 0.97 ON 3- 4 TO 1/4 MILE OR LESS
LOWEST: 2 ON 19 3 = THUNDER
SNOW, ICE PELLETS, HAIL 4 = ICE PELLETS
TOTAL MONTH: M 5 = HAIL
GRTST 24HR M ON M 6 = FREEZING RAIN OR DRIZZLE
GRTST DEPTH: M ON M 7 = DUSTSTORM OR SANDSTORM:
VSBY 1/2 MILE OR LESS
8 = SMOKE OR HAZE
[NO. OF DAYS WITH] [WEATHER - DAYS WITH] 9 = BLOWING SNOW
X = TORNADO
MAX 32 OR BELOW: 8 0.01 INCH OR MORE: 10
MAX 90 OR ABOVE: 0 0.10 INCH OR MORE: 6
MIN 32 OR BELOW: 29 0.50 INCH OR MORE: 2
MIN 0 OR BELOW: 0 1.00 INCH OR MORE: 0
[HDD (BASE 65) ]
TOTAL THIS MO. 1145 CLEAR (SCALE 0-3) 10
DPTR FM NORMAL 219 PTCLDY (SCALE 4-7) 9
TOTAL FM JUL 1 1740 CLOUDY (SCALE 8-10) 11
DPTR FM NORMAL -199
[CDD (BASE 65) ]
TOTAL THIS MO. 0
DPTR FM NORMAL 0 [PRESSURE DATA]
TOTAL FM JAN 1 377 HIGHEST SLP M ON M
DPTR FM NORMAL 161 LOWEST SLP 29.24 ON 5
[REMARKS]
#FINAL-11-22#