000
CXUS56 KOTX 070108
CF6DEW
PRELIMINARY LOCAL CLIMATOLOGICAL DATA (WS FORM: F-6)
STATION: DEER_PARK WA AIRPORT
MONTH: AUGUST
YEAR: 2020
LATITUDE: 47 58 N
LONGITUDE: 117 25 W
TEMPERATURE IN F: :PCPN: SNOW: WIND :SUNSHINE: SKY :PK WND
================================================================================
1 2 3 4 5 6A 6B 7 8 9 10 11 12 13 14 15 16 17 18
12Z AVG MX 2MIN
DY MAX MIN AVG DEP HDD CDD WTR SNW DPTH SPD SPD DIR MIN PSBL S-S WX SPD DR
================================================================================
1 88 56 72 5 0 7 0.00 M M 2.8 9 220 M M 0 12 170
2 91 48 70 3 0 5 0.00 M M 4.5 15 230 M M 0 18 180
3 87 53 70 3 0 5 0.00 M M 6.4 15 220 M M 2 20 180
4 88 47 68 1 0 3 0.00 M M 2.7 9 300 M M 0 12 250
5 92 46 69 2 0 4 0.00 M M 2.2 10 140 M M 0 8 15 150
6 76 45 61 -6 4 0 0.10 M M 7.5 26 250 M M 6 38 250
7 76 40 58 -9 7 0 0.00 M M 4.7 14 260 M M 2 18 260
8 78 51 65 -2 0 0 T M M 2.8 10 160 M M 5 16 190
9 81 42 62 -4 3 0 0.00 M M 4.3 23 330 M M 1 29 290
10 89 42 66 0 0 1 0.00 M M 4.3 18 210 M M 0 24 210
11 86 46 66 0 0 1 0.00 M M 7.8 21 200 M M 0 26 230
12 74 41 58 -8 7 0 0.00 M M 9.7 25 200 M M 0 31 200
13 76 38 57 -9 8 0 0.00 M M 3.4 13 180 M M 0 17 180
14 83 36 60 -6 5 0 0.00 M M 4.7 17 230 M M 0 24 100
15 90 42 66 0 0 1 0.00 M M 3.2 9 170 M M 0 13 150
16 101 49 75 10 0 10 0.00 M M 6.7 15 40 M M 0 20 40
17 98 62 80 15 0 15 0.00 M M 3.9 13 200 M M 1 16 190
18 97 59 78 13 0 13 0.00 M M 3.9 14 200 M M 1 21 200
19 93 52 73 8 0 8 0.00 M M 6.3 17 240 M M 1 8 23 180
20 86 50 68 3 0 3 0.00 M M 5.6 20 190 M M 2 29 190
21 90 51 71 7 0 6 0.00 M M 7.1 23 240 M M 3 28 240
22 81 45 63 -1 2 0 0.00 M M 6.9 14 250 M M 2 26 210
23 86 38 62 -2 3 0 0.00 M M 3.3 13 220 M M 0 16 200
24 88 40 64 0 1 0 0.00 M M 5.2 18 220 M M 0 26 210
25 85 45 65 2 0 0 0.00 M M 5.6 21 210 M M 0 31 160
26 84 41 63 0 2 0 0.00 M M 3.1 12 230 M M 0 16 220
27 85 39 62 -1 3 0 0.00 M M 3.3 14 210 M M 0 8 18 220
28 86 39 63 0 2 0 0.00 M M 1.4 10 200 M M 0 13 190
29 83 40 62 0 3 0 0.00 M M 5.7 18 240 M M 1 24 230
30 75 38 57 -5 8 0 0.00 M M 7.2 26 280 M M 2 31 270
31 74 47 61 -1 4 0 0.00 M M 6.1 16 330 M M 5 20 330
================================================================================
SM 2647 1408 62 82 0.10 M 152.3 M 34
================================================================================
AV 85.4 45.4 4.9 FASTST M M 1 MAX(MPH)
MISC ----> # 26 250 # 38 250
================================================================================
NOTES:
# LAST OF SEVERAL OCCURRENCES
COLUMN 17 PEAK WIND IN M.P.H.
PRELIMINARY LOCAL CLIMATOLOGICAL DATA (WS FORM: F-6) , PAGE 2
STATION: DEER_PARK WA AIRPORT
MONTH: AUGUST
YEAR: 2020
LATITUDE: 47 58 N
LONGITUDE: 117 25 W
[TEMPERATURE DATA] [PRECIPITATION DATA] SYMBOLS USED IN COLUMN 16
AVERAGE MONTHLY: 65.4 TOTAL FOR MONTH: 0.10 1 = FOG OR MIST
DPTR FM NORMAL: 0.3 DPTR FM NORMAL: -0.74 2 = FOG REDUCING VISIBILITY
HIGHEST: 101 ON 16 GRTST 24HR 0.10 ON 6- 6 TO 1/4 MILE OR LESS
LOWEST: 36 ON 14 3 = THUNDER
SNOW, ICE PELLETS, HAIL 4 = ICE PELLETS
TOTAL MONTH: M 5 = HAIL
GRTST 24HR M ON M 6 = FREEZING RAIN OR DRIZZLE
GRTST DEPTH: M ON M 7 = DUSTSTORM OR SANDSTORM:
VSBY 1/2 MILE OR LESS
8 = SMOKE OR HAZE
[NO. OF DAYS WITH] [WEATHER - DAYS WITH] 9 = BLOWING SNOW
X = TORNADO
MAX 32 OR BELOW: 0 0.01 INCH OR MORE: 1
MAX 90 OR ABOVE: 8 0.10 INCH OR MORE: 1
MIN 32 OR BELOW: 0 0.50 INCH OR MORE: 0
MIN 0 OR BELOW: 0 1.00 INCH OR MORE: 0
[HDD (BASE 65) ]
TOTAL THIS MO. 62 CLEAR (SCALE 0-3) 28
DPTR FM NORMAL -14 PTCLDY (SCALE 4-7) 3
TOTAL FM JUL 1 126 CLOUDY (SCALE 8-10) 0
DPTR FM NORMAL -18
[CDD (BASE 65) ]
TOTAL THIS MO. 82
DPTR FM NORMAL 4 [PRESSURE DATA]
TOTAL FM JAN 1 200 HIGHEST SLP 30.19 ON 14
DPTR FM NORMAL 25 LOWEST SLP 29.66 ON 11
[REMARKS]
#FINAL-08-20#