000
CXUS54 KFWD 090013
CF6DFW
PRELIMINARY LOCAL CLIMATOLOGICAL DATA (WS FORM: F-6)
STATION: DALLAS FORT WORTH
MONTH: MAY
YEAR: 2020
LATITUDE: 32 54 N
LONGITUDE: 97 2 W
TEMPERATURE IN F: :PCPN: SNOW: WIND :SUNSHINE: SKY :PK WND
================================================================================
1 2 3 4 5 6A 6B 7 8 9 10 11 12 13 14 15 16 17 18
12Z AVG MX 2MIN
DY MAX MIN AVG DEP HDD CDD WTR SNW DPTH SPD SPD DIR MIN PSBL S-S WX SPD DR
================================================================================
1 89 62 76 6 0 11 0.00 0.0 0 17.7 31 180 M M 6 41 190
2 89 66 78 8 0 13 T 0.0 0 19.4 29 180 M M 5 3 39 180
3 91 69 80 10 0 15 0.00 0.0 0 16.0 25 180 M M 3 32 180
4 92 71 82 12 0 17 0.17 0.0 0 17.6 29 180 M M 5 13 38 180
5 79 60 70 -1 0 5 T 0.0 0 15.3 28 360 M M 5 3 37 10
6 84 56 70 -1 0 5 0.00 0.0 0 6.6 14 40 M M 2 20 100
7 85 57 71 0 0 6 0.21 0.0 0 17.3 39 180 M M 5 13 49 180
8 73 57 65 -7 0 0 0.03 0.0 0 18.1 32 360 M M 8 13 43 350
9 74 51 63 -9 2 0 0.00 0.0 0 6.7 14 100 M M 4 20 120
10 78 54 66 -6 0 1 0.00 0.0 0 6.4 14 150 M M 4 20 110
11 80 57 69 -3 0 4 0.00 0.0 0 11.0 20 150 M M 7 29 150
12 79 65 72 -1 0 7 0.05 0.0 0 12.4 23 170 M M 8 13 32 180
13 84 66 75 2 0 10 0.00 0.0 0 13.5 21 140 M M 7 28 140
14 90 65 78 5 0 13 T 0.0 0 14.5 24 180 M M 7 33 170
15 87 64 76 2 0 11 0.67 0.0 0 13.5 32 60 M M 9 13 43 70
16 66 63 65 -9 0 0 3.57 0.0 0 13.9 26 340 M M 10 13 35 320
17 84 65 75 1 0 10 0.37 0.0 0 11.6 23 330 M M 5 1 29 310
18 90 62 76 2 0 11 0.00 0.0 0 5.8 13 150 M M 2 17 140
19 94 71 83 8 0 18 0.00 0.0 0 8.5 20 60 M M 2 25 60
20 79 71 75 0 0 10 0.00 0.0 0 10.3 16 100 M M 8 22 110
21 87 69 78 3 0 13 0.01 0.0 0 10.7 21 140 M M 8 1 26 160
22 93 71 82 6 0 17 T 0.0 0 15.0 37 150 M M 7 3 50 150
23 89 65 77 1 0 12 0.62 0.0 0 13.3 30 360 M M 7 13 39 360
24 90 66 78 2 0 13 0.18 0.0 0 12.2 31 170 M M 10 138 42 160
25 70 65 68 -8 0 3 1.65 0.0 0 8.7 18 340 M M 8 1 25 340
26 73 63 68 -9 0 3 0.01 0.0 0 8.0 16 290 M M 8 20 310
27 86 58 72 -5 0 7 0.00 0.0 0 4.9 15 200 M M 6 18 200
28 86 64 75 -2 0 10 0.00 0.0 0 7.8 17 20 M M 7 23 30
29 88 65 77 -1 0 12 0.00 0.0 0 9.0 20 40 M M 2 26 30
30 87 65 76 -2 0 11 0.00 0.0 0 6.7 13 130 M M 2 20 110
31 88 67 78 0 0 13 0.00 0.0 0 6.7 14 130 M M 5 19 110
================================================================================
SM 2604 1970 2 281 7.54 0.0 359.1 M 182
================================================================================
AV 84.0 63.6 11.6 FASTST M M 6 MAX(MPH)
MISC ----> # 39 180 # 50 150
================================================================================
NOTES:
# LAST OF SEVERAL OCCURRENCES
COLUMN 17 PEAK WIND IN M.P.H.
PRELIMINARY LOCAL CLIMATOLOGICAL DATA (WS FORM: F-6) , PAGE 2
STATION: DALLAS FORT WORTH
MONTH: MAY
YEAR: 2020
LATITUDE: 32 54 N
LONGITUDE: 97 2 W
[TEMPERATURE DATA] [PRECIPITATION DATA] SYMBOLS USED IN COLUMN 16
AVERAGE MONTHLY: 73.8 TOTAL FOR MONTH: 7.54 1 = FOG OR MIST
DPTR FM NORMAL: -0.1 DPTR FM NORMAL: 2.64 2 = FOG REDUCING VISIBILITY
HIGHEST: 94 ON 19 GRTST 24HR 3.57 ON 16-16 TO 1/4 MILE OR LESS
LOWEST: 51 ON 9 3 = THUNDER
SNOW, ICE PELLETS, HAIL 4 = ICE PELLETS
TOTAL MONTH: 0.0 INCH 5 = HAIL
GRTST 24HR 0.0 6 = FREEZING RAIN OR DRIZZLE
GRTST DEPTH: 0 7 = DUSTSTORM OR SANDSTORM:
VSBY 1/2 MILE OR LESS
8 = SMOKE OR HAZE
[NO. OF DAYS WITH] [WEATHER - DAYS WITH] 9 = BLOWING SNOW
X = TORNADO
MAX 32 OR BELOW: 0 0.01 INCH OR MORE: 12
MAX 90 OR ABOVE: 7 0.10 INCH OR MORE: 8
MIN 32 OR BELOW: 0 0.50 INCH OR MORE: 4
MIN 0 OR BELOW: 0 1.00 INCH OR MORE: 2
[HDD (BASE 65) ]
TOTAL THIS MO. 2 CLEAR (SCALE 0-3) 5
DPTR FM NORMAL -6 PTCLDY (SCALE 4-7) 21
TOTAL FM JUL 1 2098 CLOUDY (SCALE 8-10) 5
DPTR FM NORMAL -186
[CDD (BASE 65) ]
TOTAL THIS MO. 281
DPTR FM NORMAL -3 [PRESSURE DATA]
TOTAL FM JAN 1 486 HIGHEST SLP 30.25 ON 10
DPTR FM NORMAL 64 LOWEST SLP 29.63 ON 8
[REMARKS]
EDITED PRECIP ON 18TH
#FINAL-05-20#