000
CXUS53 KBIS 010830
CF6DIK
PRELIMINARY LOCAL CLIMATOLOGICAL DATA (WS FORM: F-6)
STATION: DICKINSON ND
MONTH: MARCH
YEAR: 2022
LATITUDE: 46 47 N
LONGITUDE: 102 48 W
TEMPERATURE IN F: :PCPN: SNOW: WIND :SUNSHINE: SKY :PK WND
================================================================================
1 2 3 4 5 6A 6B 7 8 9 10 11 12 13 14 15 16 17 18
12Z AVG MX 2MIN
DY MAX MIN AVG DEP HDD CDD WTR SNW DPTH SPD SPD DIR MIN PSBL S-S WX SPD DR
================================================================================
1 43 28 36 12 29 0 T M M 6.7 13 30 M M 7 128 15 260
2 42 20 31 7 34 0 T M M 11.4 17 50 M M 8 12 23 50
3 23 16 20 -5 45 0 M M M 17.2 26 130 M M 10 1 35 130
4 27 17 22 -3 43 0 0.00 M M 8.8 21 130 M M 9 18 29 130
5 22 11 17 -9 48 0 M M M 16.9 26 300 M M 10 128 37 310
6 23 4 14 -12 51 0 T M M 15.6 23 300 M M 5 18 29 310
7 37 4 21 -5 44 0 T M M 14.7 25 250 M M 2 31 320
8 31 6 19 -8 46 0 T M M 21.8 35 300 M M 8 46 300
9 17 2 10 -17 55 0 T M M 12.4 22 300 M M 9 8 28 330
10 27 -5 11 -17 54 0 T M M 21.8 41 300 M M 3 8 54 290
11 15 -7 4 -24 61 0 0.00 M M 13.8 24 300 M M 1 29 310
12 51 13 32 3 33 0 0.00 M M 16.6 41 300 M M 1 53 300
13 41 22 32 3 33 0 0.01 M M 8.9 18 80 M M 7 1 25 80
14 51 29 40 10 25 0 0.00 M M 10.3 18 260 M M 5 1 26 240
15 63 32 48 18 17 0 0.00 M M 11.5 24 240 M M 2 32 240
16 53 30 42 12 23 0 0.00 M M 15.3 36 280 M M 3 47 270
17 54 26 40 9 25 0 0.00 M M 9.4 22 300 M M 1 30 310
18 59 24 42 11 23 0 0.00 M M 10.8 24 300 M M 1 31 210
19 60 24 42 10 23 0 0.00 M M 7.9 20 140 M M 1 29 140
20 65 28 47 15 18 0 T M M 11.3 29 330 M M 1 38 320
21 52 28 40 7 25 0 T M M 15.5 28 320 M M 6 1 38 320
22 50 23 37 4 28 0 T M M 13.2 26 330 M M 2 47 330
23 56 19 38 4 27 0 0.00 M M 7.0 14 320 M M 0 22 310
24 64 29 47 13 18 0 0.00 M M 20.7 41 290 M M 3 8 53 290
25 48 18 33 -1 32 0 0.00 M M 15.2 29 310 M M 0 38 340
26 37 15 26 -9 39 0 0.00 M M 9.2 16 120 M M 5 22 110
27 46 16 31 -4 34 0 0.00 M M 18.1 26 140 M M 3 39 130
28 59 24 42 7 23 0 0.00 M M 17.2 28 160 M M 0 36 150
29 40 25 33 -3 32 0 0.05 M M 18.9 36 320 M M 8 1 46 320
30 40 18 29 -7 36 0 0.00 M M 12.0 24 340 M M 6 18 33 340
31 60 17 39 3 26 0 0.00 M M 9.6 26 290 M M 2 18 32 290
================================================================================
SM 1356 556 1050 0 0.06 M 419.7 M 129
================================================================================
AV 43.7 17.9 13.5 FASTST M M 4 MAX(MPH)
MISC ----> # 41 300 54 290
================================================================================
NOTES:
# LAST OF SEVERAL OCCURRENCES
COLUMN 17 PEAK WIND IN M.P.H.
PRELIMINARY LOCAL CLIMATOLOGICAL DATA (WS FORM: F-6) , PAGE 2
STATION: DICKINSON ND
MONTH: MARCH
YEAR: 2022
LATITUDE: 46 47 N
LONGITUDE: 102 48 W
[TEMPERATURE DATA] [PRECIPITATION DATA] SYMBOLS USED IN COLUMN 16
AVERAGE MONTHLY: 30.8 TOTAL FOR MONTH: 0.06 1 = FOG OR MIST
DPTR FM NORMAL: 0.5 DPTR FM NORMAL: -0.50 2 = FOG REDUCING VISIBILITY
HIGHEST: 65 ON 20 GRTST 24HR 0.05 ON 29-29 TO 1/4 MILE OR LESS
LOWEST: -7 ON 11 3 = THUNDER
SNOW, ICE PELLETS, HAIL 4 = ICE PELLETS
TOTAL MONTH: M 5 = HAIL
GRTST 24HR M ON M 6 = FREEZING RAIN OR DRIZZLE
GRTST DEPTH: M ON M 7 = DUSTSTORM OR SANDSTORM:
VSBY 1/2 MILE OR LESS
8 = SMOKE OR HAZE
[NO. OF DAYS WITH] [WEATHER - DAYS WITH] 9 = BLOWING SNOW
X = TORNADO
MAX 32 OR BELOW: 8 0.01 INCH OR MORE: 2
MAX 90 OR ABOVE: 0 0.10 INCH OR MORE: 0
MIN 32 OR BELOW: 31 0.50 INCH OR MORE: 0
MIN 0 OR BELOW: 2 1.00 INCH OR MORE: 0
[HDD (BASE 65) ]
TOTAL THIS MO. 1050 CLEAR (SCALE 0-3) 17
DPTR FM NORMAL -24 PTCLDY (SCALE 4-7) 8
TOTAL FM JUL 1 6711 CLOUDY (SCALE 8-10) 6
DPTR FM NORMAL -548
[CDD (BASE 65) ]
TOTAL THIS MO. 0
DPTR FM NORMAL 0 [PRESSURE DATA]
TOTAL FM JAN 1 0 HIGHEST SLP M ON M
DPTR FM NORMAL 0 LOWEST SLP 29.49 ON 29
[REMARKS]
#FINAL-03-22#