000
CXUS53 KEAX 011600 RRA
CLMDMO
CLIMATE REPORT
NATIONAL WEATHER SERVICE KANSAS CITY/PLEASANT HILL MO
1050 AM CDT FRI SEP 01 2023
...................................
...THE SEDALIA MO CLIMATE SUMMARY FOR THE MONTH OF AUGUST 2023...
CLIMATE NORMAL PERIOD: 1991 TO 2020
CLIMATE RECORD PERIOD: 9999 TO 9999
WEATHER OBSERVED NORMAL DEPART LAST YEAR`S
VALUE DATE(S) VALUE FROM VALUE DATE(S)
NORMAL
................................................................
TEMPERATURE (F)
HIGHEST 99 08/20 98 1 96 08/02
08/25
LOWEST 54 08/31 53 1 57 08/31
AVG. MAXIMUM 87.5 86.5 1.0 87.3
AVG. MINIMUM 68.4 65.3 3.1 67.6
MEAN 77.9 75.9 2.0 77.4
DAYS MAX >= 90 10 11.8 -1.8 9
DAYS MAX <= 32 0 0.0 0.0 0
DAYS MIN <= 32 0 0.0 0.0 0
DAYS MIN <= 0 0 0.0 0.0 0
PRECIPITATION (INCHES)
TOTALS 8.52 2.84 5.68 3.81
DAILY AVG. 0.27 0.09 0.18 0.13
DAYS >= .01 8 7.9 0.1 4
DAYS >= .10 5 4.1 0.9 2
DAYS >= .50 3 2.2 0.8 1
DAYS >= 1.00 2 0.9 1.1 1
GREATEST
24 HR. TOTAL 6.70 07/31 TO 08/01
DEGREE DAYS
HEATING TOTAL 0 2 -2 0
SINCE 7/1 0 1 -1 MM
COOLING TOTAL 407 340 67 392
SINCE 1/1 1349 1096 253 MM
................................................................
WIND (MPH)
AVERAGE WIND SPEED 6.7
HIGHEST WIND SPEED/DIRECTION 22/350 DATE 08/01
22/260 08/06
HIGHEST GUST SPEED/DIRECTION 34/360 DATE 08/01
34/230 08/06
34/280 08/14
SKY COVER
POSSIBLE SUNSHINE (PERCENT) MM
AVERAGE SKY COVER 0.27
NUMBER OF DAYS FAIR 17
NUMBER OF DAYS PC 14
NUMBER OF DAYS CLOUDY 0
AVERAGE RH (PERCENT) 73
WEATHER CONDITIONS. NUMBER OF DAYS WITH
THUNDERSTORM 9 MIXED PRECIP 0
HEAVY RAIN 4 RAIN 5
LIGHT RAIN 10 FREEZING RAIN 0
LT FREEZING RAIN 0 HAIL 0
HEAVY SNOW 0 SNOW 0
LIGHT SNOW 0 SLEET 0
FOG 14 FOG W/VIS <= 1/4 MILE 3
HAZE 5
- INDICATES NEGATIVE NUMBERS.
R INDICATES RECORD WAS SET OR TIED.
MM INDICATES DATA IS MISSING.
T INDICATES TRACE AMOUNT.
$$