151
CXUS55 KVEF 151341
CF6DRA
PRELIMINARY LOCAL CLIMATOLOGICAL DATA (WS FORM: F-6)
STATION: DESERT ROCK-MERCURY NV
MONTH: SEPTEMBER
YEAR: 2020
LATITUDE: 36 37 N
LONGITUDE: 116 1 W
TEMPERATURE IN F: :PCPN: SNOW: WIND :SUNSHINE: SKY :PK WND
================================================================================
1 2 3 4 5 6A 6B 7 8 9 10 11 12 13 14 15 16 17 18
12Z AVG MX 2MIN
DY MAX MIN AVG DEP HDD CDD WTR SNW DPTH SPD SPD DIR MIN PSBL S-S WX SPD DR
================================================================================
1 96 70 83 3 0 18 0.00 0.0 0 8.1 20 40 M M 0 20 30
2 102 67 85 5 0 20 0.00 0.0 0 6.0 14 40 M M 0 M M
3 105 65 85 6 0 20 0.00 0.0 0 4.3 10 220 M M 0 M M
4 109 69 89 10 0 24 0.00 0.0 0 5.2 17 30 M M 0 M M
5 107 70 89 10 0 24 0.00 0.0 0 4.7 16 240 M M 0 23 240
6 109 69 89 10 0 24 0.00 0.0 0 5.3 15 230 M M 0 25 230
7 99 74 87 9 0 22 0.00 0.0 0 7.6 14 40 M M 0 M M
8 80 64 72 -6 0 7 0.00 0.0 0 18.6 32 30 M M 1 8 45 50
9 82 55 69 -9 0 4 0.00 0.0 0 13.3 22 100 M M 0 35 110
10 86 55 71 -6 0 6 0.00 0.0 0 5.9 16 120 M M 0 24 350
11 88 51 70 -7 0 5 0.00 0.0 0 3.6 10 240 M M 0 M M
12 97 52 75 -2 0 10 0.00 0.0 0 3.5 12 240 M M 0 M M
13 97 55 76 0 0 11 0.00 0.0 0 4.5 14 120 M M 0 20 100
14 95 60 78 2 0 13 0.00 0.0 0 3.6 8 170 M M 0 M M
15 M M M M M M 0.00 0.0 0 3.5 7 70 M M 0 M M
16 M M M M M M 0.00 0.0 0 M M M M M M M M
17 99 59 79 4 0 14 0.00 0.0 0 8.8 22 190 M M 0 33 220
18 96 67 82 8 0 17 0.00 0.0 0 10.6 24 230 M M 1 8 41 210
19 93 64 79 5 0 14 0.00 0.0 0 12.2 24 200 M M 0 33 190
20 96 60 78 4 0 13 0.00 0.0 0 5.6 15 40 M M 0 27 99
21 96 62 79 6 0 14 0.00 0.0 0 7.0 22 210 M M 0 32 230
22 95 67 81 8 0 16 0.00 0.0 0 8.8 17 230 M M 0 36 210
23 93 60 77 5 0 12 0.00 0.0 0 4.8 10 260 M M 0 M M
24 96 60 78 6 0 13 0.00 0.0 0 8.6 21 230 M M 0 38 230
25 94 58 76 4 0 11 0.00 0.0 0 6.9 16 230 M M 0 30 230
26 92 59 76 5 0 11 0.00 0.0 0 5.5 14 220 M M 0 24 240
27 94 63 79 8 0 14 0.00 0.0 0 9.6 20 40 M M 0 30 40
28 89 65 77 7 0 12 0.00 0.0 0 12.8 22 30 M M 0 44 60
29 92 61 77 7 0 12 0.00 0.0 0 8.5 16 40 M M 0 M M
30 97 54 76 6 0 11 0.00 0.0 0 5.0 14 30 M M 0 20 10
================================================================================
SM 2674 1735 0 392 0.00 0.0 212.4 M 2
================================================================================
AV 95.5 62.0 7.3 FASTST M M 0 MAX(MPH)
MISC ----> 32 30 45 50
================================================================================
NOTES:
# LAST OF SEVERAL OCCURRENCES
COLUMN 17 PEAK WIND IN M.P.H.
PRELIMINARY LOCAL CLIMATOLOGICAL DATA (WS FORM: F-6) , PAGE 2
STATION: DESERT ROCK-MERCURY NV
MONTH: SEPTEMBER
YEAR: 2020
LATITUDE: 36 37 N
LONGITUDE: 116 1 W
[TEMPERATURE DATA] [PRECIPITATION DATA] SYMBOLS USED IN COLUMN 16
AVERAGE MONTHLY: 78.7 TOTAL FOR MONTH: 0.00 1 = FOG OR MIST
DPTR FM NORMAL: 3.5 DPTR FM NORMAL: -0.60 2 = FOG REDUCING VISIBILITY
HIGHEST: 109 ON 6, 4 GRTST 24HR 0.00 ON 1- 1 TO 1/4 MILE OR LESS
LOWEST: 51 ON 11 3 = THUNDER
SNOW, ICE PELLETS, HAIL 4 = ICE PELLETS
TOTAL MONTH: 0.0 INCH 5 = HAIL
GRTST 24HR 0.0 6 = FREEZING RAIN OR DRIZZLE
GRTST DEPTH: 0 7 = DUSTSTORM OR SANDSTORM:
VSBY 1/2 MILE OR LESS
8 = SMOKE OR HAZE
[NO. OF DAYS WITH] [WEATHER - DAYS WITH] 9 = BLOWING SNOW
X = TORNADO
MAX 32 OR BELOW: 0 0.01 INCH OR MORE: 0
MAX 90 OR ABOVE: 23 0.10 INCH OR MORE: 0
MIN 32 OR BELOW: 0 0.50 INCH OR MORE: 0
MIN 0 OR BELOW: 0 1.00 INCH OR MORE: 0
[HDD (BASE 65) ]
TOTAL THIS MO. 0 CLEAR (SCALE 0-3) 29
DPTR FM NORMAL -8 PTCLDY (SCALE 4-7) 0
TOTAL FM JUL 1 0 CLOUDY (SCALE 8-10) 1
DPTR FM NORMAL -6
[CDD (BASE 65) ]
TOTAL THIS MO. 392
DPTR FM NORMAL 78 [PRESSURE DATA]
TOTAL FM JAN 1 2495 HIGHEST SLP M ON M
DPTR FM NORMAL 365 LOWEST SLP 29.51 ON 8
[REMARKS]
#FINAL-09-20#