000
CXUS53 KGJT 011206
CLADRO
CLIMATE REPORT
NATIONAL WEATHER SERVICE GRAND JUNCTION CO
443 AM MST SUN JAN 01 2023
...................................
...THE DURANGO AIRPORT CO CLIMATE SUMMARY FOR THE YEAR OF 2022...
CLIMATE NORMAL PERIOD 1991 TO 2020
CLIMATE RECORD PERIOD 9999 TO 9999
WEATHER OBSERVED NORMAL DEPART LAST YEAR`S
VALUE DATE(S) VALUE FROM VALUE DATE(S)
NORMAL
................................................................
TEMPERATURE (F)
RECORD
HIGH MM MM
LOW MM MM
HIGHEST 96 07/19 MM MM 99 07/10
07/20
07/23
LOWEST -10 01/02 MM MM -14 01/27
AVG. MAXIMUM 63.7 62.5 1.2 63.8
AVG. MINIMUM 31.9 30.3 1.6 31.5
MEAN 47.8 46.4 1.4 47.6
DAYS MAX >= 90 28 21.5 6.5 28
DAYS MAX <= 32 14 19.4 -5.4 14
DAYS MIN <= 32 199 201.8 -2.8 204
DAYS MIN <= 0 14 12.5 1.5 10
PRECIPITATION (INCHES)
RECORD
MAXIMUM MM MM
MINIMUM MM MM
TOTALS 13.04 13.51 -0.47 13.24
DAILY AVG. 0.04 0.04 0.00 0.04
DAYS >= .01 72 78.3 -6.3 72
DAYS >= .10 36 34.5 1.5 30
DAYS >= .50 7 5.5 1.5 5
DAYS >= 1.00 1 0.5 0.5 2
GREATEST
24 HR. TOTAL 1.48 MM 1.34
STORM TOTAL 1.22 1.34
(MM/DD(HH)) MM
SNOWFALL (INCHES)
RECORDS
TOTAL MM MM
24 HR TOTAL MM
SNOW DEPTH MM MM
TOTALS MM MM MM MM
LIQUID EQUIV MM MM MM MM
SINCE 7/1 MM MM MM MM
LIQUID 7/1 MM MM MM MM
SNOWDEPTH AVG. MM MM
DAYS >= TRACE MM MM MM MM
DAYS >= 1.0 MM MM MM MM
GREATEST
SNOW DEPTH MM MM MM
24 HR TOTAL MM MM
STORM TOTAL MM MM
(MM/DD(HH)) MM
DEGREE DAYS
HEATING TOTAL 6654 7032 -378 6664
SINCE 7/1 2729 2832 -103 2544
COOLING TOTAL 511 290 221 455
SINCE 1/1 511 290 221 455
FREEZE DATES
RECORD
EARLIEST MM
LATEST MM
EARLIEST 10/12
LATEST 06/01
................................................................
WIND (MPH)
AVERAGE WIND SPEED 6.1
RESULTANT WIND SPEED/DIRECTION 1/290
HIGHEST WIND SPEED/DIRECTION 45/270 DATE 05/29
HIGHEST GUST SPEED/DIRECTION 67/270 DATE 05/29
SKY COVER
POSSIBLE SUNSHINE (PERCENT) MM
AVERAGE SKY COVER 0.20
NUMBER OF DAYS FAIR 281
NUMBER OF DAYS PC 64
NUMBER OF DAYS CLOUDY 20
AVERAGE RH (PERCENT) 53
WEATHER CONDITIONS. NUMBER OF DAYS WITH
THUNDERSTORM 64 MIXED PRECIP 0
HEAVY RAIN 19 RAIN 26
LIGHT RAIN 91 FREEZING RAIN 0
LT FREEZING RAIN 0 HAIL 0
HEAVY SNOW 5 SNOW 10
LIGHT SNOW 36 SLEET 0
FOG 65 FOG W/VIS <= 1/4 MILE 10
HAZE 28
- INDICATES NEGATIVE NUMBERS.
R INDICATES RECORD WAS SET OR TIED.
MM INDICATES DATA IS MISSING.
T INDICATES TRACE AMOUNT.
$$