000
CXUS53 KDMX 102302
CF6DSM
PRELIMINARY LOCAL CLIMATOLOGICAL DATA (WS FORM: F-6)
STATION: DES MOINES IA
MONTH: JULY
YEAR: 2023
LATITUDE: 41 31 N
LONGITUDE: 93 39 W
TEMPERATURE IN F: :PCPN: SNOW: WIND :SUNSHINE: SKY :PK WND
================================================================================
1 2 3 4 5 6A 6B 7 8 9 10 11 12 13 14 15 16 17 18
12Z AVG MX 2MIN
DY MAX MIN AVG DEP HDD CDD WTR SNW DPTH SPD SPD DIR MIN PSBL S-S WX SPD DR
================================================================================
1 78 69 74 -1 0 9 0.07 0.0 0 5.9 12 10 M M 10 13 17 220
2 89 68 79 4 0 14 0.00 0.0 0 6.0 14 300 M M 5 1 20 310
3 89 67 78 2 0 13 0.00 0.0 0 6.0 13 210 M M 2 17 210
4 92 70 81 5 0 16 0.00 0.0 0 7.2 23 320 M M 6 30 320
5 81 65 73 -3 0 8 T 0.0 0 9.9 17 340 M M 7 26 320
6 77 57 67 -9 0 2 0.00 0.0 0 6.4 15 260 M M 3 22 30
7 70 55 63 -13 2 0 0.10 0.0 0 5.7 22 150 M M 8 1 29 140
8 79 59 69 -7 0 4 0.00 0.0 0 5.9 12 320 M M 7 17 330
9 84 56 70 -6 0 5 0.00 0.0 0 4.8 12 320 M M 1 17 290
10 89 63 76 0 0 11 0.00 0.0 0 10.8 21 220 M M 2 29 220
11 93 68 81 5 0 16 0.00 0.0 0 5.7 18 60 M M 4 3 25 50
12 81 66 74 -2 0 9 2.09 0.0 0 11.1 35 180 M M 5 138 45 180
13 86 65 76 0 0 11 0.00 0.0 0 6.2 13 270 M M 4 17 250
14 88 69 79 3 0 14 T 0.0 0 7.3 22 310 M M 6 32 340
15 85 67 76 0 0 11 0.00 0.0 0 6.5 15 250 M M 3 8 19 280
16 82 65 74 -2 0 9 0.00 0.0 0 6.3 14 260 M M 7 8 19 250
17 78 64 71 -5 0 6 0.00 0.0 0 5.2 14 30 M M 6 138 18 50
18 79 56 68 -8 0 3 0.00 0.0 0 6.0 15 140 M M 5 19 150
19 85 63 74 -2 0 9 0.00 0.0 0 5.1 12 150 M M 6 15 140
20 83 69 76 0 0 11 0.00 0.0 0 9.5 21 290 M M 4 26 300
21 83 60 72 -4 0 7 0.00 0.0 0 4.7 14 320 M M 5 19 310
22 87 63 75 -1 0 10 0.05 0.0 0 4.8 14 230 M M 4 13 19 230
23 89 67 78 2 0 13 0.00 0.0 0 4.8 13 20 M M 4 21 20
24 90 66 78 2 0 13 0.00 0.0 0 6.7 14 170 M M 3 18 18 150
25 87 71 79 3 0 14 T 0.0 0 8.0 16 120 M M 5 22 130
26 97 75 86 10 0 21 T 0.0 0 5.8 13 10 M M 4 18 10
27 90 73 82 6 0 17 0.01 0.0 0 6.8 17 190 M M 5 13 23 200
28 98 76 87 11 0 22 0.00 0.0 0 8.1 18 60 M M 3 3 27 20
29 88 70 79 3 0 14 0.00 0.0 0 7.5 16 50 M M 4 20 40
30 90 65 78 2 0 13 0.00 0.0 0 4.7 13 100 M M 2 17 140
31 84 69 77 1 0 12 0.00 0.0 0 7.4 15 110 M M 5 20 140
================================================================================
SM 2651 2036 2 337 2.32 0.0 206.8 M 145
================================================================================
AV 85.5 65.7 6.7 FASTST M M 5 MAX(MPH)
MISC ----> 35 180 45 180
================================================================================
NOTES:
# LAST OF SEVERAL OCCURRENCES
COLUMN 17 PEAK WIND IN M.P.H.
PRELIMINARY LOCAL CLIMATOLOGICAL DATA (WS FORM: F-6) , PAGE 2
STATION: DES MOINES IA
MONTH: JULY
YEAR: 2023
LATITUDE: 41 31 N
LONGITUDE: 93 39 W
[TEMPERATURE DATA] [PRECIPITATION DATA] SYMBOLS USED IN COLUMN 16
AVERAGE MONTHLY: 75.6 TOTAL FOR MONTH: 2.32 1 = FOG OR MIST
DPTR FM NORMAL: -0.4 DPTR FM NORMAL: -1.50 2 = FOG REDUCING VISIBILITY
HIGHEST: 98 ON 28 GRTST 24HR 2.09 ON 12-12 TO 1/4 MILE OR LESS
LOWEST: 55 ON 7 3 = THUNDER
SNOW, ICE PELLETS, HAIL 4 = ICE PELLETS
TOTAL MONTH: 0.0 INCH 5 = HAIL
GRTST 24HR 0.0 6 = FREEZING RAIN OR DRIZZLE
GRTST DEPTH: 0 7 = DUSTSTORM OR SANDSTORM:
VSBY 1/2 MILE OR LESS
8 = SMOKE OR HAZE
[NO. OF DAYS WITH] [WEATHER - DAYS WITH] 9 = BLOWING SNOW
X = TORNADO
MAX 32 OR BELOW: 0 0.01 INCH OR MORE: 5
MAX 90 OR ABOVE: 7 0.10 INCH OR MORE: 2
MIN 32 OR BELOW: 0 0.50 INCH OR MORE: 1
MIN 0 OR BELOW: 0 1.00 INCH OR MORE: 1
[HDD (BASE 65) ]
TOTAL THIS MO. 2 CLEAR (SCALE 0-3) 8
DPTR FM NORMAL 1 PTCLDY (SCALE 4-7) 22
TOTAL FM JUL 1 2 CLOUDY (SCALE 8-10) 1
DPTR FM NORMAL 2
[CDD (BASE 65) ]
TOTAL THIS MO. 337
DPTR FM NORMAL -5 [PRESSURE DATA]
TOTAL FM JAN 1 725 HIGHEST SLP 30.16 ON 30
DPTR FM NORMAL 70 LOWEST SLP 29.64 ON 12
[REMARKS]
#FINAL-07-23#