000
CXUS55 KTWC 010855
CF6DUG
PRELIMINARY LOCAL CLIMATOLOGICAL DATA (WS FORM: F-6)
STATION: DOUGLAS AZ
MONTH: DECEMBER
YEAR: 2022
LATITUDE: 31 28 N
LONGITUDE: 109 36 W
TEMPERATURE IN F: :PCPN: SNOW: WIND :SUNSHINE: SKY :PK WND
================================================================================
1 2 3 4 5 6A 6B 7 8 9 10 11 12 13 14 15 16 17 18
12Z AVG MX 2MIN
DY MAX MIN AVG DEP HDD CDD WTR SNW DPTH SPD SPD DIR MIN PSBL S-S WX SPD DR
================================================================================
1 73 28 51 4 14 0 0.00 M M 6.7 21 180 M M 0 26 190
2 75 41 58 11 7 0 0.00 M M 8.9 29 260 M M 0 38 260
3 64 39 52 5 13 0 0.06 M M 5.1 14 340 M M 4 18 17 350
4 59 44 52 6 13 0 0.16 M M 2.5 10 300 M M 8 12 14 300
5 74 45 60 14 5 0 0.00 M M 6.1 21 240 M M 6 12 30 220
6 69 40 55 9 10 0 0.00 M M 5.1 21 220 M M 0 28 220
7 67 38 53 7 12 0 0.00 M M 7.0 23 230 M M 3 34 190
8 64 28 46 0 19 0 0.00 M M 3.3 10 10 M M 0 12 250
9 67 32 50 5 15 0 0.00 M M 4.1 12 310 M M 0 M M
10 65 23 44 -1 21 0 0.00 M M 5.0 10 350 M M 0 M M
11 70 23 47 2 18 0 0.00 M M 5.8 14 230 M M 0 M M
12 58 37 48 3 17 0 0.32 M M 10.9 36 230 M M 5 1 49 220
13 49 30 40 -5 25 0 0.13 M M 8.6 21 230 M M 5 1 28 250
14 49 21 35 -10 30 0 0.00 M M 5.0 13 300 M M 0 17 300
15 54 20 37 -7 28 0 0.00 M M 3.8 13 340 M M 0 17 350
16 53 27 40 -4 25 0 0.00 M M 4.2 13 350 M M 0 17 340
17 58 19 39 -5 26 0 0.00 M M 3.0 10 150 M M 0 14 150
18 57 34 46 2 19 0 0.00 M M 3.8 13 170 M M 8 19 150
19 59 27 43 -1 22 0 0.00 M M 5.0 13 340 M M M 16 360
20 62 20 41 -3 24 0 0.00 M M 4.8 12 20 M M M 14 10
21 63 21 42 -2 23 0 0.00 M M 2.9 10 360 M M M 13 20
22 68 22 45 1 20 0 0.00 M M 3.2 14 340 M M M 14 340
23 67 22 45 1 20 0 0.00 M M 4.4 15 360 M M M 20 360
24 64 20 42 -2 23 0 0.00 M M 3.8 13 360 M M M 16 10
25 66 22 44 0 21 0 0.00 M M 6.5 15 10 M M 0 17 350
26 69 21 45 1 20 0 0.00 M M 4.9 13 130 M M 0 17 120
27 73 25 49 5 16 0 0.00 M M 7.3 16 220 M M 0 21 220
28 57 36 47 3 18 0 0.00 M M 10.9 31 240 M M 5 44 240
29 60 35 48 4 17 0 0.00 M M 7.9 18 170 M M 4 25 170
30 60 35 48 4 17 0 T M M 5.5 15 240 M M 6 20 230
31 68 27 48 4 17 0 0.00 M M 5.9 15 220 M M 0 1 23 210
================================================================================
SM 1961 902 575 0 0.67 M 171.9 M 54
================================================================================
AV 63.3 29.1 5.5 FASTST M M 2 MAX(MPH)
MISC ----> 36 230 49 220
================================================================================
NOTES:
# LAST OF SEVERAL OCCURRENCES
COLUMN 17 PEAK WIND IN M.P.H.
PRELIMINARY LOCAL CLIMATOLOGICAL DATA (WS FORM: F-6) , PAGE 2
STATION: DOUGLAS AZ
MONTH: DECEMBER
YEAR: 2022
LATITUDE: 31 28 N
LONGITUDE: 109 36 W
[TEMPERATURE DATA] [PRECIPITATION DATA] SYMBOLS USED IN COLUMN 16
AVERAGE MONTHLY: 46.2 TOTAL FOR MONTH: 0.67 1 = FOG OR MIST
DPTR FM NORMAL: 1.4 DPTR FM NORMAL: -0.10 2 = FOG REDUCING VISIBILITY
HIGHEST: 75 ON 2 GRTST 24HR 0.45 ON 12-13 TO 1/4 MILE OR LESS
LOWEST: 19 ON 17 3 = THUNDER
SNOW, ICE PELLETS, HAIL 4 = ICE PELLETS
TOTAL MONTH: M 5 = HAIL
GRTST 24HR M ON M 6 = FREEZING RAIN OR DRIZZLE
GRTST DEPTH: M ON M 7 = DUSTSTORM OR SANDSTORM:
VSBY 1/2 MILE OR LESS
8 = SMOKE OR HAZE
[NO. OF DAYS WITH] [WEATHER - DAYS WITH] 9 = BLOWING SNOW
X = TORNADO
MAX 32 OR BELOW: 0 0.01 INCH OR MORE: 4
MAX 90 OR ABOVE: 0 0.10 INCH OR MORE: 3
MIN 32 OR BELOW: 20 0.50 INCH OR MORE: 0
MIN 0 OR BELOW: 0 1.00 INCH OR MORE: 0
[HDD (BASE 65) ]
TOTAL THIS MO. 575 CLEAR (SCALE 0-3) 15
DPTR FM NORMAL -51 PTCLDY (SCALE 4-7) 9
TOTAL FM JUL 1 882 CLOUDY (SCALE 8-10) 7
DPTR FM NORMAL -199
[CDD (BASE 65) ]
TOTAL THIS MO. 0
DPTR FM NORMAL 0 [PRESSURE DATA]
TOTAL FM JAN 1 0 HIGHEST SLP M ON M
DPTR FM NORMAL -1709 LOWEST SLP 29.70 ON 12
[REMARKS]
#FINAL-12-22#