040
CDUS43 KDVN 280931
CLIDVN


CLIMATE REPORT
NATIONAL WEATHER SERVICE QUAD CITIES IA IL
429 AM CDT FRI APR 28 2017


...................................

...THE DAVENPORT IA CLIMATE SUMMARY FOR APRIL 27 2017...

CLIMATE NORMAL PERIOD 1981 TO 2010
CLIMATE RECORD PERIOD 9999 TO 9999


WEATHER ITEM   OBSERVED TIME   RECORD YEAR NORMAL DEPARTURE LAST
                VALUE   (LST)  VALUE       VALUE  FROM      YEAR
                                                  NORMAL
..................................................................
TEMPERATURE (F)
 YESTERDAY
  MAXIMUM         46    626 PM  MM      MM  66    -20       50
  MINIMUM         36   1156 PM  MM      MM  43     -7       44
  AVERAGE         41                        54    -13       47

PRECIPITATION (IN)
  YESTERDAY        0.48         MM      MM   0.16   0.32     0.34
  MONTH TO DATE    3.52                      2.98   0.54     1.63
  SINCE MAR 1      6.23                      5.50   0.73     4.75
  SINCE JAN 1      8.18                      8.03   0.15     5.53

SNOWFALL (IN)
  YESTERDAY        T            MM      MM  MM     MM        0.0
  MONTH TO DATE    T                        MM     MM         T
  SINCE MAR 1      6.1                      MM     MM        1.2
  SINCE JUL 1     25.2                      MM     MM       16.6
  SNOW DEPTH       0

DEGREE DAYS
 HEATING
  YESTERDAY       24                        11     13       18
  MONTH TO DATE  295                       415   -120      406
  SINCE MAR 1   1098                      1248   -150     1055
  SINCE JUL 1   5154                      6273  -1119     5279

 COOLING
  YESTERDAY        0                         0      0        0
  MONTH TO DATE   13                         0     13       10
  SINCE MAR 1     13                         0     13       11
  SINCE JAN 1     13                         0     13       11
..................................................................


WIND (MPH)
  HIGHEST WIND SPEED    26   HIGHEST WIND DIRECTION     W (260)
  HIGHEST GUST SPEED    33   HIGHEST GUST DIRECTION     W (250)
  AVERAGE WIND SPEED    14.1


SKY COVER
  POSSIBLE SUNSHINE  MM
  AVERAGE SKY COVER 0.8


WEATHER CONDITIONS
 THE FOLLOWING WEATHER WAS RECORDED YESTERDAY.
  RAIN
  LIGHT RAIN
  LIGHT SNOW
  FOG


RELATIVE HUMIDITY (PERCENT)
 HIGHEST    96          1200 AM
 LOWEST     70           200 PM
 AVERAGE    83

..........................................................


THE DAVENPORT IA CLIMATE NORMALS FOR TODAY
                         NORMAL    RECORD    YEAR
 MAXIMUM TEMPERATURE (F)   66        MM        MM
 MINIMUM TEMPERATURE (F)   43        MM        MM


SUNRISE AND SUNSET
APRIL 28 2017.........SUNRISE   603 AM CDT   SUNSET   757 PM CDT
APRIL 29 2017.........SUNRISE   601 AM CDT   SUNSET   759 PM CDT


-  INDICATES NEGATIVE NUMBERS.
R  INDICATES RECORD WAS SET OR TIED.
MM INDICATES DATA IS MISSING.
T  INDICATES TRACE AMOUNT.




$$
