000
CDUS43 KDVN 290928
CLIDVN


CLIMATE REPORT
NATIONAL WEATHER SERVICE QUAD CITIES IA IL
425 AM CDT SUN MAY 29 2016


...................................

...THE DAVENPORT IA CLIMATE SUMMARY FOR MAY 28 2016...

CLIMATE NORMAL PERIOD 1981 TO 2010
CLIMATE RECORD PERIOD 9999 TO 9999


WEATHER ITEM   OBSERVED TIME   RECORD YEAR NORMAL DEPARTURE LAST
                VALUE   (LST)  VALUE       VALUE  FROM      YEAR
                                                  NORMAL
..................................................................
TEMPERATURE (F)
 YESTERDAY
  MAXIMUM         82    244 PM  MM      MM  76      6       84
  MINIMUM         66   1143 PM  MM      MM  54     12       58
  AVERAGE         74                        65      9       71

PRECIPITATION (IN)
  YESTERDAY        0.21         MM      MM   0.13   0.08      T
  MONTH TO DATE    2.98                      3.85  -0.87     5.10
  SINCE MAR 1      8.52                      9.88  -1.36     7.85
  SINCE JAN 1      9.30                     12.41  -3.11    10.42

SNOWFALL (IN)
  YESTERDAY        0.0          MM      MM  MM     MM        0.0
  MONTH TO DATE    0.0                      MM     MM         T
  SINCE MAR 1      1.2                      MM     MM        0.3
  SINCE JUL 1     16.6                      MM     MM       32.5
  SNOW DEPTH       0

DEGREE DAYS
 HEATING
  YESTERDAY        0                         3     -3        0
  MONTH TO DATE  178                       175      3      116
  SINCE MAR 1   1283                      1454   -171     1406
  SINCE JUL 1   5507                      6479   -972     6902

 COOLING
  YESTERDAY        9                         3      6        6
  MONTH TO DATE   50                        46      4       70
  SINCE MAR 1     61                        52      9       71
  SINCE JAN 1     61                        52      9       71
..................................................................


WIND (MPH)
  HIGHEST WIND SPEED    29   HIGHEST WIND DIRECTION    SW (220)
  HIGHEST GUST SPEED    40   HIGHEST GUST DIRECTION    SW (230)
  AVERAGE WIND SPEED    15.1


SKY COVER
  POSSIBLE SUNSHINE  MM
  AVERAGE SKY COVER 0.4


WEATHER CONDITIONS
 THE FOLLOWING WEATHER WAS RECORDED YESTERDAY.
  THUNDERSTORM
  HEAVY RAIN
  RAIN
  LIGHT RAIN
  FOG


RELATIVE HUMIDITY (PERCENT)
 HIGHEST    93           500 AM
 LOWEST     54           600 PM
 AVERAGE    74

..........................................................


THE DAVENPORT IA CLIMATE NORMALS FOR TODAY
                         NORMAL    RECORD    YEAR
 MAXIMUM TEMPERATURE (F)   76        MM        MM
 MINIMUM TEMPERATURE (F)   54        MM        MM


SUNRISE AND SUNSET
MAY 29 2016...........SUNRISE   532 AM CDT   SUNSET   828 PM CDT
MAY 30 2016...........SUNRISE   531 AM CDT   SUNSET   829 PM CDT


-  INDICATES NEGATIVE NUMBERS.
R  INDICATES RECORD WAS SET OR TIED.
MM INDICATES DATA IS MISSING.
T  INDICATES TRACE AMOUNT.




$$
