000
CDUS43 KDVN 211019
CLIDVN


CLIMATE REPORT
NATIONAL WEATHER SERVICE QUAD CITIES IA IL
418 AM CST SUN DEC 21 2014


...................................

...THE DAVENPORT IA CLIMATE SUMMARY FOR DECEMBER 20 2014...

CLIMATE NORMAL PERIOD 1981 TO 2010
CLIMATE RECORD PERIOD 9999 TO 9999


WEATHER ITEM   OBSERVED TIME   RECORD YEAR NORMAL DEPARTURE LAST
                VALUE   (LST)  VALUE       VALUE  FROM      YEAR
                                                  NORMAL
..................................................................
TEMPERATURE (F)
 YESTERDAY
  MAXIMUM         33   1159 PM  MM      MM  32      1       33
  MINIMUM         28    651 AM  MM      MM  16     12       26
  AVERAGE         31                        24      7       30

PRECIPITATION (IN)
  YESTERDAY        T            MM      MM   0.05  -0.05     0.03
  MONTH TO DATE    0.44                      1.31  -0.87     0.54
  SINCE DEC 1      0.44                      1.31  -0.87     0.54
  SINCE JAN 1     33.87                     35.61  -1.74    34.31

SNOWFALL (IN)
  YESTERDAY        T            MM      MM  MM     MM        0.0
  MONTH TO DATE    T                        MM     MM        5.5
  SINCE DEC 1      T                        MM     MM        5.5
  SINCE JUL 1      4.0                      MM     MM        8.8
  SNOW DEPTH       0

DEGREE DAYS
 HEATING
  YESTERDAY       34                        41     -7       35
  MONTH TO DATE  696                       764    -68      881
  SINCE DEC 1    696                       764    -68      881
  SINCE JUL 1   2301                      2112    189     2294

 COOLING
  YESTERDAY        0                         0      0        0
  MONTH TO DATE    0                         0      0        0
  SINCE DEC 1      0                         0      0        0
  SINCE JAN 1    728                       786    -58      938
..................................................................


WIND (MPH)
  HIGHEST WIND SPEED    13   HIGHEST WIND DIRECTION    SE (140)
  HIGHEST GUST SPEED    14   HIGHEST GUST DIRECTION    SE (150)
  AVERAGE WIND SPEED     7.6


SKY COVER
  POSSIBLE SUNSHINE  MM
  AVERAGE SKY COVER 1.0


WEATHER CONDITIONS
 THE FOLLOWING WEATHER WAS RECORDED YESTERDAY.
  LIGHT RAIN
  LIGHT SNOW
  FOG
  HAZE


RELATIVE HUMIDITY (PERCENT)
 HIGHEST    89          1100 PM
 LOWEST     69           100 PM
 AVERAGE    79

..........................................................


THE DAVENPORT IA CLIMATE NORMALS FOR TODAY
                         NORMAL    RECORD    YEAR
 MAXIMUM TEMPERATURE (F)   31        MM        MM
 MINIMUM TEMPERATURE (F)   16        MM        MM


SUNRISE AND SUNSET
DECEMBER 21 2014......SUNRISE   726 AM CST   SUNSET   435 PM CST
DECEMBER 22 2014......SUNRISE   726 AM CST   SUNSET   436 PM CST


-  INDICATES NEGATIVE NUMBERS.
R  INDICATES RECORD WAS SET OR TIED.
MM INDICATES DATA IS MISSING.
T  INDICATES TRACE AMOUNT.




$$
