000
CXUS55 KPSR 011005
CF6DVT
PRELIMINARY LOCAL CLIMATOLOGICAL DATA (WS FORM: F-6)
STATION: DEER VLY/PHOENIX AZ
MONTH: FEBRUARY
YEAR: 2023
LATITUDE: 33 41 N
LONGITUDE: 112 4 W
TEMPERATURE IN F: :PCPN: SNOW: WIND :SUNSHINE: SKY :PK WND
================================================================================
1 2 3 4 5 6A 6B 7 8 9 10 11 12 13 14 15 16 17 18
12Z AVG MX 2MIN
DY MAX MIN AVG DEP HDD CDD WTR SNW DPTH SPD SPD DIR MIN PSBL S-S WX SPD DR
================================================================================
1 67 41 54 -2 11 0 0.00 M M 5.6 15 260 M M 0 20 260
2 66 38 52 -4 13 0 0.00 M M 2.1 10 40 M M 0 13 40
3 72 45 59 3 6 0 0.00 M M 5.9 13 120 M M 0 19 130
4 74 44 59 3 6 0 0.00 M M 3.3 10 60 M M 0 14 60
5 71 41 56 0 9 0 0.00 M M 4.6 13 240 M M 0 17 240
6 68 40 54 -2 11 0 0.00 M M 5.6 15 10 M M 1 22 10
7 66 44 55 -1 10 0 0.00 M M 6.6 16 260 M M 0 22 250
8 65 41 53 -3 12 0 0.00 M M 3.6 13 50 M M 0 17 50
9 67 38 53 -3 12 0 0.00 M M 9.0 24 50 M M 0 33 50
10 70 45 58 2 7 0 0.00 M M 10.1 18 100 M M 0 28 60
11 71 54 63 7 2 0 0.00 M M 8.1 16 140 M M 0 23 150
12 75 47 61 5 4 0 0.00 M M 8.2 24 250 M M 0 32 250
13 57 45 51 -6 14 0 T 0.0 0 7.2 15 220 M M 7 24 260
14 53 39 46 -11 19 0 0.17 0.0 0 8.6 28 260 M M 9 3 50 290
15 52 34 43 -14 22 0 0.00 M M 6.4 17 290 M M 3 23 280
16 58 31 45 -12 20 0 0.00 M M 4.5 13 80 M M 0 17 70
17 64 40 52 -5 13 0 0.00 M M 9.7 20 120 M M 0 27 80
18 69 47 58 1 7 0 0.00 0.0 0 7.5 18 140 M M 1 25 140
19 73 47 60 2 5 0 0.00 0.0 0 5.3 15 190 M M 5 21 160
20 74 51 63 5 2 0 0.00 M M 4.1 12 50 M M 3 16 50
21 66 50 58 0 7 0 T M M 7.2 17 230 M M 6 24 240
22 56 45 51 -7 14 0 0.04 M M 17.9 39 270 M M 7 56 270
23 57 41 49 -9 16 0 T M M 7.1 17 250 M M 6 22 260
24 63 43 53 -5 12 0 0.00 M M 4.7 13 160 M M 2 18 160
25 72 48 60 1 5 0 0.00 M M 7.4 20 200 M M 0 29 150
26 57 40 49 -10 16 0 M M M 9.3 22 290 M M 7 29 260
27 60 38 49 -10 16 0 0.00 M M 4.3 12 40 M M 0 17 240
28 61 40 51 -8 14 0 0.00 M M 6.6 17 240 M M 3 24 240
================================================================================
SM 1824 1197 305 0 0.21 0.0 190.5 M 60
================================================================================
AV 65.1 42.8 6.8 FASTST M M 2 MAX(MPH)
MISC ----> 39 270 56 270
================================================================================
NOTES:
# LAST OF SEVERAL OCCURRENCES
COLUMN 17 PEAK WIND IN M.P.H.
PRELIMINARY LOCAL CLIMATOLOGICAL DATA (WS FORM: F-6) , PAGE 2
STATION: DEER VLY/PHOENIX AZ
MONTH: FEBRUARY
YEAR: 2023
LATITUDE: 33 41 N
LONGITUDE: 112 4 W
[TEMPERATURE DATA] [PRECIPITATION DATA] SYMBOLS USED IN COLUMN 16
AVERAGE MONTHLY: 53.9 TOTAL FOR MONTH: 0.21 1 = FOG OR MIST
DPTR FM NORMAL: -3.2 DPTR FM NORMAL: -1.00 2 = FOG REDUCING VISIBILITY
HIGHEST: 75 ON 12 GRTST 24HR 0.17 ON 14-14 TO 1/4 MILE OR LESS
LOWEST: 31 ON 16 3 = THUNDER
SNOW, ICE PELLETS, HAIL 4 = ICE PELLETS
TOTAL MONTH: 0.0 INCH 5 = HAIL
GRTST 24HR 0.0 6 = FREEZING RAIN OR DRIZZLE
GRTST DEPTH: 0 7 = DUSTSTORM OR SANDSTORM:
VSBY 1/2 MILE OR LESS
8 = SMOKE OR HAZE
[NO. OF DAYS WITH] [WEATHER - DAYS WITH] 9 = BLOWING SNOW
X = TORNADO
MAX 32 OR BELOW: 0 0.01 INCH OR MORE: 2
MAX 90 OR ABOVE: 0 0.10 INCH OR MORE: 1
MIN 32 OR BELOW: 1 0.50 INCH OR MORE: 0
MIN 0 OR BELOW: 0 1.00 INCH OR MORE: 0
[HDD (BASE 65) ]
TOTAL THIS MO. 305 CLEAR (SCALE 0-3) 21
DPTR FM NORMAL 79 PTCLDY (SCALE 4-7) 6
TOTAL FM JUL 1 1321 CLOUDY (SCALE 8-10) 1
DPTR FM NORMAL 269
[CDD (BASE 65) ]
TOTAL THIS MO. 0
DPTR FM NORMAL -5 [PRESSURE DATA]
TOTAL FM JAN 1 0 HIGHEST SLP 30.36 ON 2
DPTR FM NORMAL -1 LOWEST SLP 29.43 ON 22
[REMARKS]
#FINAL-02-23#