000
CXUS54 KHGX 011510
CF6DWH
PRELIMINARY LOCAL CLIMATOLOGICAL DATA (WS FORM: F-6)
STATION: HOUSTON/D.W._HOOKS
MONTH: JANUARY
YEAR: 2023
LATITUDE: 30 4 N
LONGITUDE: 95 33 W
TEMPERATURE IN F: :PCPN: SNOW: WIND :SUNSHINE: SKY :PK WND
================================================================================
1 2 3 4 5 6A 6B 7 8 9 10 11 12 13 14 15 16 17 18
12Z AVG MX 2MIN
DY MAX MIN AVG DEP HDD CDD WTR SNW DPTH SPD SPD DIR MIN PSBL S-S WX SPD DR
================================================================================
1 80 58 69 16 0 4 0.00 0.0 0 4.7 14 200 M M 6 128 21 190
2 78 72 75 23 0 10 0.20 0.0 0 9.7 21 160 M M 9 13 38 180
3 79 51 65 13 0 0 0.05 0.0 0 6.0 18 200 M M 3 13 28 210
4 74 43 59 7 6 0 0.00 0.0 0 3.1 12 270 M M 0 18 300
5 73 41 57 5 8 0 0.00 0.0 0 2.8 9 80 M M 0 13 360
6 81 44 63 11 2 0 0.00 0.0 0 6.0 20 190 M M 0 29 170
7 82 56 69 17 0 4 1.23 0.0 0 3.1 16 240 M M 7 123 22 240
8 72 47 60 8 5 0 T 0.0 0 6.0 13 30 M M 4 3 19 310
9 71 44 58 6 7 0 0.00 0.0 0 4.7 12 120 M M 1 1 17 120
10 77 52 65 13 0 0 0.00 0.0 0 5.7 14 200 M M 5 12 22 200
11 82 64 73 21 0 8 0.00 0.0 0 12.2 20 200 M M 7 29 190
12 71 50 61 9 4 0 0.00 0.0 0 11.6 22 330 M M 1 32 290
13 64 38 51 -1 14 0 0.00 0.0 0 6.6 15 330 M M 0 25 320
14 65 32 49 -3 16 0 0.00 0.0 0 4.6 14 120 M M 0 20 130
15 76 44 60 7 5 0 T 0.0 0 7.9 20 190 M M 7 1 32 160
16 78 58 68 15 0 3 T 0.0 0 5.7 20 200 M M 7 12 30 200
17 81 63 72 19 0 7 0.00 0.0 0 6.7 15 130 M M 8 1 19 120
18 82 48 65 12 0 0 T 0.0 0 6.3 23 320 M M 6 1 39 330
19 72 41 57 4 8 0 0.00 0.0 0 5.3 15 330 M M 0 1 21 340
20 53 46 50 -3 15 0 0.11 0.0 0 7.7 14 100 M M 8 18 21 30
21 56 49 53 0 12 0 0.03 0.0 0 6.3 14 120 M M 10 1 21 110
22 61 37 49 -4 16 0 0.00 0.0 0 6.6 16 340 M M 2 24 340
23 62 33 48 -5 17 0 0.00 0.0 0 6.8 14 80 M M 2 22 80
24 57 47 52 -1 13 0 5.31 0.0 0 11.6 26 80 M M 8 123 39 10
25 53 35 44 -10 21 0 0.00 0.0 0 8.9 22 310 M M 5 40 310
26 58 31 45 -9 20 0 0.00 0.0 0 2.4 10 350 M M 0 18 21 330
27 57 31 44 -10 21 0 0.00 0.0 0 3.5 9 120 M M 6 1 14 160
28 71 55 63 9 2 0 0.35 0.0 0 6.2 12 160 M M 10 1 22 150
29 69 49 59 5 6 0 4.55 0.0 0 5.6 23 200 M M 10 123 36 210
30 49 36 43 -11 22 0 0.01 0.0 0 9.0 14 340 M M 10 1 23 350
31 42 36 39 -15 26 0 0.00 0.0 0 9.4 16 360 M M 10 1 25 360
================================================================================
SM 2126 1431 266 36 11.84 0.0 202.7 M 152
================================================================================
AV 68.6 46.2 6.5 FASTST M M 5 MAX(MPH)
MISC ----> 26 80 40 310
================================================================================
NOTES:
# LAST OF SEVERAL OCCURRENCES
COLUMN 17 PEAK WIND IN M.P.H.
PRELIMINARY LOCAL CLIMATOLOGICAL DATA (WS FORM: F-6) , PAGE 2
STATION: HOUSTON/D.W._HOOKS
MONTH: JANUARY
YEAR: 2023
LATITUDE: 30 4 N
LONGITUDE: 95 33 W
[TEMPERATURE DATA] [PRECIPITATION DATA] SYMBOLS USED IN COLUMN 16
AVERAGE MONTHLY: 57.4 TOTAL FOR MONTH: 11.84 1 = FOG OR MIST
DPTR FM NORMAL: 4.4 DPTR FM NORMAL: 8.31 2 = FOG REDUCING VISIBILITY
HIGHEST: 82 ON 18,11 GRTST 24HR 5.31 ON 24-24 TO 1/4 MILE OR LESS
LOWEST: 31 ON 27,26 3 = THUNDER
SNOW, ICE PELLETS, HAIL 4 = ICE PELLETS
TOTAL MONTH: 0.0 INCH 5 = HAIL
GRTST 24HR 0.0 6 = FREEZING RAIN OR DRIZZLE
GRTST DEPTH: 0 7 = DUSTSTORM OR SANDSTORM:
VSBY 1/2 MILE OR LESS
8 = SMOKE OR HAZE
[NO. OF DAYS WITH] [WEATHER - DAYS WITH] 9 = BLOWING SNOW
X = TORNADO
MAX 32 OR BELOW: 0 0.01 INCH OR MORE: 9
MAX 90 OR ABOVE: 0 0.10 INCH OR MORE: 6
MIN 32 OR BELOW: 3 0.50 INCH OR MORE: 3
MIN 0 OR BELOW: 0 1.00 INCH OR MORE: 3
[HDD (BASE 65) ]
TOTAL THIS MO. 266 CLEAR (SCALE 0-3) 12
DPTR FM NORMAL -123 PTCLDY (SCALE 4-7) 11
TOTAL FM JUL 1 822 CLOUDY (SCALE 8-10) 8
DPTR FM NORMAL -123
[CDD (BASE 65) ]
TOTAL THIS MO. 36
DPTR FM NORMAL 20 [PRESSURE DATA]
TOTAL FM JAN 1 36 HIGHEST SLP 30.46 ON 26
DPTR FM NORMAL 20 LOWEST SLP 29.56 ON 24
[REMARKS]
#FINAL-01-23#