000
CXUS54 KHGX 012238
CF6DWH
PRELIMINARY LOCAL CLIMATOLOGICAL DATA (WS FORM: F-6)
STATION: HOUSTON/D.W._HOOKS
MONTH: AUGUST
YEAR: 2023
LATITUDE: 30 4 N
LONGITUDE: 95 33 W
TEMPERATURE IN F: :PCPN: SNOW: WIND :SUNSHINE: SKY :PK WND
================================================================================
1 2 3 4 5 6A 6B 7 8 9 10 11 12 13 14 15 16 17 18
12Z AVG MX 2MIN
DY MAX MIN AVG DEP HDD CDD WTR SNW DPTH SPD SPD DIR MIN PSBL S-S WX SPD DR
================================================================================
1 105 81 93 8 0 28 0.00 0.0 0 3.6 10 130 M M 1 16 160
2 103 75 89 4 0 24 0.00 0.0 0 4.6 15 130 M M 0 22 120
3 103 77 90 5 0 25 0.00 0.0 0 4.5 15 150 M M 2 1 26 140
4 104 80 92 7 0 27 0.00 0.0 0 6.7 16 140 M M 2 24 130
5 104 81 93 8 0 28 0.00 0.0 0 6.6 17 170 M M 3 28 200
6 104 81 93 8 0 28 0.00 0.0 0 6.8 15 180 M M 2 25 170
7 105 82 94 9 0 29 0.00 0.0 0 7.8 15 200 M M 3 24 110
8 104 82 93 8 0 28 0.00 0.0 0 7.2 17 130 M M 1 26 160
9 104 82 93 8 0 28 0.00 0.0 0 10.3 17 190 M M 5 28 180
10 106 82 94 9 0 29 0.00 0.0 0 9.6 18 200 M M 3 28 200
11 106 82 94 9 0 29 0.00 0.0 0 8.3 17 200 M M 4 27 210
12 107 83 95 10 0 30 0.00 0.0 0 8.5 17 210 M M 4 28 170
13 106 80 93 8 0 28 0.00 0.0 0 6.4 14 190 M M 1 18 20 170
14 105 78 92 7 0 27 0.00 0.0 0 4.8 15 190 M M 2 1 22 190
15 103 80 92 7 0 27 0.00 0.0 0 6.2 15 20 M M 1 20 350
16 102 74 88 3 0 23 0.00 0.0 0 4.5 14 340 M M 0 21 320
17 106 71 89 4 0 24 0.00 0.0 0 4.6 14 200 M M 0 1 24 140
18 105 78 92 7 0 27 0.00 0.0 0 6.3 13 230 M M 1 19 260
19 105 80 93 9 0 28 0.00 0.0 0 5.9 14 100 M M 2 20 190
20 110 81 96 12 0 31 0.00 0.0 0 5.7 13 110 M M 2 8 18 220
21 103 78 91 7 0 26 0.00 0.0 0 6.6 17 110 M M 1 26 100
22 101 82 92 8 0 27 T 0.0 0 10.5 22 120 M M 2 35 110
23 105 77 91 7 0 26 0.00 0.0 0 3.8 15 110 M M 0 22 110
24 110 80 95 11 0 30 0.00 0.0 0 3.5 15 140 M M 2 3 23 150
25 105 78 92 8 0 27 0.00 0.0 0 4.1 15 140 M M 0 24 130
26 106 76 91 7 0 26 0.00 0.0 0 4.2 13 120 M M 1 1 20 120
27 111 78 95 11 0 30 T 0.0 0 6.4 32 350 M M 1 3 55 360
28 99 76 88 5 0 23 0.00 0.0 0 6.1 16 30 M M 1 25 10
29 100 77 89 6 0 24 0.00 0.0 0 8.0 17 360 M M 2 29 50
30 102 68 85 2 0 20 0.00 0.0 0 4.9 15 320 M M 0 22 330
31 101 70 86 3 0 21 0.00 0.0 0 3.8 12 40 M M 1 19 20
================================================================================
SM 3240 2430 0 828 T 0.0 190.8 M 50
================================================================================
AV104.5 78.4 6.2 FASTST M M 2 MAX(MPH)
MISC ----> 32 350 55 360
================================================================================
NOTES:
# LAST OF SEVERAL OCCURRENCES
COLUMN 17 PEAK WIND IN M.P.H.
PRELIMINARY LOCAL CLIMATOLOGICAL DATA (WS FORM: F-6) , PAGE 2
STATION: HOUSTON/D.W._HOOKS
MONTH: AUGUST
YEAR: 2023
LATITUDE: 30 4 N
LONGITUDE: 95 33 W
[TEMPERATURE DATA] [PRECIPITATION DATA] SYMBOLS USED IN COLUMN 16
AVERAGE MONTHLY: 91.5 TOTAL FOR MONTH: T 1 = FOG OR MIST
DPTR FM NORMAL: 7.0 DPTR FM NORMAL: -4.87 2 = FOG REDUCING VISIBILITY
HIGHEST: 111 ON 27 GRTST 24HR T ON 22-22 TO 1/4 MILE OR LESS
LOWEST: 68 ON 30 3 = THUNDER
SNOW, ICE PELLETS, HAIL 4 = ICE PELLETS
TOTAL MONTH: 0.0 INCH 5 = HAIL
GRTST 24HR 0.0 6 = FREEZING RAIN OR DRIZZLE
GRTST DEPTH: 0 7 = DUSTSTORM OR SANDSTORM:
VSBY 1/2 MILE OR LESS
8 = SMOKE OR HAZE
[NO. OF DAYS WITH] [WEATHER - DAYS WITH] 9 = BLOWING SNOW
X = TORNADO
MAX 32 OR BELOW: 0 0.01 INCH OR MORE: 0
MAX 90 OR ABOVE: 31 0.10 INCH OR MORE: 0
MIN 32 OR BELOW: 0 0.50 INCH OR MORE: 0
MIN 0 OR BELOW: 0 1.00 INCH OR MORE: 0
[HDD (BASE 65) ]
TOTAL THIS MO. 0 CLEAR (SCALE 0-3) 27
DPTR FM NORMAL 0 PTCLDY (SCALE 4-7) 4
TOTAL FM JUL 1 0 CLOUDY (SCALE 8-10) 0
DPTR FM NORMAL 0
[CDD (BASE 65) ]
TOTAL THIS MO. 828
DPTR FM NORMAL 224 [PRESSURE DATA]
TOTAL FM JAN 1 2956 HIGHEST SLP 30.07 ON 15
DPTR FM NORMAL 559 LOWEST SLP 29.67 ON 27
[REMARKS]
#FINAL-08-23#