000
CXUS54 KEWX 011010
CF6DZB
PRELIMINARY LOCAL CLIMATOLOGICAL DATA (WS FORM: F-6)
STATION: HORSESHOE BAY
MONTH: AUGUST
YEAR: 2022
LATITUDE: 30 31 N
LONGITUDE: 98 22 W
TEMPERATURE IN F: :PCPN: SNOW: WIND :SUNSHINE: SKY :PK WND
================================================================================
1 2 3 4 5 6A 6B 7 8 9 10 11 12 13 14 15 16 17 18
12Z AVG MX 2MIN
DY MAX MIN AVG DEP HDD CDD WTR SNW DPTH SPD SPD DIR MIN PSBL S-S WX SPD DR
================================================================================
1 100 74 87 M 0 22 0.00 M M 6.2 12 170 M M 1 22 170
2 103 76 90 M 0 25 0.00 M M 9.6 14 190 M M 0 24 200
3 103 76 90 M 0 25 0.00 M M 9.2 15 190 M M 0 8 24 160
4 103 76 90 M 0 25 0.00 M M 7.4 13 170 M M 1 8 23 210
5 102 76 89 M 0 24 0.00 M M 6.6 13 170 M M 1 8 18 160
6 98 78 88 M 0 23 0.00 M M 6.1 15 160 M M 2 23 190
7 100 74 87 M 0 22 0.00 M M 7.3 14 140 M M 3 22 170
8 101 75 88 M 0 23 0.00 M M 5.4 13 160 M M 2 21 160
9 101 73 87 M 0 22 0.00 M M 4.8 12 160 M M 1 18 160
10 103 75 89 M 0 24 0.00 M M 4.1 16 40 M M 1 30 40
11 101 74 88 M 0 23 0.00 0.0 M 2.6 8 30 M M 2 17 40
12 99 74 87 M 0 22 0.00 0.0 M 3.9 10 60 M M 2 17 20
13 101 75 88 M 0 23 0.00 M M 2.9 12 100 M M 3 8 17 50
14 94 72 83 M 0 18 0.00 M M 5.7 12 150 M M 3 20 140
15 97 73 85 M 0 20 0.00 M M 5.5 14 180 M M 3 21 160
16 99 71 85 M 0 20 0.00 M M 3.7 10 180 M M 2 17 160
17 103 75 89 M 0 24 0.00 0.0 M 4.8 9 150 M M 1 8 18 190
18 98 74 86 M 0 21 0.71 M M 3.4 9 50 M M 3 23 50
19 91 74 83 M 0 18 0.08 M M 4.2 14 190 M M 4 3 24 310
20 98 74 86 M 0 21 0.00 M M 6.5 13 160 M M 3 20 150
21 94 74 84 M 0 19 0.02 M M 5.2 10 160 M M 4 23 180
22 91 73 82 M 0 17 0.39 M M 4.4 18 310 M M 6 29 310
23 90 73 82 M 0 17 0.02 M M 1.2 7 320 M M 9 M M
24 94 73 84 M 0 19 0.00 M M 2.2 9 30 M M 4 22 30
25 94 72 83 M 0 18 0.00 M M 1.9 9 50 M M 3 8 M M
26 97 71 84 M 0 19 0.00 M M 2.0 8 70 M M 1 17 60
27 93 73 83 M 0 18 0.10 M M 3.6 12 140 M M 4 18 140
28 98 73 86 M 0 21 0.00 M M 5.8 12 130 M M 2 18 130
29 98 75 87 M 0 22 0.00 M M 5.5 15 130 M M 4 23 130
30 90 74 82 M 0 17 0.58 M M 3.0 10 230 M M 8 13 16 230
31 89 73 81 M 0 16 0.42 M M 1.9 7 110 M M 7 13 16 110
================================================================================
SM 3023 2293 0 648 2.32 0.0 146.7 M 90
================================================================================
AV 97.5 74.0 4.7 FASTST M M 3 MAX(MPH)
MISC ----> 18 310 30 40
================================================================================
NOTES:
# LAST OF SEVERAL OCCURRENCES
COLUMN 17 PEAK WIND IN M.P.H.
PRELIMINARY LOCAL CLIMATOLOGICAL DATA (WS FORM: F-6) , PAGE 2
STATION: HORSESHOE BAY
MONTH: AUGUST
YEAR: 2022
LATITUDE: 30 31 N
LONGITUDE: 98 22 W
[TEMPERATURE DATA] [PRECIPITATION DATA] SYMBOLS USED IN COLUMN 16
AVERAGE MONTHLY: 85.7 TOTAL FOR MONTH: 2.32 1 = FOG OR MIST
DPTR FM NORMAL: 0.0 DPTR FM NORMAL: M 2 = FOG REDUCING VISIBILITY
HIGHEST: 103 ON 17,10 GRTST 24HR 0.71 ON 18-18 TO 1/4 MILE OR LESS
LOWEST: 71 ON 26,16 3 = THUNDER
SNOW, ICE PELLETS, HAIL 4 = ICE PELLETS
TOTAL MONTH: 0.0 INCH 5 = HAIL
GRTST 24HR 0.0 6 = FREEZING RAIN OR DRIZZLE
GRTST DEPTH: M ON M 7 = DUSTSTORM OR SANDSTORM:
VSBY 1/2 MILE OR LESS
8 = SMOKE OR HAZE
[NO. OF DAYS WITH] [WEATHER - DAYS WITH] 9 = BLOWING SNOW
X = TORNADO
MAX 32 OR BELOW: 0 0.01 INCH OR MORE: 8
MAX 90 OR ABOVE: 30 0.10 INCH OR MORE: 5
MIN 32 OR BELOW: 0 0.50 INCH OR MORE: 2
MIN 0 OR BELOW: 0 1.00 INCH OR MORE: 0
[HDD (BASE 65) ]
TOTAL THIS MO. 0 CLEAR (SCALE 0-3) 22
DPTR FM NORMAL M PTCLDY (SCALE 4-7) 8
TOTAL FM JUL 1 0 CLOUDY (SCALE 8-10) 1
DPTR FM NORMAL M
[CDD (BASE 65) ]
TOTAL THIS MO. 648
DPTR FM NORMAL M [PRESSURE DATA]
TOTAL FM JAN 1 2846 HIGHEST SLP M ON M
DPTR FM NORMAL M LOWEST SLP M ON M
[REMARKS]
#FINAL-08-22#