000
CXUS54 KMAF 011210
CF6E38
PRELIMINARY LOCAL CLIMATOLOGICAL DATA (WS FORM: F-6)
STATION: ALPINE-CASPARIS MUNICIPAL
MONTH: JANUARY
YEAR: 2021
LATITUDE: 30 23 N
LONGITUDE: 103 41 W
TEMPERATURE IN F: :PCPN: SNOW: WIND :SUNSHINE: SKY :PK WND
================================================================================
1 2 3 4 5 6A 6B 7 8 9 10 11 12 13 14 15 16 17 18
12Z AVG MX 2MIN
DY MAX MIN AVG DEP HDD CDD WTR SNW DPTH SPD SPD DIR MIN PSBL S-S WX SPD DR
================================================================================
1 39 11 25 M 40 0 M M M 5.6 14 240 M M 2 17 230
2 45 14 30 M 35 0 M M M 12.2 22 230 M M 0 29 250
3 55 36 46 M 19 0 M M M 11.7 22 240 M M 0 23 240
4 61 34 48 M 17 0 M M M 8.2 16 250 M M 0 16 40
5 66 33 50 M 15 0 M M M 9.7 20 240 M M 0 24 230
6 51 31 41 M 24 0 M M M 8.7 18 360 M M 0 26 360
7 64 32 48 M 17 0 M M M 7.9 18 230 M M 0 M M
8 57 29 43 M 22 0 M M M 6.0 12 70 M M 0 16 70
9 58 24 41 M 24 0 M M M 4.6 15 50 M M 4 23 30
10 33 28 31 M 34 0 M M M 9.0 16 360 M M 10 22 10
11 38 25 32 M 33 0 M M M 4.7 10 40 M M 5 M M
12 52 22 37 M 28 0 M M M 4.3 13 230 M M 0 M M
13 62 33 48 M 17 0 M M M 19.4 29 250 M M 0 37 250
14 66 34 50 M 15 0 M M M 12.9 25 250 M M 0 32 30
15 53 26 40 M 25 0 M M M 3.7 8 230 M M 0 M M
16 70 35 53 M 12 0 M M M 12.0 29 230 M M 0 32 240
17 67 28 48 M 17 0 M M M 7.3 15 250 M M 0 23 250
18 74 42 58 M 7 0 M M M 8.0 17 220 M M 0 23 240
19 43 29 36 M 29 0 M M M 8.6 16 40 M M 6 22 60
20 53 32 43 M 22 0 0.05 M M 6.4 14 240 M M 8 M M
21 63 49 56 M 9 0 0.10 M M 8.6 17 310 M M 9 23 310
22 63 41 52 M 13 0 M M M 9.3 16 250 M M 1 17 250
23 68 41 55 M 10 0 M M M 7.9 17 220 M M 0 23 240
24 74 39 57 M 8 0 M M M 13.4 25 200 M M 0 31 200
25 58 34 46 M 19 0 M M M 13.8 24 260 M M 0 36 270
26 64 32 48 M 17 0 M M M 13.9 26 220 M M 0 32 220
27 54 25 40 M 25 0 M M M 5.5 12 280 M M 0 22 250
28 65 37 51 M 14 0 M M M 5.7 13 160 M M 0 16 210
29 74 42 58 M 7 0 M M M 8.1 17 220 M M 0 23 200
30 67 43 55 M 10 0 M M M 14.3 30 230 M M 0 36 230
31 56 30 43 M 22 0 M M M 3.4 12 70 M M 0 20 20
================================================================================
SM 1813 991 606 0 0.15 M 274.6 M 45
================================================================================
AV 58.5 32.0 8.9 FASTST M M 1 MAX(MPH)
MISC ----> 30 230 37 250
================================================================================
NOTES:
# LAST OF SEVERAL OCCURRENCES
COLUMN 17 PEAK WIND IN M.P.H.
PRELIMINARY LOCAL CLIMATOLOGICAL DATA (WS FORM: F-6) , PAGE 2
STATION: ALPINE-CASPARIS MUNICIPAL
MONTH: JANUARY
YEAR: 2021
LATITUDE: 30 23 N
LONGITUDE: 103 41 W
[TEMPERATURE DATA] [PRECIPITATION DATA] SYMBOLS USED IN COLUMN 16
AVERAGE MONTHLY: 45.2 TOTAL FOR MONTH: 0.15 1 = FOG OR MIST
DPTR FM NORMAL: 0.0 DPTR FM NORMAL: M 2 = FOG REDUCING VISIBILITY
HIGHEST: 74 ON 24,29 GRTST 24HR 0.10 ON 21-21 TO 1/4 MILE OR LESS
LOWEST: 11 ON 1 3 = THUNDER
SNOW, ICE PELLETS, HAIL 4 = ICE PELLETS
TOTAL MONTH: M 5 = HAIL
GRTST 24HR M ON M 6 = FREEZING RAIN OR DRIZZLE
GRTST DEPTH: M ON M 7 = DUSTSTORM OR SANDSTORM:
VSBY 1/2 MILE OR LESS
8 = SMOKE OR HAZE
[NO. OF DAYS WITH] [WEATHER - DAYS WITH] 9 = BLOWING SNOW
X = TORNADO
MAX 32 OR BELOW: 0 0.01 INCH OR MORE: 2
MAX 90 OR ABOVE: 0 0.10 INCH OR MORE: 0
MIN 32 OR BELOW: 16 0.50 INCH OR MORE: 0
MIN 0 OR BELOW: 0 1.00 INCH OR MORE: 0
[HDD (BASE 65) ]
TOTAL THIS MO. 606 CLEAR (SCALE 0-3) 25
DPTR FM NORMAL M PTCLDY (SCALE 4-7) 3
TOTAL FM JUL 1 1572 CLOUDY (SCALE 8-10) 3
DPTR FM NORMAL M
[CDD (BASE 65) ]
TOTAL THIS MO. 0
DPTR FM NORMAL M [PRESSURE DATA]
TOTAL FM JAN 1 0 HIGHEST SLP M ON M
DPTR FM NORMAL M LOWEST SLP M ON M
[REMARKS]
#FINAL-01-21#