000
CXUS54 KMAF 011210
CF6E38
PRELIMINARY LOCAL CLIMATOLOGICAL DATA (WS FORM: F-6)
STATION: ALPINE-CASPARIS MUNICIPAL
MONTH: FEBRUARY
YEAR: 2020
LATITUDE: 30 23 N
LONGITUDE: 103 41 W
TEMPERATURE IN F: :PCPN: SNOW: WIND :SUNSHINE: SKY :PK WND
================================================================================
1 2 3 4 5 6A 6B 7 8 9 10 11 12 13 14 15 16 17 18
12Z AVG MX 2MIN
DY MAX MIN AVG DEP HDD CDD WTR SNW DPTH SPD SPD DIR MIN PSBL S-S WX SPD DR
================================================================================
1 66 31 49 M 16 0 M M M 10.3 17 250 M M 0 22 250
2 66 43 55 M 10 0 M M M 11.4 21 230 M M 1 26 230
3 70 47 59 M 6 0 M M M 13.0 26 220 M M 2 33 220
4 69 30 50 M 15 0 0.31 M M 17.5 28 230 M M 5 33 230
5 30 20 25 M 40 0 0.20 M M 6.8 16 40 M M 9 18 40
6 49 24 37 M 28 0 M M M 13.4 21 260 M M 0 33 290
7 67 43 55 M 10 0 M M M 11.7 17 260 M M 0 22 230
8 73 40 57 M 8 0 M M M 8.7 17 250 M M 0 22 250
9 73 45 59 M 6 0 M M M 7.5 14 230 M M 0 18 230
10 66 41 54 M 11 0 0.22 M M 4.8 12 240 M M 5 18 250
11 47 31 39 M 26 0 M M M 4.1 16 50 M M 8 18 50
12 51 31 41 M 24 0 0.06 M M 11.7 26 260 M M 4 41 290
13 59 25 42 M 23 0 M M M 5.6 10 220 M M 0 9 260
14 65 29 47 M 18 0 M M M 6.2 12 200 M M 0 17 140
15 69 40 55 M 10 0 M M M 8.9 17 250 M M 0 22 270
16 72 45 59 M 6 0 M M M 11.3 20 260 M M 0 25 280
17 78 46 62 M 3 0 M M M 9.5 14 210 M M 0 18 240
18 64 42 53 M 12 0 M M M 7.7 14 60 M M 4 18 100
19 50 39 45 M 20 0 0.07 M M 3.1 8 170 M M 6 M M
20 44 33 39 M 26 0 M M M 10.6 17 40 M M 10 22 40
21 47 31 39 M 26 0 M M M 4.1 9 30 M M 7 M M
22 70 39 55 M 10 0 M M M 10.7 21 240 M M 0 23 240
23 73 50 62 M 3 0 M M M 13.0 29 270 M M 0 37 270
24 68 45 57 M 8 0 M M M 13.1 22 250 M M 0 28 250
25 51 32 42 M 23 0 M M M 9.2 24 10 M M 3 29 10
26 44 20 32 M 33 0 M M M 7.0 17 30 M M 1 36 40
27 64 24 44 M 21 0 M M M 7.7 14 230 M M 0 18 230
28 67 33 50 M 15 0 M M M 6.1 10 230 M M 0 M M
29 75 44 60 M 5 0 M M M 9.3 20 220 M M 0 29 220
================================================================================
SM 1787 1043 462 0 0.86 M 264.0 M 65
================================================================================
AV 61.6 36.0 9.1 FASTST M M 2 MAX(MPH)
MISC ----> 29 270 41 290
================================================================================
NOTES:
# LAST OF SEVERAL OCCURRENCES
COLUMN 17 PEAK WIND IN M.P.H.
PRELIMINARY LOCAL CLIMATOLOGICAL DATA (WS FORM: F-6) , PAGE 2
STATION: ALPINE-CASPARIS MUNICIPAL
MONTH: FEBRUARY
YEAR: 2020
LATITUDE: 30 23 N
LONGITUDE: 103 41 W
[TEMPERATURE DATA] [PRECIPITATION DATA] SYMBOLS USED IN COLUMN 16
AVERAGE MONTHLY: 48.8 TOTAL FOR MONTH: 0.86 1 = FOG OR MIST
DPTR FM NORMAL: 0.0 DPTR FM NORMAL: M 2 = FOG REDUCING VISIBILITY
HIGHEST: 78 ON 17 GRTST 24HR 0.31 ON 4- 4 TO 1/4 MILE OR LESS
LOWEST: 20 ON 26, 5 3 = THUNDER
SNOW, ICE PELLETS, HAIL 4 = ICE PELLETS
TOTAL MONTH: M 5 = HAIL
GRTST 24HR M ON M 6 = FREEZING RAIN OR DRIZZLE
GRTST DEPTH: M ON M 7 = DUSTSTORM OR SANDSTORM:
VSBY 1/2 MILE OR LESS
8 = SMOKE OR HAZE
[NO. OF DAYS WITH] [WEATHER - DAYS WITH] 9 = BLOWING SNOW
X = TORNADO
MAX 32 OR BELOW: 1 0.01 INCH OR MORE: 5
MAX 90 OR ABOVE: 0 0.10 INCH OR MORE: 3
MIN 32 OR BELOW: 12 0.50 INCH OR MORE: 0
MIN 0 OR BELOW: 0 1.00 INCH OR MORE: 0
[HDD (BASE 65) ]
TOTAL THIS MO. 462 CLEAR (SCALE 0-3) 20
DPTR FM NORMAL M PTCLDY (SCALE 4-7) 7
TOTAL FM JUL 1 1945 CLOUDY (SCALE 8-10) 2
DPTR FM NORMAL M
[CDD (BASE 65) ]
TOTAL THIS MO. 0
DPTR FM NORMAL M [PRESSURE DATA]
TOTAL FM JAN 1 0 HIGHEST SLP M ON M
DPTR FM NORMAL M LOWEST SLP M ON M
[REMARKS]
#FINAL-02-20#